INSERT INTO `episode` (`id`, `season_id`, `title`, `date`, `imdb`, `imdbrating`, `number`) VALUES
(11835, 946, 'One Percent', '2013-02-07', 'tt2562806', 8.8, 14),
(11836, 946, 'The Contingency', '2012-09-27', 'tt2255900', 9.3, 1),
(11837, 946, 'Masquerade', '2012-10-18', 'tt2341526', 8.8, 3),
(11838, 946, 'Bad Code', '2012-10-04', 'tt2341524', 9.3, 2),
(11839, 947, 'Synecdoche', '2016-06-07', 'tt4679208', 9.3, 11),
(11840, 947, 'Sotto Voce', '2016-05-30', 'tt4679200', 9.3, 9),
(11841, 947, 'Truth Be Told', '2016-05-10', 'tt4679178', 9, 3),
(11842, 947, '.exe', '2016-06-14', 'tt4679212', 9.4, 12),
(11843, 947, 'QSO', '2016-05-24', 'tt4679194', 8.8, 7),
(11844, 947, 'B.S.O.D.', '2016-05-03', 'tt4677294', 9.3, 1),
(11845, 947, 'ShotSeeker', '2016-05-17', 'tt4679184', 8.8, 5),
(11846, 947, 'Return 0', '2016-06-21', 'tt4679214', 9.7, 13),
(11847, 947, '6,741', '2016-05-16', 'tt4679198', 9.4, 4),
(11848, 947, 'The Day the World Went Away', '2016-05-31', 'tt4679206', 9.6, 10),
(11849, 947, 'Reassortment', '2016-05-24', 'tt4679202', 8.8, 8),
(11850, 947, 'A More Perfect Union', '2016-05-23', 'tt4679188', 8.7, 6),
(11851, 947, 'SNAFU', '2016-05-09', 'tt4679172', 9.2, 2),
(11852, 948, 'Episode #2.1', NULL, 'tt8760140', NULL, 1),
(11853, 949, 'Fallen Angel', '2018-02-02', 'tt6619996', 7.9, 2),
(11854, 949, 'Nora Inu', '2018-02-02', 'tt6878624', 8.3, 7),
(11855, 949, 'Man with My Face', '2018-02-02', 'tt6731634', 8.4, 6),
(11856, 949, 'Force of Evil', '2018-02-02', 'tt6607748', 8.6, 4),
(11857, 949, 'The Killers', '2018-02-02', 'tt6720048', 8.9, 10),
(11858, 949, 'The Wrong Man', '2018-02-02', 'tt7318260', 8.4, 5),
(11859, 949, 'Rage in Heaven', '2018-02-02', 'tt6720042', 8.5, 9),
(11860, 949, 'In a Lonely Place', '2018-02-02', 'tt6544020', 8.1, 3),
(11861, 950, 'Episode #2.5', '2016-03-08', 'tt5119176', 8.7, 5),
(11862, 950, 'Episode #2.4', '2016-03-01', 'tt5119166', 8.2, 4),
(11863, 950, 'Episode #2.2', '2016-02-16', 'tt5119124', 8.5, 2),
(11864, 950, 'Episode #2.6', '2016-03-15', 'tt5119182', 9.1, 6),
(11865, 950, 'Episode #2.1', '2016-02-09', 'tt4371366', 8.5, 1),
(11866, 950, 'Episode #2.3', '2016-02-23', 'tt5119144', 8.4, 3),
(11867, 951, 'Episode #3.1', NULL, 'tt6779064', NULL, 1),
(11868, 952, 'Episode #1.2', '2014-05-06', 'tt3680406', 8.3, 2),
(11869, 952, 'Episode #1.5', '2014-05-27', 'tt3661828', 8.4, 5),
(11870, 952, 'Episode #1.4', '2014-05-20', 'tt3718780', 9.1, 4),
(11871, 952, 'Episode #1.3', '2014-05-13', 'tt3688032', 8.6, 3),
(11872, 953, 'Last Call', '2016-10-16', 'tt5218258', 8.7, 3),
(11873, 953, 'Ashy Slashy', '2016-11-20', 'tt5218448', 9, 8),
(11874, 953, 'Trapped Inside', '2016-11-06', 'tt5218416', 8.7, 6),
(11875, 953, 'DUI', '2016-10-23', 'tt5218262', 8.2, 4),
(11876, 953, 'Confinement', '2016-10-30', 'tt5218402', 8.2, 5),
(11877, 953, 'The Morgue', '2016-10-09', 'tt5218206', 8.8, 2),
(11878, 953, 'Home', '2016-09-27', 'tt5158912', 8.6, 1),
(11879, 953, 'Home Again', '2016-12-04', 'tt5218462', 9, 9),
(11880, 953, 'Second Coming', '2016-12-11', 'tt5197286', 8.4, 10),
(11881, 954, 'Rifting Apart', '2018-04-15', 'tt7802484', 8.6, 8),
(11882, 954, 'Unfinished Business', '2018-03-18', 'tt7801818', 8.4, 4),
(11883, 954, 'Twist and Shout', '2018-04-08', 'tt7802476', 9, 7),
(11884, 954, 'Tales from the Rift', '2018-04-01', 'tt7802474', 8.7, 6),
(11885, 954, 'Baby Proof', '2018-03-25', 'tt7801824', NULL, 5),
(11886, 954, 'Judgement Day', '2018-04-22', 'tt7802490', 9.1, 9),
(11887, 954, 'Booth Three', '2018-03-04', 'tt6724924', 8.6, 2),
(11888, 954, 'Episode #3.1', NULL, 'tt6139796', NULL, 1),
(11889, 954, 'The Mettle of Man', '2018-04-29', 'tt7801806', 9.2, 10),
(11890, 955, 'Bound in Flesh', '2015-12-26', 'tt4713126', 8.8, 9),
(11891, 955, 'Books from Beyond', '2015-11-14', 'tt4632962', 8.5, 3),
(11892, 955, 'El Jefe', '2015-10-31', 'tt4427980', 8.9, 1),
(11893, 955, 'The Killer of Killers', '2015-12-05', 'tt4713114', 8.6, 6),
(11894, 955, 'Ashes to Ashes', '2015-12-19', 'tt4713122', 8.9, 8),
(11895, 955, 'The Host', '2015-11-28', 'tt4713110', 8.1, 5),
(11896, 955, 'The Dark One', '2016-01-02', 'tt4427982', 8.9, 10),
(11897, 955, 'Fire in the Hole', '2015-12-12', 'tt4713116', 8.4, 7),
(11898, 955, 'Brujo', '2015-11-21', 'tt4696468', 8.2, 4),
(11899, 956, 'Helen', '2018-03-22', 'tt7631468', 8.1, 4),
(11900, 956, 'Money Bag Shawty', '2018-03-15', 'tt7403926', 8.5, 3),
(11901, 956, 'Sportin\' Waves', '2018-03-08', 'tt7550700', 8.4, 2),
(11902, 956, 'FUBU', '2018-05-03', 'tt7709816', 8.9, 10),
(11903, 956, 'North of the Border', '2018-04-26', 'tt7709702', 9, 9),
(11904, 956, 'Barbershop', '2018-03-29', 'tt7599684', 9.1, 5),
(11905, 956, 'Teddy Perkins', '2018-04-05', 'tt7629358', 9.7, 6),
(11906, 957, 'The Big Bang', '2016-09-06', 'tt5689816', 8.3, 1),
(11907, 957, 'Nobody Beats the Biebs', '2016-09-27', 'tt5691444', 8.1, 5),
(11908, 957, 'Streets on Lock', '2016-09-06', 'tt5689976', 8.6, 2),
(11909, 957, 'The Club', '2016-10-18', 'tt5721504', 8.8, 8),
(11910, 957, 'B.A.N.', '2016-10-11', 'tt5699790', 9.3, 7),
(11911, 957, 'Go for Broke', '2016-09-13', 'tt5689986', 8.3, 3),
(11912, 957, 'The Streisand Effect', '2016-09-20', 'tt5689992', 8.3, 4),
(11913, 957, 'Value', '2016-10-04', 'tt5711660', 8, 6),
(11914, 957, 'The Jacket', '2016-11-01', 'tt5776870', 8.7, 10),
(11915, 958, 'Episode #3.1', NULL, 'tt8544114', NULL, 1),
(11916, 959, 'Bullet of Bullets', '2014-08-23', 'tt3961688', 7.6, 8),
(11917, 959, 'GGO', '2014-07-26', 'tt4024176', 6.7, 4),
(11918, 959, 'Bullet of a Phantom', '2014-09-20', 'tt4329962', 7.4, 12),
(11919, 959, 'The Forest House', '2014-11-08', 'tt4151780', 7.2, 18),
(11920, 959, 'Showdown in the Wilderness', '2014-08-02', 'tt3952038', 7.4, 6),
(11921, 959, 'King of the Giants', '2014-10-25', 'tt4329974', 6.5, 16),
(11922, 959, 'The Queen of the Lake', '2014-10-18', 'tt4086822', 5.5, 15),
(11923, 959, 'Sleeping Knights', '2014-11-22', 'tt4228602', 7.8, 20),
(11924, 959, 'A Small Step', '2014-10-04', 'tt4071020', 6, 14),
(11925, 959, 'Beginning of a Dream', '2014-12-13', 'tt4329986', 7.6, 23),
(11926, 959, 'Mother\'s Rosario', '2014-12-20', 'tt4286304', 8.2, 24),
(11927, 959, 'Phantom Bullet', '2014-09-27', 'tt4071016', 7.1, 13),
(11928, 959, 'Swordsman\'s Memorial', '2014-11-29', 'tt4329984', 7.5, 21),
(11929, 959, 'A Small Step', '2014-10-04', 'tt4329968', 7.1, 14),
(11930, 959, 'Swordsman\'s Memorial', '2014-11-29', 'tt4275960', 7.3, 21),
(11931, 959, 'Crimson Memories', '2014-08-16', 'tt4329946', NULL, 7),
(11932, 959, 'Pursuer of Death', '2014-09-06', 'tt4329952', NULL, 10),
(11933, 959, 'Absolute Sword', '2014-11-15', 'tt4329978', 7.7, 19),
(11934, 959, 'Absolute Sword', '2014-11-15', 'tt4228600', 7.7, 19),
(11935, 959, 'Gun World', '2014-07-05', 'tt3849226', 7.4, 1),
(11936, 959, 'The Queen of the Lake', '2014-10-18', 'tt4329972', 6.5, 15),
(11937, 959, 'Sleeping Knights', '2014-11-22', 'tt4329982', 7.8, 20),
(11938, 959, 'Beginning of a Dream', '2014-12-13', 'tt4275970', 7.6, 23),
(11939, 959, 'Journey\'s End', '2014-12-06', 'tt4329988', 7.9, 22),
(11940, 959, 'Ice Sniper', '2014-07-12', 'tt3867034', 7.6, 2),
(11941, 959, 'Pursuer of Death', '2014-09-06', 'tt4004586', 7.3, 10),
(11942, 959, 'Crimson Memories', '2014-08-16', 'tt3961716', 7.1, 7),
(11943, 959, 'Journey\'s End', '2014-12-06', 'tt4275966', 7.8, 22),
(11944, 959, 'Memories of Blood', '2014-07-19', 'tt3867036', 7.2, 3),
(11945, 959, 'GGO (Gun Gale Online)', '2014-07-26', 'tt3898612', 7.9, 4),
(11946, 959, 'The Meaning of Strength', '2014-09-13', 'tt4329956', 7.7, 11),
(11947, 959, 'Bullet of Bullets', '2014-08-23', 'tt4329948', NULL, 8),
(11948, 959, 'The Meaning of Strength', '2014-09-13', 'tt4021082', 7.4, 11),
(11949, 960, 'The Black Swordsman', '2012-07-28', 'tt2358930', 8.1, 4),
(11950, 960, 'The Red-Nosed Reindeer', '2012-07-21', 'tt2350352', 8, 3),
(11951, 960, 'Illusionary Avenger', '2012-08-11', 'tt2358932', 7.7, 6),
(11952, 960, 'Beater', '2012-07-14', 'tt2300828', 7.8, 2),
(11953, 960, 'The Captive Queen', '2012-10-28', 'tt2470646', 7.3, 17),
(11954, 960, 'The World of Swords', '2012-07-07', 'tt2269322', 8.3, 1),
(11955, 960, 'Seeing Red', '2012-09-09', 'tt2378676', 8.5, 10),
(11956, 960, 'Yui\'s Heart', '2012-09-17', 'tt2416030', 8.1, 12),
(11957, 960, 'The Morning Dew Girl', '2012-09-21', 'tt2412866', 7.6, 11),
(11958, 960, 'A Crime Within the Walls', '2012-08-04', 'tt2359114', 7.5, 5),
(11959, 960, 'The End of the World', '2012-10-06', 'tt2416034', 9, 14),
(11960, 960, 'The Depths of Hell', '2012-09-29', 'tt2416032', 8.2, 13),
(11961, 961, 'Ruler and Mediator', '2019-01-06', 'tt9466210', 7.9, 13),
(11962, 961, 'Swordsman\'s Pride', '2018-11-25', 'tt8994112', NULL, 8),
(11963, 961, 'The End Mountains', '2018-10-21', 'tt8994098', 8.7, 3),
(11964, 961, 'Underworld', '2018-10-07', 'tt8565168', 8.8, 1),
(11965, 961, 'My Hero', '2019-03-31', 'tt9769386', 9, 25),
(11966, 961, 'Titan of the Sword', '2019-03-17', 'tt9466230', 8.2, 23),
(11967, 961, 'Ocean Turtle', '2018-11-04', 'tt8994104', 8.2, 5),
(11968, 961, 'The Legendary Hero', '2019-02-10', 'tt9466220', 8.9, 18),
(11969, 961, 'Swordcraft Academy', '2018-11-18', 'tt8994110', 8.5, 7),
(11970, 961, 'Episode #3.2', '2018-10-14', 'tt8994096', NULL, 2),
(11971, 961, 'The Seal of the Right Eye', '2019-02-24', 'tt9466224', 8.3, 20),
(11972, 961, 'Departure', '2018-10-28', 'tt8994100', 9, 4),
(11973, 961, 'The Osmanthus Knight', '2019-01-27', 'tt9466216', 8.9, 16),
(11974, 961, 'Central Cathedral', '2018-12-16', 'tt8994120', 8.2, 11),
(11975, 961, 'Taboo Index', '2018-12-09', 'tt8994118', 9.4, 10),
(11976, 961, 'The 32nd Knight', '2019-03-10', 'tt9466228', 8.7, 22),
(11977, 961, 'The Relentless Knight', '2019-01-20', 'tt9466214', 9.1, 15),
(11978, 961, 'The Crimson Knight', '2019-01-13', 'tt9466212', 8.6, 14),
(11979, 961, 'The Sage of the Library', '2018-12-23', 'tt8994122', 8.8, 12),
(11980, 961, 'Project Alicization', '2018-11-11', 'tt8994106', 7.9, 6),
(11981, 962, 'Buckle Up', '2016-04-28', 'tt5616548', 7.7, 19),
(11982, 962, 'It\'s Hard Out Here for a General', '2016-02-11', 'tt5213338', 7.7, 10),
(11983, 962, 'The Fish Rots from the Head', '2016-03-10', 'tt5260264', 7.6, 13),
(11984, 962, 'Dog-Whistle Politics', '2015-10-15', 'tt4789116', 8.5, 4),
(11985, 962, 'Get Out of Jail, Free', '2015-10-29', 'tt5033480', 7.9, 6),
(11986, 962, 'Till Death Do Us Part', '2016-04-21', 'tt5616546', 7, 18),
(11987, 962, 'The Candidate', '2016-02-18', 'tt5222408', 7.8, 11),
(11988, 962, 'Rasputin', '2015-11-12', 'tt5059590', 8.1, 8),
(11989, 962, 'I See You', '2016-03-17', 'tt5345470', 7.7, 14),
(11990, 962, 'The Miseducation of Susan Ross', '2016-03-31', 'tt5444850', 8.1, 16),
(11991, 962, 'Even the Devil Deserves a Second Chance', '2015-11-05', 'tt5059588', 8, 7),
(11992, 962, 'Trump Card', '2016-05-05', 'tt5616406', 7.8, 20),
(11993, 962, 'You Got Served', '2015-10-22', 'tt4789156', 8.1, 5),
(11994, 962, 'Thwack!', '2016-04-07', 'tt5528580', 8.5, 17),
(11995, 962, 'Baby, It\'s Cold Outside', '2015-11-19', 'tt5059592', 7, 9),
(11996, 962, 'Yes', '2015-10-01', 'tt4592038', 8.2, 2),
(11997, 962, 'Pencils Down', '2016-03-24', 'tt5525620', 7.9, 15),
(11998, 962, 'Paris Is Burning', '2015-10-08', 'tt4789104', 7.9, 3),
(11999, 962, 'Heavy Is the Head', '2015-09-24', 'tt4676054', 8.1, 1),
(12000, 962, 'That\'s My Girl', '2016-05-12', 'tt5616556', 7.8, 21),
(12001, 962, 'Wild Card', '2016-02-25', 'tt5222414', 7.3, 12),
(12002, 963, 'Enemy of the State', '2012-04-26', 'tt2039142', 8, 4),
(12003, 963, 'Grant: For the People', '2012-05-17', 'tt2353107', 8.6, 7),
(12004, 963, 'Dirty Little Secrets', '2012-04-12', 'tt2004902', 7.7, 2),
(12005, 963, 'Crash and Burn', '2012-05-03', 'tt2057186', 8.1, 5),
(12006, 963, 'The Trail', '2012-05-10', 'tt2055370', 8.4, 6),
(12007, 963, 'Hell Hath No Fury', '2012-04-19', 'tt2016666', 7.8, 3),
(12008, 964, 'Whiskey Tango Foxtrot', '2013-02-14', 'tt2657076', 8.3, 14),
(12009, 964, 'A Woman Scorned', '2013-05-02', 'tt2797212', 8.7, 20),
(12010, 964, 'Hunting Season', '2012-10-18', 'tt2416248', 8.4, 3),
(12011, 964, 'Top of the Hour', '2013-03-21', 'tt2718132', 8.2, 16),
(12012, 964, 'Molly, You in Danger, Girl', '2013-04-04', 'tt2764038', 8.4, 18),
(12013, 964, 'Defiance', '2012-11-29', 'tt2446530', 8.4, 7),
(12014, 964, 'Any Questions?', '2013-05-09', 'tt2805338', 8.7, 21),
(12015, 964, 'White Hats Off', '2012-09-27', 'tt2301136', 8.3, 1),
(12016, 964, 'Seven Fifty-Two', '2013-04-25', 'tt2805336', 8.7, 19),
(12017, 964, 'A Criminal, a Whore, an Idiot and a Liar', '2013-01-17', 'tt2544000', 8.4, 11),
(12018, 964, 'The Other Woman', '2012-10-04', 'tt2341954', 8.1, 2),
(12019, 964, 'Nobody Likes Babies', '2013-02-07', 'tt2633644', 8.6, 13),
(12020, 964, 'Spies Like Us', '2012-11-15', 'tt2466970', 8.1, 6),
(12021, 964, 'One for the Dog', '2013-01-10', 'tt2543596', 8.6, 10),
(12022, 964, 'Happy Birthday, Mr. President', '2012-12-06', 'tt2482804', 8.8, 8),
(12023, 964, 'Snake in the Garden', '2013-03-28', 'tt2756212', 8.2, 17),
(12024, 964, 'Beltway Unbuckled', '2012-10-25', 'tt2389050', 8.1, 4),
(12025, 964, 'Boom Goes the Dynamite', '2013-02-21', 'tt2663790', 8.1, 15),
(12026, 964, 'White Hat\'s Back On', '2013-05-16', 'tt2805344', 8.8, 22),
(12027, 964, 'Blown Away', '2012-12-13', 'tt2513130', 8.5, 9),
(12028, 964, 'Truth or Consequences', '2013-01-31', 'tt2631556', 8.5, 12),
(12029, 964, 'All Roads Lead to Fitz', '2012-11-08', 'tt2415156', 8.2, 5),
(12030, 965, 'You Can\'t Take Command', '2015-05-14', 'tt4505586', 8.3, 22),
(12031, 965, 'Honor Thy Father', '2015-04-02', 'tt4505532', 7.8, 18),
(12032, 965, 'Baby Made a Mess', '2014-11-06', 'tt4134772', 8.6, 7),
(12033, 965, 'No More Blood', '2015-02-19', 'tt4377026', 8.1, 13),
(12034, 965, 'It\'s Good to Be Kink', '2015-03-19', 'tt4463844', 7.6, 16),
(12035, 965, 'Where\'s the Black Lady?', '2015-02-05', 'tt4366706', 7.9, 11),
(12036, 965, 'First Lady Sings the Blues', '2015-04-23', 'tt4505566', 7.8, 20),
(12037, 965, 'Where the Sun Don\'t Shine', '2014-11-20', 'tt4167128', 8.6, 9),
(12038, 965, 'Gladiators Don\'t Run', '2015-02-12', 'tt4392420', 7.7, 12),
(12039, 965, 'Randy, Red, Superfreak and Julia', '2014-09-25', 'tt3720988', 8, 1),
(12040, 965, 'The Last Supper', '2014-11-13', 'tt4167110', 8.4, 8),
(12041, 965, 'Put a Ring on It', '2015-03-26', 'tt4463848', 7.7, 17),
(12042, 965, 'An Innocent Man', '2014-10-30', 'tt4082288', 8.1, 6),
(12043, 965, 'I\'m Just a Bill', '2015-04-16', 'tt4505548', 7.8, 19),
(12044, 965, 'The State of the Union', '2014-10-02', 'tt4035980', 7.9, 2),
(12045, 965, 'The Lawn Chair', '2015-03-05', 'tt4430626', 8.2, 14),
(12046, 965, 'The Testimony of Diego Muñoz', '2015-03-12', 'tt4463842', 7.7, 15),
(12047, 965, 'A Few Good Women', '2015-05-07', 'tt4505580', 8.1, 21),
(12048, 965, 'Run', '2015-01-29', 'tt4297416', 8, 10),
(12049, 965, 'The Key', '2014-10-23', 'tt4065178', 7.7, 5),
(12050, 965, 'Inside the Bubble', '2014-10-09', 'tt4035998', 7.7, 3),
(12051, 965, 'Like Father, Like Daughter', '2014-10-16', 'tt4097702', 8.5, 4),
(12052, 966, 'Lost Girls', '2017-10-26', 'tt7069548', 7.4, 4),
(12053, 966, 'Robin', '2018-01-18', 'tt7069556', 7.7, 8),
(12054, 966, 'Something Borrowed', '2017-11-16', 'tt7069554', 7.7, 7),
(12055, 966, 'The List', '2018-03-15', 'tt7069574', 8.2, 14),
(12056, 966, 'Adventures in Babysitting', '2017-11-02', 'tt7069550', 7.1, 5),
(12057, 966, 'Good People', '2018-01-25', 'tt7069558', 7.4, 9),
(12058, 966, 'The Noise', '2018-03-29', 'tt7069576', 8.2, 15),
(12059, 966, 'Allow Me to Reintroduce Myself', '2018-03-01', 'tt7069566', 8.8, 12),
(12060, 966, 'Watch Me', '2017-10-05', 'tt6523884', 7.3, 1),
(12061, 966, 'Air Force Two', '2018-03-08', 'tt7069570', 7.9, 13),
(12062, 966, 'Army of One', '2018-02-08', 'tt7069568', 7.9, 11),
(12063, 966, 'Standing in the Sun', '2018-04-12', 'tt7069580', 8.6, 17),
(12064, 966, 'People Like Me', '2018-04-05', 'tt7069578', 8, 16),
(12065, 966, 'Vampires and Bloodsuckers', '2017-11-09', 'tt7069552', 8, 6),
(12066, 966, 'Day 101', '2017-10-19', 'tt7069546', 7.2, 3),
(12067, 966, 'Over a Cliff', '2018-04-19', 'tt7069582', 6.6, 18),
(12068, 966, 'Pressing the Flesh', '2017-10-12', 'tt7069540', 8.1, 2),
(12069, 966, 'The People v. Olivia Pope', '2018-02-01', 'tt7069562', 8, 10),
(12070, 967, 'Tick Tock', '2017-05-18', 'tt5808438', 7.2, 15),
(12071, 967, 'A Traitor Among Us', '2017-03-23', 'tt5807972', 8.3, 7),
(12072, 967, 'Transfer of Power', '2017-05-18', 'tt5689726', 7.6, 16),
(12073, 967, 'Fates Worse Than Death', '2017-02-09', 'tt5767452', 7.6, 3),
(12074, 967, 'Dead in the Water', '2017-04-06', 'tt5807986', 8.4, 9),
(12075, 967, 'Survival of the Fittest', '2017-01-26', 'tt5530754', 8.3, 1),
(12076, 967, 'The Decision', '2017-04-13', 'tt5807998', 6.5, 10),
(12077, 967, 'Hardball', '2017-02-02', 'tt5738676', 7.7, 2),
(12078, 967, 'The Belt', '2017-02-16', 'tt5786032', 7.8, 4),
(12079, 967, 'A Stomach for Blood', '2017-03-30', 'tt5807978', 7.8, 8),
(12080, 967, 'Extinction', '2017-03-16', 'tt5807966', 8, 6),
(12081, 967, 'The Box', '2017-05-04', 'tt5808428', 7.9, 13),
(12082, 967, 'Head Games', '2017-05-11', 'tt5808430', 7.6, 14),
(12083, 967, 'Trojan Horse', '2017-04-20', 'tt5808420', 7.7, 11),
(12084, 967, 'Mercy', '2017-04-27', 'tt5808424', 7.5, 12),
(12085, 967, 'They All Bow Down', '2017-03-09', 'tt5807968', 7.6, 5),
(12086, 968, 'Kiss Kiss Bang Bang', '2014-03-20', 'tt3288608', 8.5, 14),
(12087, 968, 'Flesh and Blood', '2014-04-10', 'tt3288628', 8.4, 17),
(12088, 968, 'Mama Said Knock You Out', '2014-03-27', 'tt3288614', 8, 15),
(12089, 968, 'No Sun on the Horizon', '2014-03-13', 'tt3288600', 8.4, 13),
(12090, 968, 'YOLO', '2013-12-05', 'tt3276284', 8.2, 9),
(12091, 968, 'More Cattle, Less Bull', '2013-10-31', 'tt3172774', 8.4, 5),
(12092, 968, 'Ride, Sally, Ride', '2014-02-27', 'tt3288594', 8.1, 11),
(12093, 968, 'Guess Who\'s Coming to Dinner', '2013-10-10', 'tt3120752', 8.4, 2),
(12094, 968, 'Everything\'s Coming Up Mellie', '2013-11-14', 'tt3276282', 8.4, 7),
(12095, 968, 'Say Hello to My Little Friend', '2013-10-24', 'tt3172772', 7.9, 4),
(12096, 968, 'We Do Not Touch the First Ladies', '2014-03-06', 'tt3288596', 8.2, 12),
(12097, 968, 'Icarus', '2013-11-07', 'tt3255848', 8.1, 6),
(12098, 968, 'The Fluffer', '2014-04-03', 'tt3288612', 8.4, 16),
(12099, 968, 'It\'s Handled', '2013-10-03', 'tt3134028', 8.6, 1),
(12100, 968, 'The Price of Free and Fair Elections', '2014-04-17', 'tt3288620', 8.8, 18),
(12101, 968, 'Vermont Is for Lovers, Too', '2013-11-21', 'tt3276280', 8.4, 8),
(12102, 968, 'Mrs. Smith Goes to Washington', '2013-10-17', 'tt3172768', 8.4, 3),
(12103, 968, 'A Door Marked Exit', '2013-12-12', 'tt3276286', 8.2, 10),
(12104, 969, 'Episode #5.9', '2014-10-21', 'tt4998480', 8, 9),
(12105, 969, 'The Good Listener', '2014-09-14', 'tt3767076', 8.4, 2),
(12106, 969, 'What Jesus Said', '2014-09-21', 'tt3767078', 8.1, 3),
(12107, 969, 'Friendless Child', '2014-10-19', 'tt3767086', 9.2, 7),
(12108, 969, 'Eldorado', '2014-10-21', 'tt3780794', 9.3, 8),
(12109, 969, 'King of Norway', '2014-10-05', 'tt3767082', 8.6, 5),
(12110, 969, 'Devil You Know', '2014-10-12', 'tt3767084', 9, 6),
(12111, 969, 'Cuanto', '2014-09-28', 'tt3767080', 8.7, 4),
(12112, 970, 'The Pony', '2012-11-04', 'tt2261312', 8.8, 8),
(12113, 970, 'You\'d Be Surprised', '2012-10-14', 'tt2396861', 8.4, 5),
(12114, 970, 'Sunday Best', '2012-10-28', 'tt2255126', 8.2, 7),
(12115, 970, 'Resolution', '2012-09-16', 'tt2303129', 8.6, 1),
(12116, 970, 'Blue Bell Boy', '2012-10-07', 'tt2394173', 8.7, 4),
(12117, 970, 'A Man, a Plan...', '2012-11-18', 'tt2261316', 9.1, 10),
(12118, 970, 'Two Imposters', '2012-11-25', 'tt2261334', 9.5, 11),
(12119, 970, 'Boardwalk Empire: Season 3 New Characters (2012) (TV)', '2012-09-01', 'tt3116958', 8.6, 0),
(12120, 970, 'Bone for Tuna', '2012-09-30', 'tt2403479', 8.3, 3),
(12121, 970, 'Ging Gang Goolie', '2012-10-21', 'tt2178882', 7.8, 6),
(12122, 970, 'Margate Sands', '2012-12-02', 'tt2261328', 9.4, 12),
(12123, 971, 'The North Star', '2013-10-13', 'tt3220252', 8, 6),
(12124, 971, 'White Horse Pike', '2013-11-10', 'tt3181252', 8.9, 10),
(12125, 971, 'Erlkönig', '2013-10-06', 'tt3127172', 9, 5),
(12126, 971, 'William Wilson', '2013-10-20', 'tt3207942', 8.1, 7),
(12127, 971, 'Resignation', '2013-09-15', 'tt2778300', 8.3, 2),
(12128, 971, 'Marriage and Hunting', '2013-11-03', 'tt3220258', 8.7, 9),
(12129, 971, 'Havre de Grace', '2013-11-17', 'tt3220260', 8.5, 11),
(12130, 971, 'Acres of Diamonds', '2013-09-22', 'tt3114780', 8.1, 3),
(12131, 971, 'New York Sour', '2013-09-08', 'tt2483070', 8.3, 1),
(12132, 971, 'The Old Ship of Zion', '2013-10-27', 'tt3220256', 8.8, 8),
(12133, 971, 'Farewell Daddy Blues', '2013-11-24', 'tt3220262', 9.4, 12),
(12134, 972, 'Peg of Old', '2011-11-06', 'tt1991372', 8.4, 7),
(12135, 972, 'Under God\'s Power She Flourishes', '2011-12-04', 'tt2046372', 9, 11),
(12136, 972, 'The Age of Reason', '2011-10-30', 'tt1926431', 8.1, 6),
(12137, 972, 'Ourselves Alone', '2011-10-02', 'tt1863537', 8.5, 2),
(12138, 972, 'What Does the Bee Do?', '2011-10-16', 'tt1927249', 8.3, 4),
(12139, 972, 'Two Boats and a Lifeguard', '2011-11-13', 'tt1989758', 8.8, 8),
(12140, 972, 'To the Lost', '2011-12-11', 'tt2046373', 9.2, 12),
(12141, 972, 'Georgia Peaches', '2011-11-27', 'tt2046371', 8.7, 10),
(12142, 972, 'Gimcrack and Bunkum', '2011-10-23', 'tt1919431', 8.8, 5),
(12143, 972, '21', '2011-09-25', 'tt1775555', 8.4, 1),
(12144, 972, 'A Dangerous Maid', '2011-10-09', 'tt1927248', 8.4, 3),
(12145, 972, 'Battle of the Century', '2011-11-20', 'tt2046374', 8.6, 9),
(12146, 973, 'Anastasia', '2010-10-10', 'tt1585675', 8.3, 4),
(12147, 973, 'The Ivory Tower', '2010-09-26', 'tt1501024', 7.9, 2),
(12148, 973, 'Belle Femme', '2010-11-14', 'tt1649464', 8.7, 9),
(12149, 973, 'The Emerald City', '2010-11-21', 'tt1648274', 8.6, 10),
(12150, 973, 'Home', '2010-10-31', 'tt1649463', 8.7, 7),
(12151, 973, 'Boardwalk Empire', '2010-09-19', 'tt1276201', 8.6, 1),
(12152, 973, 'A Return to Normalcy', '2010-12-05', 'tt1651529', 8.8, 12),
(12153, 973, 'Paris Green', '2010-11-28', 'tt1651528', 8.4, 11),
(12154, 973, 'Family Limitation', '2010-10-24', 'tt1595390', 8.3, 6),
(12155, 973, 'Nights in Ballygran', '2010-10-17', 'tt1585674', 8.4, 5),
(12156, 973, 'Broadway Limited', '2010-10-03', 'tt1558885', 8.2, 3),
(12157, 973, 'Hold Me in Paradise', '2010-11-07', 'tt1648275', 8.3, 8),
(12158, 974, 'Most Dangerous Game', '2016-07-29', 'tt5953734', 8.5, 2),
(12159, 974, 'Plan B', '2016-07-29', 'tt5953736', 8.2, 3),
(12160, 974, 'Homecoming', '2016-07-29', 'tt5953740', 8.1, 4),
(12161, 974, 'It Is What It Is', '2016-07-29', 'tt5953744', 8.4, 6),
(12162, 974, 'Blood Makes the Grass Grow', '2016-07-29', 'tt5953742', 8.6, 5),
(12163, 974, 'Last Chance U', '2016-07-29', 'tt5953732', 7.9, 1),
(12164, 975, 'Humble Your Pie', '2018-07-20', 'tt8737718', 7.7, 2),
(12165, 975, 'Get Outta Dodge', '2018-07-20', 'tt8737722', 8.5, 4),
(12166, 976, 'Ain\'t It a Sin', '2017-07-21', 'tt7182258', 6.8, 4),
(12167, 976, 'Last Man Standing', '2017-07-21', 'tt7182912', 8.4, 8),
(12168, 976, 'Football Saved My Life', '2017-06-21', 'tt7182216', 7.8, 2),
(12169, 976, 'Can\'t Make the Club in the Tub', '2017-07-21', 'tt7182242', 7.7, 3),
(12170, 976, 'For My Momma', '2017-07-21', 'tt7182898', 7.9, 5),
(12171, 976, 'The Curse', '2017-07-21', 'tt7182902', 8.1, 6),
(12172, 976, 'Bigger and Better Things', '2017-07-21', 'tt7182908', 8.3, 7),
(12173, 977, 'FrAmed', '2015-07-28', 'tt4656710', 8.3, 8),
(12174, 977, 'O Brother, Where Art Thou', '2015-07-21', 'tt4575918', 8.3, 7),
(12175, 977, 'Songs of Innocence', '2015-06-09', 'tt4545840', 8, 2),
(12176, 977, 'Songs of Experience', '2015-06-16', 'tt4575902', 8.1, 3),
(12177, 977, 'Of Late I Think of Rosewood', '2016-01-12', 'tt4656878', 7.8, 11),
(12178, 977, 'Game Over, Charles', '2015-08-11', 'tt4575924', 4.5, 10),
(12179, 977, 'She\'s No Angel', '2015-06-30', 'tt4575908', 7.7, 5),
(12180, 977, 'Where Somebody Waits for Me', '2016-02-16', 'tt4859642', 7.2, 16),
(12181, 977, 'Charlotte\'s Web', '2016-01-19', 'tt4831666', 7.3, 12),
(12182, 977, 'Burn This', '2016-03-01', 'tt4859644', 7.8, 18),
(12183, 977, 'Game On, Charles', '2015-06-02', 'tt3794460', 9, 1),
(12184, 977, 'Last Dance', '2015-08-04', 'tt4575922', 8.6, 9),
(12185, 977, 'No Stone Unturned', '2015-07-14', 'tt4575914', 7.5, 6),
(12186, 977, 'We\'ve All Got Baggage', '2016-02-23', 'tt4859640', 7, 17),
(12187, 977, 'Hush, Hush, Sweet Liars', '2016-03-15', 'tt4656880', 8, 20),
(12188, 977, 'New Guys, New Lies', '2016-02-02', 'tt4859638', 7.3, 14),
(12189, 977, 'Did You Miss Me?', '2016-03-08', 'tt4859646', 7.7, 19),
(12190, 977, 'Don\'t Look Now', '2015-06-23', 'tt4575904', 8.1, 4),
(12191, 977, 'The Gloves Are On', '2016-01-26', 'tt4843368', 7.5, 13),
(12192, 978, 'Taking This One to the Grave', '2014-08-26', 'tt3839844', 8.7, 12),
(12193, 978, 'Pretty Isn\'t the Point', '2015-02-17', 'tt4289362', 8.3, 20),
(12194, 978, 'Oh What Hard Luck Stories They All Hand Me', '2015-02-03', 'tt4289360', 7.4, 18),
(12195, 978, 'Scream for Me', '2014-07-29', 'tt3839776', 7.8, 8),
(12196, 978, 'Bloody Hell', '2015-02-24', 'tt4289366', 7.9, 21),
(12197, 978, 'Fresh Meat', '2015-01-13', 'tt3914664', 7.7, 15),
(12198, 978, 'The Bin of Sin', '2015-01-27', 'tt4289352', 7.8, 17),
(12199, 978, 'EscApe from New York', '2014-06-10', 'tt3089420', 8.4, 1),
(12200, 978, 'I\'m a Good Girl, I Am', '2015-03-17', 'tt4289378', 8.6, 24),
(12201, 978, 'Out Damned Spot', '2015-02-10', 'tt4123836', 7.7, 19),
(12202, 978, 'March of Crimes', '2014-08-05', 'tt3839830', 8.2, 9),
(12203, 978, 'The Silence of E. Lamb', '2014-07-22', 'tt3737958', 7.8, 7),
(12204, 978, 'Miss Me x100', '2014-07-08', 'tt3691228', 8.7, 5),
(12205, 978, 'To Plea or Not to Plea', '2015-03-03', 'tt4289368', 8.1, 22),
(12206, 978, 'How the \'A\' Stole Christmas', '2014-12-09', 'tt3981672', 8, 13),
(12207, 978, 'Run, Ali, Run', '2014-07-15', 'tt3703888', 8.2, 6),
(12208, 978, 'Thrown from the Ride', '2014-07-01', 'tt3798226', 7.5, 4),
(12209, 978, 'No One Here Can Love or Understand Me', '2014-08-19', 'tt3839838', 7.7, 11),
(12210, 978, 'A Dark Ali', '2014-08-12', 'tt3839834', 8.3, 10),
(12211, 978, 'Over a Barrel', '2015-01-20', 'tt4049372', 7.5, 16),
(12212, 978, 'Surfing the Aftershocks', '2014-06-24', 'tt3679482', 7.8, 3),
(12213, 978, 'Welcome to the Dollhouse', '2015-03-24', 'tt4289382', 9, 25),
(12214, 978, 'Whirly Girly', '2014-06-17', 'tt3679480', 8.3, 2),
(12215, 979, 'What Lies Beneath', '2012-08-14', 'tt2301576', 8.3, 10),
(12216, 979, 'Out of the Frying Pan, Into the Inferno', '2013-01-29', 'tt2392208', 8.6, 17),
(12217, 979, 'Stolen Kisses', '2012-07-31', 'tt2193102', 8.4, 8),
(12218, 979, 'I\'m Your Puppet', '2013-03-12', 'tt2450744', 8.7, 23),
(12219, 979, 'Dead to Me', '2013-02-05', 'tt2380144', 8.5, 18),
(12220, 979, 'Will the Circle Be Unbroken?', '2013-03-05', 'tt2450742', 8.4, 22),
(12221, 979, 'Hot Water', '2013-02-19', 'tt2450736', 8.5, 20),
(12222, 979, 'A Dangerous gAme', '2013-03-19', 'tt2450760', 8.7, 24),
(12223, 979, 'Kingdom of the Blind', '2012-06-19', 'tt2193070', 8.6, 3),
(12224, 979, 'Misery Loves Company', '2013-01-22', 'tt2336566', 8.7, 16),
(12225, 979, 'Mona-Mania', '2013-01-15', 'tt2331300', 8.5, 15),
(12226, 980, 'Shadow Play', '2014-02-11', 'tt3131180', 6.9, 19),
(12227, 980, 'Grave New World', '2013-10-22', 'tt2961288', 8.6, 13),
(12228, 980, 'The Mirror Has Three Faces', '2013-08-13', 'tt2961282', 8.5, 10),
(12229, 980, 'Free Fall', '2014-02-18', 'tt3131182', 8.6, 20),
(12230, 980, 'Bring Down the Hoe', '2013-08-20', 'tt2961284', 8.3, 11),
(12231, 980, 'A Is for A-l-i-v-e', '2013-06-11', 'tt2592324', 8.7, 1),
(12232, 980, 'Bite Your Tongue', '2014-01-28', 'tt3131172', 8.5, 17),
(12233, 980, '\'A\' Is for Answers', '2014-03-18', 'tt3131192', 8.8, 24),
(12234, 980, 'The Guilty Girl\'s Handbook', '2013-07-30', 'tt2961278', 8.6, 8),
(12235, 980, 'Into the Deep', '2013-08-06', 'tt2961280', 8.5, 9),
(12236, 980, 'Love ShAck, Baby', '2014-01-14', 'tt3069050', 8.3, 15),
(12237, 980, 'She\'s Come Undone', '2014-02-25', 'tt3131184', 8.5, 21),
(12238, 980, 'Who\'s in the Box?', '2014-01-07', 'tt2961290', 8.1, 14),
(12239, 980, 'Turn of the Shoe', '2013-06-18', 'tt2829786', 8.4, 2),
(12240, 980, 'Unbridled', '2014-03-11', 'tt3131190', 8.3, 23),
(12241, 980, 'Crash and Burn, Girl!', '2013-07-23', 'tt2961276', 8.3, 7),
(12242, 980, 'Hot for Teacher', '2014-02-04', 'tt3131178', 8.4, 18),
(12243, 981, 'Original G\'A\'ngsters', '2016-08-09', 'tt5537930', 8.1, 7),
(12244, 981, 'Power Play', '2017-05-09', 'tt5537968', 8.5, 14),
(12245, 981, 'Choose or Lose', '2017-06-13', 'tt5538002', 8.6, 18),
(12246, 981, 'Bedlam', '2016-06-28', 'tt5537910', 7.1, 2),
(12247, 981, 'The DArkest Knight', '2016-08-30', 'tt5537940', 8.4, 10),
(12248, 981, 'Along Comes Mary', '2016-07-19', 'tt5537926', 7.6, 5),
(12249, 981, 'Hit and Run, Run, Run', '2016-07-12', 'tt5537920', 8.4, 4),
(12250, 981, 'Farewell, My Lovely', '2017-06-20', 'tt5538006', 8.6, 19),
(12251, 981, 'In the Eye Abides the Heart', '2017-05-23', 'tt5537990', 8, 15),
(12252, 981, 'Til DeAth Do Us PArt', '2017-06-27', 'tt4728294', 5.9, 20),
(12253, 981, 'Driving Miss Crazy', '2017-06-06', 'tt5538004', 8.1, 17),
(12254, 981, 'Hold Your Piece', '2017-05-02', 'tt5537970', 8, 13),
(12255, 981, 'Exes and OMGs', '2016-08-16', 'tt5537934', 7.6, 8),
(12256, 981, 'Tick-Tock, Bitches', '2016-06-21', 'tt3794462', 8, 1),
(12257, 981, 'Wanted: Dead or Alive', '2016-08-02', 'tt5537924', 8.2, 6),
(12258, 981, 'These Boots Were Made for Stalking', '2017-04-25', 'tt5537956', 7.4, 12),
(12259, 981, 'The Wrath of Kahn', '2016-08-23', 'tt5537938', 8.1, 9),
(12260, 981, 'The Glove That Rocks the Cradle', '2017-05-30', 'tt5537988', 8, 16),
(12261, 981, 'Playtime', '2017-04-18', 'tt5537948', 7.7, 11),
(12262, 982, 'Never Letting Go', '2011-07-19', 'tt1953063', 8.4, 6),
(12263, 982, 'The First Secret', '2011-10-19', 'tt2041095', 8.8, 13),
(12264, 982, 'Over My Dead Body', '2011-08-30', 'tt1995861', 8.9, 12),
(12265, 982, 'The Blond Leading the Blind', '2012-01-23', 'tt2065513', 8.4, 17),
(12266, 982, 'A Kiss Before Lying', '2012-01-30', 'tt2063426', 8.5, 18),
(12267, 982, 'I Must Confess', '2011-08-23', 'tt1994965', 8.6, 11),
(12268, 983, 'For Whom the Bell Tolls', '2011-03-21', 'tt1824679', 8.8, 22),
(12269, 983, 'To Kill a Mocking Girl', '2010-06-22', 'tt1638172', 8, 3),
(12270, 983, 'Careful What U Wish 4', '2011-01-24', 'tt1682615', 8.3, 14),
(12271, 983, 'The Homecoming Hangover', '2010-07-20', 'tt1646696', 8, 7),
(12272, 983, 'Moments Later', '2011-01-03', 'tt1682612', 8.4, 11),
(12273, 983, 'Monsters in the End', '2011-03-14', 'tt1682622', 8.6, 21),
(12274, 983, 'There\'s No Place Like Homecoming', '2010-07-13', 'tt1646694', 8.6, 6),
(12275, 984, 'SETI', '2015-05-31', 'tt3972584', 8.1, 1),
(12276, 984, 'Play with Friends', '2015-06-21', 'tt4422412', 8.3, 4),
(12277, 984, 'New Coke', '2015-06-07', 'tt4364332', 8, 2),
(12278, 984, 'The Way In', '2015-06-14', 'tt4364336', 8.2, 3),
(12279, 984, '10Broad36', '2015-07-05', 'tt4508160', 8.3, 6),
(12280, 984, 'Kali', '2015-07-26', 'tt4569076', 8.6, 9),
(12281, 984, 'Extract and Defend', '2015-06-28', 'tt4437720', 8.2, 5),
(12282, 984, 'Heaven Is a Place', '2015-08-02', 'tt4436098', 8.8, 10),
(12283, 984, 'Working for the Clampdown', '2015-07-12', 'tt4537868', 8.4, 7),
(12284, 984, 'Limbo', '2015-07-19', 'tt4568616', 8.5, 8),
(12285, 985, 'Goodwill', '2017-10-07', 'tt6145886', 9.1, 8),
(12286, 985, 'Signal to Noise', '2017-08-19', 'tt6143702', 8.5, 2),
(12287, 985, 'Miscellaneous', '2017-08-26', 'tt6143704', 8.4, 3),
(12288, 985, 'Search', '2017-10-14', 'tt6145888', 8.8, 9),
(12289, 985, 'Ten of Swords', '2017-10-14', 'tt6141504', 9.2, 10),
(12290, 985, 'Nowhere Man', '2017-09-16', 'tt6143716', 8.3, 5),
(12291, 985, 'A Connection Is Made', '2017-09-23', 'tt6145872', 8.4, 6),
(12292, 985, 'So It Goes', '2017-08-19', 'tt6141394', 8.2, 1),
(12293, 985, 'Tonya and Nancy', '2017-09-09', 'tt6143708', 8.2, 4),
(12294, 985, 'Who Needs a Guy', '2017-09-30', 'tt6145880', 9.5, 7),
(12295, 986, 'High Plains Hardware', '2014-06-15', 'tt3438496', 7.7, 3),
(12296, 986, 'Close to the Metal', '2014-06-22', 'tt3464414', 8.3, 4),
(12297, 986, 'Landfall', '2014-07-06', 'tt3517700', 8.2, 6),
(12298, 986, 'Adventure', '2014-06-29', 'tt3499556', 8.3, 5),
(12299, 986, 'Giant', '2014-07-13', 'tt3549020', 7.9, 7),
(12300, 986, 'FUD', '2014-06-08', 'tt3370408', 8.1, 2),
(12301, 986, 'Up Helly Aa', '2014-07-27', 'tt3566360', 9, 9),
(12302, 986, 'I/O', '2014-06-01', 'tt3168442', 8.1, 1),
(12303, 986, '1984', '2014-08-03', 'tt3566368', 8.1, 10),
(12304, 986, 'The 214s', '2014-07-20', 'tt3566354', 8.8, 8),
(12305, 987, 'NIM', '2016-10-11', 'tt5707510', 8.7, 9),
(12306, 987, 'One Way or Another', '2016-08-23', 'tt5539282', 8.2, 2),
(12307, 987, 'Yerba Buena', '2016-09-13', 'tt5640498', 8, 5),
(12308, 987, 'NeXT', '2016-10-11', 'tt5707526', 8.8, 10),
(12309, 987, 'Valley of the Heart\'s Delight', '2016-08-23', 'tt5098994', 8, 1),
(12310, 987, 'You Are Not Safe', '2016-10-04', 'tt5707496', 9, 8),
(12311, 987, 'And She Was', '2016-09-20', 'tt5640508', 8.4, 6),
(12312, 987, 'The Threshold', '2016-09-27', 'tt5640738', 9, 7),
(12313, 988, 'The Fifth Race', '1999-01-22', 'tt0709187', 9.3, 15),
(12314, 988, 'Spirits', '1998-10-23', 'tt0709177', 7.4, 13),
(12315, 988, 'A Matter of Time', '1999-01-29', 'tt0709033', 8.7, 16),
(12316, 988, 'Touchstone', '1998-10-30', 'tt0709213', 7.8, 14),
(12317, 988, 'Serpent\'s Song', '1999-02-12', 'tt0709166', 7.9, 18),
(12318, 988, 'The Gamekeeper', '1998-07-17', 'tt0709192', 7.3, 4),
(12319, 988, '1969', '1999-03-05', 'tt0709028', 8.8, 21),
(12320, 988, 'One False Step', '1999-02-19', 'tt0709134', 6.9, 19),
(12321, 988, 'Need', '1998-07-24', 'tt0709127', 6.9, 5),
(12322, 988, 'Out of Mind', '1999-03-12', 'tt0709137', 7.4, 22),
(12323, 988, 'Thor\'s Chariot', '1998-07-31', 'tt0709208', 8.5, 6),
(12324, 988, 'The Tok\'ra: Part 2', '1998-10-11', 'tt0709203', 8.3, 12),
(12325, 988, 'Holiday', '1999-02-05', 'tt0709104', 7.6, 17),
(12326, 988, 'Prisoners', '1998-07-10', 'tt0709144', 7.5, 3),
(12327, 988, 'Secrets', '1998-08-21', 'tt0709164', 7.9, 9),
(12328, 988, 'The Serpent\'s Lair', '1998-06-26', 'tt0709199', 8.8, 1),
(12329, 988, 'The Tok\'ra: Part 1', '1998-10-02', 'tt0709202', 8.1, 11),
(12330, 988, 'Show and Tell', '1999-02-26', 'tt0709170', 7.7, 20),
(12331, 988, 'Bane', '1998-09-25', 'tt0709045', 7.4, 10),
(12332, 988, 'In the Line of Duty', '1998-07-03', 'tt0709107', 8.1, 2),
(12333, 988, 'Family', '1998-08-14', 'tt0709090', 7.1, 8),
(12334, 988, 'Message in a Bottle', '1998-08-07', 'tt0709123', 7.5, 7),
(12335, 989, 'Moebius: Part 1', '2005-03-18', 'tt0709125', 8.2, 19),
(12336, 989, 'Citizen Joe', '2005-02-18', 'tt0709058', 7.8, 15),
(12337, 989, 'Full Alert', '2005-02-11', 'tt0709097', 7.7, 14),
(12338, 989, 'Reckoning: Part 1', '2005-02-25', 'tt0709151', 8.5, 16),
(12339, 989, 'Affinity', '2004-08-20', 'tt0709036', 7.4, 7),
(12340, 989, 'Sacrifices', '2004-09-10', 'tt0709162', 6.8, 9),
(12341, 989, 'Threads', '2005-03-11', 'tt0709210', 8.9, 18),
(12342, 989, 'Gemini', '2005-01-21', 'tt0709099', 7.7, 11),
(12343, 989, 'It\'s Good to Be King', '2005-02-04', 'tt0709110', 8.1, 13),
(12344, 989, 'Endgame', '2004-09-17', 'tt0709076', 7.9, 10),
(12345, 989, 'Zero Hour', '2004-07-30', 'tt0709221', 8.1, 4),
(12346, 989, 'Avatar', '2004-08-13', 'tt0709042', 7.6, 6),
(12347, 989, 'Lockdown', '2004-07-23', 'tt0709116', 7.6, 3),
(12348, 989, 'Reckoning: Part 2', '2005-03-04', 'tt0709152', 9, 17),
(12349, 989, 'Covenant', '2004-08-27', 'tt0709062', 7.4, 8),
(12350, 989, 'Prometheus Unbound', '2005-01-28', 'tt0709147', 8.5, 12),
(12351, 989, 'Moebius: Part 2', '2005-03-25', 'tt0709126', 8.3, 20),
(12352, 989, 'Icon', '2004-08-06', 'tt0709106', 7.2, 5),
(12353, 990, 'Heroes: Part 1', '2004-02-13', 'tt0709102', 8.2, 17),
(12354, 990, 'Lost City: Part 2', '2004-03-19', 'tt0709118', 9.5, 22),
(12355, 990, 'Birthright', '2003-08-15', 'tt0709050', 7.1, 10),
(12356, 990, 'Fallout', '2004-01-23', 'tt0709089', 7.7, 14),
(12357, 990, 'Lost City: Part 1', '2004-03-12', 'tt0709117', 9, 21),
(12358, 990, 'Resurrection', '2004-02-27', 'tt0709156', 7.1, 19),
(12359, 990, 'Orpheus', '2003-06-27', 'tt0709136', 7.7, 4),
(12360, 990, 'Space Race', '2003-08-01', 'tt0709176', 7.3, 8),
(12361, 990, 'Chimera', '2004-01-30', 'tt0709057', 7.4, 15),
(12362, 990, 'Fragile Balance', '2003-06-20', 'tt0709095', 8.3, 3),
(12363, 990, 'Evolution: Part 1', '2003-08-22', 'tt0709082', 8.4, 11),
(12364, 990, 'Lifeboat', '2003-07-18', 'tt0709115', 7.8, 6),
(12365, 990, 'Evolution: Part 2', '2004-01-09', 'tt0709083', 8.4, 12),
(12366, 990, 'Homecoming', '2003-06-13', 'tt0709105', 8.6, 2),
(12367, 990, 'Avenger 2.0', '2003-08-08', 'tt0709043', 7.3, 9),
(12368, 990, 'Inauguration', '2004-03-05', 'tt0709108', 7.1, 20),
(12369, 990, 'Enemy Mine', '2003-07-25', 'tt0709078', 7.8, 7),
(12370, 990, 'Death Knell', '2004-02-06', 'tt0709068', 8.1, 16),
(12371, 990, 'Revisions', '2003-07-11', 'tt0709158', 7.9, 5),
(12372, 990, 'Grace', '2004-01-16', 'tt0709100', 7.4, 13),
(12373, 990, 'Fallen', '2003-06-13', 'tt0709088', 8.5, 1),
(12374, 990, 'Heroes: Part 2', '2004-02-20', 'tt0709103', 8.8, 18),
(12375, 991, 'The Torment of Tantalus', '1997-10-03', 'tt0709205', 8.4, 10),
(12376, 991, 'Solitudes', '1998-02-06', 'tt0709175', 8.3, 17),
(12377, 991, 'Fire and Water', '1997-10-17', 'tt0709091', 7.2, 12),
(12378, 991, 'Cold Lazarus', '1997-08-29', 'tt0709059', 7.6, 6),
(12379, 991, 'The Nox', '1997-09-12', 'tt0709194', 8.2, 7),
(12380, 991, 'Emancipation', '1997-08-08', 'tt0709075', 6.2, 3),
(12381, 991, 'Cor-ai', '1998-01-23', 'tt0709061', 7.3, 15),
(12382, 991, 'The First Commandment', '1997-08-22', 'tt0709188', 6.8, 5),
(12383, 991, 'Thor\'s Hammer', '1997-09-26', 'tt0709209', 8.2, 9),
(12384, 991, 'Politics', '1998-02-27', 'tt0709142', 6.3, 20),
(12385, 991, 'Hathor', '1997-10-24', 'tt0709101', 7.6, 13),
(12386, 991, 'Children of the Gods', '1997-07-27', 'tt0234794', 8.3, 1),
(12387, 991, 'Singularity', '1997-10-31', 'tt0709172', 7.8, 14),
(12388, 991, 'The Broca Divide', '1997-08-15', 'tt0709181', 7.2, 4),
(12389, 991, 'Bloodlines', '1997-10-10', 'tt0709051', 7.4, 11),
(12390, 991, 'Within the Serpent\'s Grasp', '1998-03-06', 'tt0709219', 8.7, 21),
(12391, 991, 'The Enemy Within', '1997-08-01', 'tt0709185', 7.8, 2),
(12392, 991, 'There But for the Grace of God', '1998-02-20', 'tt0709207', 8.8, 19),
(12393, 991, 'Enigma', '1998-01-30', 'tt0709079', 8.2, 16),
(12394, 991, 'Brief Candle', '1997-09-19', 'tt0709052', 7.5, 8),
(12395, 991, 'Tin Man', '1998-02-13', 'tt0709212', 7.8, 18),
(12396, 992, 'Point of View', '1999-07-30', 'tt0709141', 8.5, 6),
(12397, 992, 'Demons', '1999-08-13', 'tt0709069', 7, 8),
(12398, 992, 'Forever in a Day', '1999-10-08', 'tt0709093', 7.6, 10),
(12399, 992, 'Rules of Engagement', '1999-08-19', 'tt0709161', 7.3, 9),
(12400, 992, 'Nemesis', '2000-03-10', 'tt0709128', 8.8, 22),
(12401, 992, 'A Hundred Days', '2000-02-04', 'tt0709032', 8.2, 17),
(12402, 992, 'Maternal Instinct', '2000-02-25', 'tt0709119', 7.8, 20),
(12403, 992, 'Legacy', '1999-07-16', 'tt0709114', 7.6, 4),
(12404, 992, 'New Ground', '2000-02-18', 'tt0709129', 7.6, 19),
(12405, 992, 'Shades of Grey', '2000-02-11', 'tt0709168', 8.6, 18),
(12406, 992, 'Deadman Switch', '1999-08-06', 'tt0709067', 7.8, 7),
(12407, 992, 'Jolinar\'s Memories', '1999-10-22', 'tt0709111', 8.2, 12),
(12408, 992, 'Past and Present', '1999-10-15', 'tt0709139', 7.8, 11),
(12409, 992, 'Fair Game', '1999-07-09', 'tt0709087', 8.3, 3),
(12410, 992, 'Pretense', '2000-01-21', 'tt0709143', 8.3, 15),
(12411, 992, 'Seth', '1999-07-02', 'tt0709167', 7.3, 2),
(12412, 992, 'The Devil You Know', '1999-10-29', 'tt0709184', 8.3, 13),
(12413, 992, 'Urgo', '2000-01-28', 'tt0709216', 8.1, 16),
(12414, 992, 'Foothold', '1999-11-05', 'tt0709092', 8.4, 14),
(12415, 992, 'Into the Fire', '1999-06-25', 'tt0709109', 8.1, 1),
(12416, 992, 'Crystal Skull', '2000-03-03', 'tt0709065', 8.2, 21),
(12417, 992, 'Learning Curve', '1999-07-22', 'tt0709113', 7.9, 5),
(12418, 993, 'Company of Thieves', '2006-09-15', 'tt0788800', 7.7, 9),
(12419, 993, 'Bad Guys', '2007-05-18', 'tt0892687', 8.1, 16),
(12420, 993, 'The Shroud', '2007-05-04', 'tt0812085', 8.7, 14),
(12421, 993, 'Uninvited', '2006-08-11', 'tt0801501', 7.1, 5),
(12422, 993, 'The Quest: Part 1', '2006-09-22', 'tt0799357', 8.7, 10),
(12423, 993, '200', '2006-08-18', 'tt0784558', 8.5, 6),
(12424, 993, 'Flesh and Blood', '2006-07-14', 'tt0756405', 8.5, 1),
(12425, 993, 'The Quest: Part 2', '2007-04-13', 'tt0799358', 8.7, 11),
(12426, 993, 'Insiders', '2006-08-04', 'tt0779687', 7.6, 4),
(12427, 993, 'Morpheus', '2006-07-21', 'tt0786245', 7.7, 2),
(12428, 993, 'Talion', '2007-06-01', 'tt0882617', 7.4, 17),
(12429, 993, 'Memento Mori', '2006-09-08', 'tt0789662', 7.7, 8),
(12430, 993, 'The Pegasus Project', '2006-07-28', 'tt0789663', 9, 3),
(12431, 993, 'Unending', '2007-06-22', 'tt0912284', 9, 20),
(12432, 993, 'Bounty', '2007-05-11', 'tt0812084', 7.8, 15),
(12433, 993, 'Dominion', '2007-06-15', 'tt0902889', 8.4, 19),
(12434, 994, 'Fail Safe', '2002-04-05', 'tt0709086', 7.8, 17),
(12435, 994, 'Enemies', '2001-06-29', 'tt0709077', 8.6, 1),
(12436, 994, 'Beast of Burden', '2001-08-10', 'tt0709047', 7.5, 7),
(12437, 994, 'Last Stand', '2002-03-29', 'tt0709112', 8.3, 16),
(12438, 994, 'The Warrior', '2002-04-12', 'tt0709206', 7.6, 18),
(12439, 994, 'Revelations', '2002-05-17', 'tt0709157', 8.6, 22),
(12440, 994, 'Threshold', '2001-07-06', 'tt0709211', 7.7, 2),
(12441, 994, 'Rite of Passage', '2001-08-03', 'tt0709160', 7, 6),
(12442, 994, '48 Hours', '2002-03-15', 'tt0709031', 7.8, 14),
(12443, 994, '2001', '2001-08-31', 'tt0709029', 8.5, 10),
(12444, 994, 'Between Two Fires', '2001-08-24', 'tt0709049', 8.3, 9),
(12445, 994, 'Menace', '2002-04-26', 'tt0709121', 8, 19),
(12446, 994, 'Wormhole X-Treme!', '2001-09-08', 'tt0709220', 8.1, 12),
(12447, 994, 'Meridian', '2002-05-10', 'tt0709122', 8.6, 21),
(12448, 994, 'Ascension', '2001-07-13', 'tt0709039', 7.9, 3),
(12449, 994, 'Red Sky', '2001-07-27', 'tt0709153', 7.3, 5),
(12450, 994, 'The Sentinel', '2002-05-03', 'tt0709165', 7.4, 20),
(12451, 994, 'The Fifth Man', '2001-07-20', 'tt0709186', 7.7, 4),
(12452, 994, 'Desperate Measures', '2001-09-07', 'tt0709071', 7.7, 11),
(12453, 994, 'Proving Ground', '2002-03-08', 'tt0709150', 7.9, 13),
(12454, 994, 'Summit', '2002-03-22', 'tt0709179', 8.1, 15),
(12455, 995, 'Ripple Effect', '2006-01-20', 'tt0709159', 8.3, 13),
(12456, 995, 'Avalon: Part 1', '2005-07-15', 'tt0709040', 8, 1),
(12457, 995, 'Crusade', '2006-03-03', 'tt0709064', 8, 19),
(12458, 995, 'Beachhead', '2005-08-19', 'tt0709046', 8.4, 6),
(12459, 995, 'Prototype', '2005-09-16', 'tt0709149', 7.7, 9),
(12460, 995, 'Stronghold', '2006-01-27', 'tt0709178', 7.3, 14),
(12461, 995, 'Off the Grid', '2006-02-10', 'tt0709133', 7.5, 16),
(12462, 995, 'Ethon', '2006-02-03', 'tt0709081', 7.7, 15),
(12463, 995, 'Arthur\'s Mantle', '2006-02-24', 'tt0709038', 7.9, 18),
(12464, 995, 'Avalon: Part 2', '2005-07-22', 'tt0709041', 8.1, 2),
(12465, 995, 'Camelot', '2006-03-10', 'tt0709053', 8.7, 20),
(12466, 995, 'The Fourth Horseman: Part 2', '2006-01-06', 'tt0709191', 8.2, 11),
(12467, 995, 'Ex Deus Machina', '2005-08-26', 'tt0709084', 7.6, 7),
(12468, 995, 'Collateral Damage', '2006-01-13', 'tt0709060', 7.3, 12),
(12469, 995, 'The Powers That Be', '2005-08-12', 'tt0709197', 7.6, 5),
(12470, 995, 'The Scourge', '2006-02-17', 'tt0709198', 7, 17),
(12471, 995, 'The Ties That Bind', '2005-08-05', 'tt0709201', 7.4, 4),
(12472, 995, 'The Fourth Horseman: Part 1', '2005-09-16', 'tt0709190', 8, 10),
(12473, 995, 'Origin', '2005-07-29', 'tt0709135', 7.8, 3),
(12474, 995, 'Babylon', '2005-09-09', 'tt0709044', 7.4, 8),
(12475, 996, 'Window of Opportunity', '2000-08-04', 'tt0709218', 9.5, 6),
(12476, 996, 'The Serpent\'s Venom', '2000-09-29', 'tt0709200', 7.9, 14),
(12477, 996, 'The First Ones', '2000-08-18', 'tt0709189', 7.8, 8),
(12478, 996, 'Point of No Return', '2000-09-08', 'tt0709140', 7.7, 11),
(12479, 996, 'Crossroads', '2000-07-21', 'tt0709063', 7.4, 4),
(12480, 996, 'Absolute Power', '2001-01-19', 'tt0709034', 7.9, 17),
(12481, 996, 'Double Jeopardy', '2001-02-16', 'tt0709074', 8.1, 21),
(12482, 996, 'Prodigy', '2001-02-02', 'tt0709145', 7.5, 19),
(12483, 996, 'Exodus', '2001-02-23', 'tt0709085', 8.6, 22),
(12484, 996, 'The Light', '2001-01-26', 'tt0709193', 7, 18),
(12485, 996, 'The Other Side', '2000-07-07', 'tt0709196', 8, 2),
(12486, 996, 'Upgrades', '2000-07-14', 'tt0709215', 8.5, 3),
(12487, 996, 'Beneath the Surface', '2000-09-01', 'tt0709048', 7.6, 10),
(12488, 996, 'Tangent', '2000-09-15', 'tt0709180', 7.9, 12),
(12489, 996, 'The Curse', '2000-09-22', 'tt0709183', 7.7, 13),
(12490, 996, 'Small Victories', '2000-06-30', 'tt0709173', 8.7, 1),
(12491, 996, 'Chain Reaction', '2001-01-05', 'tt0709054', 8.2, 15),
(12492, 996, 'Divide and Conquer', '2000-07-28', 'tt0709073', 8.2, 5),
(12493, 996, '2010', '2001-01-12', 'tt0709030', 8.6, 16),
(12494, 996, 'Scorched Earth', '2000-08-25', 'tt0709163', 7.8, 9),
(12495, 996, 'Entity', '2001-02-09', 'tt0709080', 7.1, 20),
(12496, 996, 'Watergate', '2000-08-11', 'tt0709217', 7.7, 7),
(12497, 997, 'Paradise Lost', '2003-01-31', 'tt0709138', 7.8, 15),
(12498, 997, 'Redemption: Part 1', '2002-06-07', 'tt0709154', 8.1, 1),
(12499, 997, 'Redemption: Part 2', '2002-06-14', 'tt0709155', 8.6, 2),
(12500, 997, 'The Other Guys', '2002-08-02', 'tt0709195', 8.1, 8),
(12501, 997, 'Nightwalkers', '2002-07-12', 'tt0709132', 7.4, 5),
(12502, 997, 'The Changeling', '2003-02-28', 'tt0709182', 8, 19),
(12503, 997, 'Shadow Play', '2002-07-26', 'tt0709169', 7.5, 7),
(12504, 997, 'Sight Unseen', '2003-01-17', 'tt0709171', 7.1, 13),
(12505, 997, 'Unnatural Selection', '2003-01-10', 'tt0709214', 8.8, 12),
(12506, 997, 'Allegiance', '2002-08-09', 'tt0709037', 8.2, 9),
(12507, 997, 'Metamorphosis', '2003-02-07', 'tt0709124', 7.3, 16),
(12508, 997, 'Full Circle', '2003-03-21', 'tt0709098', 8.9, 22),
(12509, 997, 'Cure', '2002-08-16', 'tt0709066', 7.9, 10),
(12510, 997, 'Forsaken', '2003-02-21', 'tt0709094', 7.7, 18),
(12511, 997, 'Abyss', '2002-07-19', 'tt0709035', 8.6, 6),
(12512, 997, 'Frozen', '2002-06-28', 'tt0709096', 7.8, 4),
(12513, 997, 'Memento', '2003-03-07', 'tt0709120', 7.8, 20),
(12514, 997, 'Prophecy', '2003-03-14', 'tt0709148', 7.7, 21),
(12515, 997, 'Descent', '2002-06-21', 'tt0709070', 8.4, 3),
(12516, 997, 'Prometheus', '2002-08-23', 'tt0709146', 8.4, 11),
(12517, 997, 'Disclosure', '2003-02-14', 'tt0709072', 6.8, 17),
(12518, 997, 'Smoke & Mirrors', '2003-01-24', 'tt0709174', 8, 14),
(12519, 998, 'Suspicion', '2004-08-06', 'tt0709244', 7.3, 4),
(12520, 998, 'Thirty Eight Minutes', '2004-07-30', 'tt0709258', 7.9, 3),
(12521, 998, 'The Storm', '2004-09-17', 'tt0709256', 8.3, 9),
(12522, 998, 'Hot Zone', '2005-02-04', 'tt0709235', 7.5, 12),
(12523, 998, 'The Defiant One', '2005-01-28', 'tt0709246', 8.2, 11),
(12524, 998, 'Before I Sleep', '2005-02-18', 'tt0709224', 8.1, 14),
(12525, 998, 'Home', '2004-09-10', 'tt0709234', 8, 8),
(12526, 998, 'Sanctuary', '2005-02-11', 'tt0709243', 7.8, 13),
(12527, 998, 'Letters from Pegasus', '2005-03-04', 'tt0709237', 7.7, 16),
(12528, 998, 'The Brotherhood', '2005-02-25', 'tt0709245', 7.6, 15),
(12529, 998, 'Poisoning the Well', '2004-08-20', 'tt0709239', 7.7, 6),
(12530, 998, 'Rising', '2004-07-16', 'tt0426236', 8.5, 1),
(12531, 998, 'Childhood\'s End', '2004-08-13', 'tt0709225', 7.4, 5),
(12532, 998, 'The Siege: Part 1', '2005-03-18', 'tt0709253', 8.4, 18),
(12533, 998, 'Hide and Seek', '2004-07-23', 'tt0709233', 7.6, 2),
(12534, 998, 'The Gift', '2005-03-11', 'tt0709248', 7.4, 17),
(12535, 998, 'Underground', '2004-08-27', 'tt0709260', 7.6, 7),
(12536, 998, 'The Siege: Part 2', '2005-03-25', 'tt0709254', 8.7, 19),
(12537, 998, 'The Eye', '2005-01-21', 'tt0709247', 8.5, 10),
(12538, 999, 'Aurora', '2005-09-23', 'tt0709223', 8.4, 9),
(12539, 999, 'The Siege: Part 3', '2005-07-15', 'tt0709255', 8.7, 1),
(12540, 999, 'Grace Under Pressure', '2006-01-27', 'tt0709232', 7.9, 14),
(12541, 999, 'Epiphany', '2006-01-13', 'tt0709231', 7.8, 12),
(12542, 999, 'Coup D\'etat', '2006-02-17', 'tt0709228', 7.9, 17),
(12543, 999, 'Trinity', '2005-08-19', 'tt0709259', 7.8, 6),
(12544, 999, 'Inferno', '2006-03-03', 'tt0757745', 8.2, 19),
(12545, 999, 'Duet', '2005-08-05', 'tt0709230', 8.3, 4),
(12546, 999, 'Allies', '2006-03-10', 'tt0709222', 8.5, 20),
(12547, 999, 'Michael', '2006-02-24', 'tt0709238', 8.1, 18),
(12548, 999, 'The Hive', '2006-01-06', 'tt0709249', 8, 11),
(12549, 999, 'The Long Goodbye', '2006-02-10', 'tt0709251', 7, 16),
(12550, 999, 'Conversion', '2005-09-09', 'tt0709227', 7.6, 8),
(12551, 999, 'Instinct', '2005-08-26', 'tt0709236', 7.5, 7),
(12552, 999, 'The Intruder', '2005-07-22', 'tt0709250', 7.5, 2),
(12553, 999, 'Critical Mass', '2006-01-20', 'tt0709229', 7.8, 13),
(12554, 999, 'The Tower', '2006-02-03', 'tt0709257', 7.2, 15),
(12555, 999, 'Runner', '2005-07-29', 'tt0709242', 8.1, 3),
(12556, 999, 'Condemned', '2005-08-12', 'tt0709226', 7.6, 5),
(12557, 999, 'The Lost Boys', '2005-09-23', 'tt0709252', 7.6, 10),
(12558, 1000, 'Tao of Rodney', '2007-05-04', 'tt0855631', 8.5, 14),
(12559, 1000, 'The Real World', '2006-08-18', 'tt0789665', 7, 6),
(12560, 1000, 'Irresistible', '2006-07-28', 'tt0786246', 6.9, 3),
(12561, 1000, 'Irresponsible', '2007-04-27', 'tt0816948', 6.8, 13),
(12562, 1000, 'Sunday', '2007-06-01', 'tt0854027', 8.5, 17),
(12563, 1000, 'McKay and Mrs. Miller', '2006-09-08', 'tt0795290', 8.5, 8),
(12564, 1000, 'Sateda', '2006-08-04', 'tt0786616', 8.4, 4),
(12565, 1000, 'Echoes', '2007-04-20', 'tt0837029', 7.8, 12),
(12566, 1000, 'Phantoms', '2006-09-15', 'tt0816949', 7.2, 9),
(12567, 1000, 'The Game', '2007-05-11', 'tt0902891', 8.1, 15),
(12568, 1000, 'First Strike', '2007-06-22', 'tt0938048', 8.7, 20),
(12569, 1000, 'The Return: Part 2', '2007-04-13', 'tt0799360', 8.7, 11),
(12570, 1000, 'The Ark', '2007-05-18', 'tt0902890', 7.5, 16),
(12571, 1000, 'Submersion', '2007-01-15', 'tt0910785', 7.4, 18),
(12572, 1000, 'Vengeance', '2007-06-15', 'tt0937136', 7.6, 19),
(12573, 1000, 'Common Ground', '2006-08-25', 'tt0795289', 8.8, 7),
(12574, 1000, 'The Return: Part 1', '2006-09-22', 'tt0799359', 8.3, 10),
(12575, 1000, 'Progeny', '2006-08-11', 'tt0789664', 8.2, 5),
(12576, 1000, 'Misbegotten', '2006-07-21', 'tt0773982', 7.5, 2),
(12577, 1001, 'Tracker', '2008-09-19', 'tt1252217', 7.9, 9),
(12578, 1001, 'Broken Ties', '2008-07-25', 'tt1252211', 7.3, 3),
(12579, 1001, 'Inquisition', '2008-10-24', 'tt1252201', 6.2, 13),
(12580, 1001, 'Search and Rescue', '2008-07-11', 'tt1252218', 7.9, 1),
(12581, 1001, 'The Seed', '2008-07-18', 'tt1252209', 7.2, 2),
(12582, 1001, 'The Shrine', '2008-08-22', 'tt1252214', 8.7, 6),
(12583, 1001, 'Infection', '2008-12-05', 'tt1252206', 7.7, 17),
(12584, 1001, 'The Queen', '2008-09-12', 'tt1252216', 8, 8),
(12585, 1001, 'Brain Storm', '2008-11-21', 'tt1252205', 7.9, 16),
(12586, 1001, 'Outsiders', '2008-10-17', 'tt1252202', 7.3, 12),
(12587, 1001, 'Identity', '2008-12-12', 'tt1252207', 7.3, 18),
(12588, 1001, 'Vegas', '2008-12-19', 'tt1252208', 8.3, 19),
(12589, 1001, 'The Daedalus Variations', '2008-08-01', 'tt1252212', 8.5, 4),
(12590, 1001, 'Whispers', '2008-09-05', 'tt1252215', 7.6, 7),
(12591, 1001, 'The Prodigal', '2008-11-07', 'tt1252203', 8.2, 14),
(12592, 1001, 'Ghost in the Machine', '2008-08-15', 'tt1252213', 7.6, 5),
(12593, 1001, 'The Lost Tribe', '2008-10-10', 'tt1252200', 8.8, 11),
(12594, 1001, 'Remnants', '2008-11-14', 'tt1252204', 7.8, 15);
INSERT INTO `episode` (`id`, `season_id`, `title`, `date`, `imdb`, `imdbrating`, `number`) VALUES
(12595, 1001, 'Enemy at the Gate', '2009-01-09', 'tt1252210', 8.8, 20),
(12596, 1001, 'First Contact', '2008-09-26', 'tt1252199', 9, 10),
(12597, 1002, 'This Mortal Coil', '2007-12-07', 'tt1015101', 8.2, 10),
(12598, 1002, 'The Kindred: Part 1', '2008-02-22', 'tt1173419', 7.8, 18),
(12599, 1002, 'Harmony', '2008-01-25', 'tt1164724', 7.4, 14),
(12600, 1002, 'The Last Man', '2008-03-07', 'tt1178529', 8.7, 20),
(12601, 1002, 'Adrift', '2007-09-28', 'tt0957335', 8.6, 1),
(12602, 1002, 'The Seer', '2007-11-16', 'tt0958770', 8, 8),
(12603, 1002, 'Travelers', '2007-10-26', 'tt0958771', 7.8, 5),
(12604, 1002, 'Tabula Rasa', '2007-11-02', 'tt0990934', 8.2, 6),
(12605, 1002, 'Missing', '2007-11-09', 'tt0990933', 7.4, 7),
(12606, 1002, 'Doppelganger', '2007-10-19', 'tt0958767', 7.2, 4),
(12607, 1002, 'Miller\'s Crossing', '2007-11-30', 'tt1013376', 8, 9),
(12608, 1002, 'Midway', '2008-02-15', 'tt1169919', 8.8, 17),
(12609, 1002, 'Spoils of War', '2008-01-11', 'tt1036452', 8.1, 12),
(12610, 1002, 'Be All My Sins Remember\'d', '2008-01-04', 'tt1036451', 9.2, 11),
(12611, 1002, 'Trio', '2008-02-08', 'tt1169920', 7.5, 16),
(12612, 1002, 'Lifeline', '2007-10-05', 'tt0958768', 8.6, 2),
(12613, 1002, 'Reunion', '2007-10-12', 'tt0958769', 7.8, 3),
(12614, 1002, 'The Kindred: Part 2', '2008-02-29', 'tt1173420', 8, 19),
(12615, 1002, 'Outcast', '2008-02-01', 'tt1164725', 7.4, 15),
(12616, 1002, 'Quarantine', '2008-01-18', 'tt1164726', 7.5, 13),
(12617, 1003, 'Aftermath', '2010-10-05', 'tt1648681', 7.6, 2),
(12618, 1003, 'Twin Destinies', '2011-03-14', 'tt1720543', 8.7, 12),
(12619, 1003, 'Malice', '2010-11-16', 'tt1657155', 8.1, 8),
(12620, 1003, 'The Greater Good', '2010-11-09', 'tt1656858', 8.2, 7),
(12621, 1003, 'Deliverance', '2011-03-07', 'tt1720537', 7.9, 11),
(12622, 1003, 'Pathogen', '2010-10-19', 'tt1648683', 7.4, 4),
(12623, 1003, 'Trial and Error', '2010-11-02', 'tt1648685', 7.6, 6),
(12624, 1003, 'Resurgence', '2010-11-30', 'tt1656857', 8.1, 10),
(12625, 1003, 'Common Descent', '2011-04-18', 'tt1720536', 8.5, 17),
(12626, 1003, 'Intervention', '2010-09-28', 'tt1645556', 7.6, 1),
(12627, 1003, 'Gauntlet', '2011-05-09', 'tt1720538', 9, 20),
(12628, 1003, 'Seizure', '2011-04-04', 'tt1720541', 8.2, 15),
(12629, 1003, 'Visitation', '2010-11-23', 'tt1656859', 7.4, 9),
(12630, 1003, 'Epilogue', '2011-04-25', 'tt1720540', 8.6, 18),
(12631, 1003, 'The Hunt', '2011-04-11', 'tt1720542', 7.4, 16),
(12632, 1003, 'Blockade', '2011-05-02', 'tt1720535', 8.4, 19),
(12633, 1003, 'Alliances', '2011-03-21', 'tt1720534', 8, 13),
(12634, 1003, 'Hope', '2011-03-28', 'tt1720539', 8.2, 14),
(12635, 1003, 'Awakening', '2010-10-12', 'tt1648682', 8.1, 3),
(12636, 1003, 'Cloverdale', '2010-10-26', 'tt1648684', 6.4, 5),
(12637, 1004, 'Air: Part 3', '2009-10-09', 'tt1394935', 7.3, 3),
(12638, 1004, 'Space', '2010-04-02', 'tt1401019', 8, 11),
(12639, 1004, 'Incursion: Part 1', '2010-06-04', 'tt1487021', 8, 19),
(12640, 1004, 'Justice', '2009-12-04', 'tt1401017', 7.7, 10),
(12641, 1004, 'Darkness', '2009-10-16', 'tt1394937', 7.3, 4),
(12642, 1004, 'Time', '2009-11-13', 'tt1394938', 7.8, 8),
(12643, 1004, 'Divided', '2010-04-09', 'tt1413460', 7.7, 12),
(12644, 1004, 'Air: Part 2', '2009-10-02', 'tt2054469', 7.8, 2),
(12645, 1004, 'Air: Part 1', '2009-10-02', 'tt1394933', 7.7, 1),
(12646, 1004, 'Life', '2009-11-20', 'tt1401018', 6.6, 9),
(12647, 1004, 'Water', '2009-10-30', 'tt1394939', 7.2, 6),
(12648, 1004, 'Subversion', '2010-05-21', 'tt1486449', 8, 18),
(12649, 1004, 'Faith', '2010-04-16', 'tt1452803', 7.3, 13),
(12650, 1004, 'Lost', '2010-04-30', 'tt1452805', 7.8, 15),
(12651, 1004, 'Pain', '2010-05-14', 'tt1486448', 6.9, 17),
(12652, 1004, 'Human', '2010-04-23', 'tt1452806', 7.6, 14),
(12653, 1004, 'Light', '2009-10-23', 'tt1452804', 7.8, 5),
(12654, 1004, 'Earth', '2009-11-06', 'tt1394936', 7, 7),
(12655, 1004, 'Incursion: Part 2', '2010-06-11', 'tt1498129', 8, 20),
(12656, 1004, 'Sabotage', '2010-05-07', 'tt1452807', 7.7, 16),
(12657, 1005, 'Episode #4.1', NULL, 'tt9382678', NULL, 1),
(12658, 1006, 'A Fractured Inheritance', '2018-11-01', 'tt8564998', 7.9, 6),
(12659, 1006, 'The Book of Dougs', '2019-01-10', 'tt8601222', 8.1, 10),
(12660, 1006, 'Pandemonium', '2019-01-24', 'tt7853310', 8.6, 12),
(12661, 1006, 'Janet(s)', '2018-12-06', 'tt8578788', NULL, 9),
(12662, 1006, 'Chidi Sees the Time-Knife', '2019-01-17', 'tt8601216', 8.4, 11),
(12663, 1006, 'The Worst Possible Use of Free Will', '2018-11-08', 'tt8488908', 8.3, 7),
(12664, 1006, 'Jeremy Bearimy', '2018-10-18', 'tt8601210', 8.4, 4),
(12665, 1006, 'The Brainy Bunch', '2018-10-04', 'tt8601200', 7.9, 2),
(12666, 1006, 'Don\'t Let the Good Life Pass You By', '2018-11-15', 'tt8601212', 8.4, 8),
(12667, 1007, 'What\'s My Motivation', '2017-01-12', 'tt5884088', 8.4, 11),
(12668, 1007, 'Chidi\'s Choice', '2017-01-05', 'tt5884086', 8.4, 10),
(12669, 1007, 'Jason Mendoza', '2016-09-29', 'tt5789216', 8.1, 4),
(12670, 1007, 'Michael\'s Gambit', '2017-01-19', 'tt5878604', 9.5, 13),
(12671, 1007, 'What We Owe to Each Other', '2016-10-13', 'tt5884078', 8.2, 6),
(12672, 1007, 'Tahani Al-Jamil', '2016-09-22', 'tt5789214', 8.2, 3),
(12673, 1007, 'Pilot', '2016-09-19', 'tt5789204', 8.2, 1),
(12674, 1007, 'Mindy St. Claire', '2017-01-19', 'tt5884092', 8.6, 12),
(12675, 1007, '...Someone Like Me as a Member', '2016-11-03', 'tt5884080', 8.4, 9),
(12676, 1007, 'Flying', '2016-09-19', 'tt5789208', 7.8, 2),
(12677, 1007, 'Category 55 Emergency Doomsday Crisis', '2016-10-06', 'tt5881470', 8.2, 5),
(12678, 1007, 'The Eternal Shriek', '2016-10-20', 'tt5845746', 8.5, 7),
(12679, 1007, 'Most Improved Player', '2016-10-27', 'tt5845750', 8.7, 8),
(12680, 1008, 'Best Self', '2018-01-11', 'tt7064332', 8.6, 9),
(12681, 1008, 'Rhonda, Diana, Jake, and Trent', '2018-01-18', 'tt7065470', 9.1, 10),
(12682, 1008, 'Leap to Faith', '2018-01-04', 'tt7058830', 8.5, 8),
(12683, 1008, 'Dance Dance Resolution', '2017-09-20', 'tt6949036', 8.7, 2),
(12684, 1008, 'Existential Crisis', '2017-10-12', 'tt6920110', 8.1, 4),
(12685, 1008, 'Somewhere Else', '2018-02-01', 'tt7065490', 9.1, 12),
(12686, 1008, 'The Trolley Problem', '2017-10-19', 'tt6951978', 8.7, 5),
(12687, 1008, 'Episode #2.2', '2017-09-20', 'tt7065430', NULL, 2),
(12688, 1008, 'Team Cockroach', '2017-10-05', 'tt7065442', 8.2, 3),
(12689, 1008, 'Derek', '2017-11-02', 'tt7065460', 8, 7),
(12690, 1008, 'Janet and Michael', '2017-10-26', 'tt7065450', 8.3, 6),
(12691, 1008, 'Everything is Great!', '2017-09-20', 'tt6487100', 8.6, 1),
(12692, 1008, 'The Burrito', '2018-01-25', 'tt7065476', 9, 11),
(12693, 1009, 'Two-Ply (or Not Two-Ply)', '2018-11-05', 'tt8970140', 9.7, 6),
(12694, 1009, 'Aftermath', '2019-01-21', 'tt9477126', 8.2, 12),
(12695, 1009, 'Quarantine Part Two', '2019-01-14', 'tt9389430', 9.2, 11),
(12696, 1009, 'Believe', '2019-02-25', 'tt9660058', 8.4, 16),
(12697, 1009, '36 Hours', '2018-10-08', 'tt8707328', 8.6, 3),
(12698, 1009, 'Tough Titmouse', '2018-10-15', 'tt8970130', 8.6, 4),
(12699, 1009, 'Stories', '2018-11-19', 'tt9174064', 8.5, 8),
(12700, 1009, 'Empathy', '2018-11-26', 'tt9248698', 8.3, 9),
(12701, 1009, 'Trampoline', '2019-03-11', 'tt9660062', 9.3, 18),
(12702, 1009, 'Risk and Reward', '2019-02-18', 'tt9442014', 8.6, 15),
(12703, 1010, 'Oliver', '2017-10-09', 'tt7375334', 7.7, 3),
(12704, 1010, 'Pain', '2018-03-12', 'tt7762900', 8.1, 16),
(12705, 1010, 'Pipes', '2017-10-16', 'tt7375342', 8.3, 4),
(12706, 1010, 'More', '2018-03-26', 'tt7762906', 9, 18),
(12707, 1010, 'Heartfelt', '2018-02-26', 'tt7762890', 7.5, 15),
(12708, 1010, 'Sacrifice', '2017-12-04', 'tt7536406', 8.2, 10),
(12709, 1010, 'She', '2018-02-05', 'tt7762884', 7.1, 14),
(12710, 1010, 'Islands: Part Two', '2018-01-15', 'tt7536386', 8, 12),
(12711, 1011, 'Til Death Do You Part', '2016-03-21', 'tt4898748', 8.4, 3),
(12712, 1011, 'Episode #4.10', '2016-05-09', 'tt4926018', NULL, 10),
(12713, 1011, 'Forever', '2016-05-09', 'tt5465506', NULL, 9),
(12714, 1011, 'Goodnight, Mother', '2016-03-14', 'tt4893084', 9.3, 2),
(12715, 1011, 'Unfaithful', '2016-05-02', 'tt5465504', 8.9, 8),
(12716, 1011, 'There\'s No Place Like Home', '2016-04-25', 'tt5465502', 8.5, 7),
(12717, 1011, 'The Vault', '2016-04-18', 'tt5443060', 8.9, 6),
(12718, 1012, 'Dreams Die First', '2017-03-20', 'tt5745138', 8.9, 5),
(12719, 1012, 'Dark Paradise', '2017-02-20', 'tt4776694', 8.8, 1),
(12720, 1012, 'Hidden', '2017-03-13', 'tt5745860', 8.7, 4),
(12721, 1012, 'The Cord', '2017-04-24', 'tt5465510', 9.3, 10),
(12722, 1012, 'Visiting Hours', '2017-04-17', 'tt5747264', 9.1, 9),
(12723, 1012, 'Inseparable', '2017-04-03', 'tt5747258', 9.3, 7),
(12724, 1012, 'Bad Blood', '2017-03-06', 'tt5480332', 8.7, 3),
(12725, 1012, 'The Body', '2017-04-10', 'tt5747262', 9.1, 8),
(12726, 1012, 'The Convergence of the Twain', '2017-02-27', 'tt5467880', 9.1, 2),
(12727, 1013, 'The Man in Number 9', '2013-04-29', 'tt2539220', 8.2, 7),
(12728, 1013, 'A Boy and His Dog', '2013-05-06', 'tt2539226', 8.3, 8),
(12729, 1013, 'Midnight', '2013-05-20', 'tt2539238', 8.8, 10),
(12730, 1013, 'Nice Town You Picked, Norma...', '2013-03-25', 'tt2491012', 8.2, 2),
(12731, 1013, 'What\'s Wrong with Norman', '2013-04-01', 'tt2657030', 8.4, 3),
(12732, 1013, 'Ocean View', '2013-04-15', 'tt2657032', 8.4, 5),
(12733, 1013, 'First You Dream, Then You Die', '2013-03-18', 'tt2491002', 8.3, 1),
(12734, 1013, 'The Truth', '2013-04-22', 'tt2657028', 8.8, 6),
(12735, 1013, 'Trust Me', '2013-04-08', 'tt2657056', 8.4, 4),
(12736, 1014, 'Gone But Not Forgotten', '2014-03-03', 'tt2828616', 8.6, 1),
(12737, 1014, 'Shadow of a Doubt', '2014-03-10', 'tt3361956', 8.3, 2),
(12738, 1014, 'Caleb', '2014-03-17', 'tt3530980', 8.7, 3),
(12739, 1014, 'The Immutable Truth', '2014-05-05', 'tt3427384', 9, 10),
(12740, 1014, 'The Box', '2014-04-28', 'tt3427382', 8.9, 9),
(12741, 1014, 'The Escape Artist', '2014-03-31', 'tt3264300', 8.3, 5),
(12742, 1014, 'Presumed Innocent', '2014-04-14', 'tt3255552', 8.5, 7),
(12743, 1014, 'Plunge', '2014-04-07', 'tt3630704', 8.8, 6),
(12744, 1014, 'Meltdown', '2014-04-21', 'tt3645372', 8.6, 8),
(12745, 1015, 'Unbreak-Able', '2015-03-30', 'tt4257156', 8.3, 4),
(12746, 1015, 'Norma Louise', '2015-04-13', 'tt4260872', 9.3, 6),
(12747, 1015, 'A Death in the Family', '2015-03-09', 'tt3654480', 8.5, 1),
(12748, 1015, 'Crazy', '2015-05-04', 'tt4260878', 8.7, 9),
(12749, 1015, 'The Deal', '2015-04-06', 'tt4260870', 8.9, 5),
(12750, 1015, 'The Last Supper', '2015-04-20', 'tt4260874', 9, 7),
(12751, 1015, 'The Pit', '2015-04-27', 'tt4260876', 8.8, 8),
(12752, 1015, 'Persuasion', '2015-03-23', 'tt4260866', 8.7, 3),
(12753, 1016, 'The Seal Is Broken', '2017-01-25', 'tt6387640', 8.3, 13),
(12754, 1016, 'There Goes the Neighborhood', '2016-10-12', 'tt6001278', 8.2, 4),
(12755, 1016, 'Fashion Police', '2016-11-16', 'tt6177724', 8.3, 7),
(12756, 1016, 'Spilt Milk', '2016-10-19', 'tt6001296', 8.3, 5),
(12757, 1016, 'Jingle Bell Glock', '2016-12-07', 'tt6140970', 8.7, 9),
(12758, 1016, 'Brotherly Love', '2017-01-18', 'tt6318164', 8.3, 12),
(12759, 1016, 'The Murtaugh File', '2017-02-08', 'tt6445468', 8.5, 14),
(12760, 1016, 'As Good as It Getz', '2017-02-15', 'tt6481958', 8.7, 15),
(12761, 1016, 'Homebodies', '2017-01-04', 'tt6230824', 8.2, 10),
(12762, 1016, 'Lawmen', '2017-01-11', 'tt6367998', 8.4, 11),
(12763, 1016, 'Unnecessary Roughness', '2017-02-22', 'tt6494420', 8.1, 16),
(12764, 1016, 'A Problem Like Maria', '2017-03-08', 'tt6514460', 8.6, 17),
(12765, 1016, 'Surf N Turf', '2016-09-28', 'tt6001260', 8.3, 2),
(12766, 1016, 'Best Buds', '2016-10-05', 'tt6001266', 8.1, 3),
(12767, 1016, 'Commencement', '2017-03-15', 'tt6512850', 9.2, 18),
(12768, 1016, 'Ties That Bind', '2016-11-09', 'tt6059770', 8.1, 6),
(12769, 1016, 'Can I Get a Witness?', '2016-11-30', 'tt6230818', 8.5, 8),
(12770, 1017, 'Leo Getz Justice', '2018-10-16', 'tt8412770', 5.8, 4),
(12771, 1017, 'Coyote Ugly', '2019-02-12', 'tt8412786', 6.4, 13),
(12772, 1017, 'A Whole Lotto Trouble', '2018-10-09', 'tt8412768', 6.4, 3),
(12773, 1017, 'What the Puck', '2018-11-27', 'tt8412778', 7.1, 8),
(12774, 1017, 'The Roger and Me', '2019-01-15', 'tt8412790', 7.3, 12),
(12775, 1017, 'In the Same Boat', '2018-09-25', 'tt8412764', 5.9, 1),
(12776, 1017, 'Dial M for Murtaugh', '2019-01-08', 'tt8412788', 8, 11),
(12777, 1017, 'There Will Be Bud', '2019-01-01', 'tt8412780', 7.8, 10),
(12778, 1017, 'The Spy Who Loved Me', '2019-02-26', 'tt8412792', 8.5, 15),
(12779, 1017, 'Episode #3.20', NULL, 'tt8412802', NULL, 20),
(12780, 1017, 'Need to Know', '2018-10-02', 'tt8412766', 6.1, 2),
(12781, 1017, 'Episode #3.14', NULL, 'tt8412784', NULL, 14),
(12782, 1018, 'Leo Getz Hitched', '2018-04-17', 'tt6567808', 8.2, 19),
(12783, 1018, 'An Inconvenient Ruth', '2018-02-06', 'tt6567800', 8.7, 15),
(12784, 1018, 'Wreck the Halls', '2017-12-12', 'tt6567788', 9.2, 10),
(12785, 1018, 'Family Ties', '2018-05-01', 'tt6567810', 8.3, 21),
(12786, 1018, 'Ruthless', '2018-02-27', 'tt6567802', 7.7, 16),
(12787, 1018, 'One Day More', '2018-05-08', 'tt6567814', 8.8, 22),
(12788, 1018, 'Funny Money', '2018-01-02', 'tt6567790', 8.3, 11),
(12789, 1018, 'El Gringo Loco', '2017-09-26', 'tt6566266', 8.8, 1),
(12790, 1018, 'Dancing in September', '2017-10-03', 'tt6567770', 8.6, 2),
(12791, 1018, 'Gold Rush', '2017-11-14', 'tt6567776', 8.4, 6),
(12792, 1018, 'Double Shot of Baileys', '2018-01-23', 'tt6567798', 8.3, 14),
(12793, 1018, 'Fools Rush In', '2017-12-05', 'tt6567786', 8.4, 9),
(12794, 1018, 'Better Living Through Chemistry', '2018-01-16', 'tt6567796', 8.3, 13),
(12795, 1018, 'Fork-Getta-Bout-It', '2017-11-28', 'tt6567782', 7.7, 8),
(12796, 1018, 'The Odd Couple', '2018-03-06', 'tt6567804', 8.4, 17),
(12797, 1018, 'Born to Run', '2017-10-10', 'tt6567772', 8.3, 3),
(12798, 1018, 'Frankie Comes to Hollywood', '2018-04-10', 'tt6567806', 8.3, 18),
(12799, 1018, 'Jesse\'s Girl', '2018-04-24', 'tt6567812', 8.4, 20),
(12800, 1018, 'Flight Risk', '2017-10-17', 'tt6567774', 8.5, 4),
(12801, 1018, 'Let It Ride', '2017-11-07', 'tt6567778', 8.6, 5),
(12802, 1018, 'Diggin\' Up Dirt', '2018-01-09', 'tt6567794', 8.3, 12),
(12803, 1018, 'Birdwatching', '2017-11-21', 'tt6567780', 8.2, 7),
(12877, 1027, 'The Red Woman', '2016-04-24', 'tt3658014', 8.5, 1),
(12878, 1027, 'The Broken Man', '2016-06-05', 'tt4283060', 8.6, 7),
(12879, 1027, 'Blood of My Blood', '2016-05-29', 'tt4283054', 8.4, 6),
(12880, 1027, 'Home', '2016-05-01', 'tt4077554', 9.4, 2),
(12881, 1027, 'Book of the Stranger', '2016-05-15', 'tt4283016', 9.1, 4),
(12882, 1027, 'The Door', '2016-05-22', 'tt4283028', 9.7, 5),
(12883, 1027, 'No One', '2016-06-12', 'tt4283074', 8.4, 8),
(12884, 1027, 'The Winds of Winter', '2016-06-26', 'tt4283094', 9.9, 10),
(12885, 1027, 'Battle of the Bastards', '2016-06-19', 'tt4283088', 9.9, 9),
(12886, 1027, 'Oathbreaker', '2016-05-08', 'tt4131606', 8.7, 3),
(12887, 1028, 'Eastwatch', '2017-08-13', 'tt5775854', 8.8, 5),
(12888, 1028, 'The Dragon and the Wolf', '2017-08-27', 'tt5775874', 9.4, 7),
(12889, 1028, 'The Queen\'s Justice', '2017-07-30', 'tt5775840', 9.2, 3),
(12890, 1028, 'Beyond the Wall', '2017-08-20', 'tt5775864', 9, 6),
(12891, 1028, 'Dragonstone', '2017-07-16', 'tt5654088', 8.6, 1),
(12892, 1028, 'Stormborn', '2017-07-23', 'tt5655178', 8.9, 2),
(12893, 1028, 'The Spoils of War', '2017-08-06', 'tt5775846', 9.8, 4),
(12894, 1029, 'Winter Is Coming', '2011-04-17', 'tt1480055', 9, 1),
(12895, 1029, 'Fire and Blood', '2011-06-19', 'tt1851397', 9.5, 10),
(12896, 1029, 'The Pointy End', '2011-06-05', 'tt1837864', 9, 8),
(12897, 1029, 'Baelor', '2011-06-12', 'tt1851398', 9.6, 9),
(12898, 1029, 'The Kingsroad', '2011-04-24', 'tt1668746', 8.8, 2),
(12899, 1029, 'The Wolf and the Lion', '2011-05-15', 'tt1829964', 9.1, 5),
(12900, 1029, 'A Golden Crown', '2011-05-22', 'tt1837862', 9.2, 6),
(12901, 1029, 'You Win or You Die', '2011-05-29', 'tt1837863', 9.2, 7),
(12902, 1029, 'Cripples, Bastards, and Broken Things', '2011-05-08', 'tt1829963', 8.8, 4),
(12903, 1029, 'Lord Snow', '2011-05-01', 'tt1829962', 8.7, 3),
(12904, 1030, 'The Bells', '2019-05-12', 'tt6027916', 6, 5),
(12905, 1030, 'Winterfell', '2019-04-14', 'tt5924366', 7.6, 1),
(12906, 1030, 'A Knight of the Seven Kingdoms', '2019-04-21', 'tt6027908', 7.9, 2),
(12907, 1030, 'The Long Night', '2019-04-28', 'tt6027912', 7.5, 3),
(12908, 1030, 'The Last of the Starks', '2019-05-05', 'tt6027914', 5.5, 4),
(12909, 1030, 'The Iron Throne', '2019-05-19', 'tt6027920', 4.1, 6),
(12910, 1031, 'The Dance of Dragons', '2015-06-07', 'tt3866826', 9.5, 9),
(12911, 1031, 'High Sparrow', '2015-04-26', 'tt3866836', 8.5, 3),
(12912, 1031, 'Hardhome', '2015-05-31', 'tt3866850', 9.9, 8),
(12913, 1031, 'Unbowed, Unbent, Unbroken', '2015-05-17', 'tt3866842', 8, 6),
(12914, 1031, 'The Wars to Come', '2015-04-12', 'tt3658012', 8.5, 1),
(12915, 1031, 'Mother\'s Mercy', '2015-06-14', 'tt3866862', 9.1, 10),
(12916, 1031, 'Sons of the Harpy', '2015-05-03', 'tt3866838', 8.7, 4),
(12917, 1031, 'The House of Black and White', '2015-04-19', 'tt3846626', 8.5, 2),
(12918, 1031, 'Kill the Boy', '2015-05-10', 'tt3866840', 8.6, 5),
(12919, 1031, 'The Gift', '2015-05-24', 'tt3866846', 9, 7),
(12920, 1032, 'Garden of Bones', '2012-04-22', 'tt2069319', 8.8, 4),
(12921, 1032, 'The North Remembers', '2012-04-01', 'tt1971833', 8.8, 1),
(12922, 1032, 'The Old Gods and the New', '2012-05-06', 'tt2085238', 9.1, 6),
(12923, 1032, 'The Night Lands', '2012-04-08', 'tt2069318', 8.5, 2),
(12924, 1032, 'The Prince of Winterfell', '2012-05-20', 'tt2085240', 8.8, 8),
(12925, 1032, 'The Ghost of Harrenhal', '2012-04-29', 'tt2074658', 8.8, 5),
(12926, 1032, 'Valar Morghulis', '2012-06-03', 'tt2112510', 9.4, 10),
(12927, 1032, 'What Is Dead May Never Die', '2012-04-15', 'tt2070135', 8.8, 3),
(12928, 1032, 'Blackwater', '2012-05-27', 'tt2084342', 9.7, 9),
(12929, 1032, 'A Man Without Honor', '2012-05-13', 'tt2085239', 8.9, 7),
(12930, 1033, 'First of His Name', '2014-05-04', 'tt3060856', 8.7, 5),
(12931, 1033, 'Two Swords', '2014-04-06', 'tt2816136', 9.1, 1),
(12932, 1033, 'Breaker of Chains', '2014-04-20', 'tt2972426', 8.9, 3),
(12933, 1033, 'The Watchers on the Wall', '2014-06-08', 'tt3060858', 9.6, 9),
(12934, 1033, 'Oathkeeper', '2014-04-27', 'tt2972428', 8.8, 4),
(12935, 1033, 'Mockingbird', '2014-05-18', 'tt3060876', 9.1, 7),
(12936, 1033, 'The Lion and the Rose', '2014-04-13', 'tt2832378', 9.7, 2),
(12937, 1033, 'The Mountain and the Viper', '2014-06-01', 'tt3060782', 9.7, 8),
(12938, 1033, 'The Children', '2014-06-15', 'tt3060860', 9.7, 10),
(12939, 1033, 'The Laws of Gods and Men', '2014-05-11', 'tt3060910', 9.7, 6),
(12940, 1034, 'Dark Wings, Dark Words', '2013-04-07', 'tt2178772', 8.6, 2),
(12941, 1034, 'Second Sons', '2013-05-19', 'tt2178806', 9, 8),
(12942, 1034, 'The Rains of Castamere', '2013-06-02', 'tt2178784', 9.9, 9),
(12943, 1034, 'Valar Dohaeris', '2013-03-31', 'tt2178782', 8.8, 1),
(12944, 1034, 'The Climb', '2013-05-05', 'tt2178812', 8.8, 6),
(12945, 1034, 'The Bear and the Maiden Fair', '2013-05-12', 'tt2178814', 8.7, 7),
(12946, 1034, 'And Now His Watch Is Ended', '2013-04-21', 'tt2178798', 9.6, 4),
(12947, 1034, 'Walk of Punishment', '2013-04-14', 'tt2178802', 8.9, 3),
(12948, 1034, 'Mhysa', '2013-06-09', 'tt2178796', 9.1, 10),
(12949, 1034, 'Kissed by Fire', '2013-04-28', 'tt2178788', 9, 5),
(12950, 1035, 'Every Silver Lining...', '2013-07-07', 'tt2578758', 8.1, 2),
(12951, 1035, 'A Beautiful Day', '2013-06-30', 'tt2577702', 8.7, 1),
(12952, 1035, 'Make Your Own Kind of Music', '2013-08-25', 'tt2578782', 7.5, 9),
(12953, 1035, 'Scar Tissue', '2013-07-21', 'tt2578762', 8.1, 4),
(12954, 1035, 'Monkey in a Box', '2013-09-15', 'tt2578790', 7.3, 11),
(12955, 1035, 'Goodbye Miami', '2013-09-08', 'tt2578788', 6.9, 10),
(12956, 1035, 'A Little Reflection', '2013-08-04', 'tt2578770', 7.8, 6),
(12957, 1035, 'Remember the Monsters?', '2013-09-22', 'tt2578802', 4.6, 12),
(12958, 1035, 'This Little Piggy', '2013-07-28', 'tt2578764', 8, 5),
(12959, 1035, 'Are We There Yet?', '2013-08-18', 'tt2578778', 8.2, 8),
(12960, 1035, 'What\'s Eating Dexter Morgan?', '2013-07-14', 'tt2578760', 8.2, 3),
(12961, 1035, 'Dress Code', '2013-08-11', 'tt2578776', 7.7, 7),
(12962, 1036, 'Crocodile', '2006-10-08', 'tt0757186', 8.4, 2),
(12963, 1036, 'Dexter', '2006-10-01', 'tt0785280', 8.8, 1),
(12964, 1036, 'Return to Sender', '2006-11-05', 'tt0836899', 9, 6),
(12965, 1036, 'Seeing Red', '2006-12-03', 'tt0866568', 9.2, 10),
(12966, 1036, 'Let\'s Give the Boy a Hand', '2006-10-22', 'tt0824887', 8.7, 4),
(12967, 1036, 'Love American Style', '2006-10-29', 'tt0823912', 8.6, 5),
(12968, 1036, 'Shrink Wrap', '2006-11-19', 'tt0859273', 9, 8),
(12969, 1036, 'Born Free', '2006-12-17', 'tt0877058', 9.6, 12),
(12970, 1036, 'Truth Be Told', '2006-12-10', 'tt0866569', 9.3, 11),
(12971, 1037, 'Take It!', '2010-11-14', 'tt1720655', 8.9, 8),
(12972, 1037, 'Hop a Freighter', '2010-12-05', 'tt1733345', 8.9, 11),
(12973, 1037, 'My Bad', '2010-09-26', 'tt1615586', 8.9, 1),
(12974, 1037, 'Beauty and the Beast', '2010-10-17', 'tt1691360', 8.5, 4),
(12975, 1037, 'The Big One', '2010-12-12', 'tt1733344', 8.9, 12),
(12976, 1037, 'Hello, Bandit', '2010-10-03', 'tt1681772', 8.3, 2),
(12977, 1037, 'Teenage Wasteland', '2010-11-21', 'tt1733347', 9, 9),
(12978, 1037, 'First Blood', '2010-10-24', 'tt1699327', 8.2, 5),
(12979, 1037, 'Everything Is Illumenated', '2010-10-31', 'tt1699544', 8.9, 6),
(12980, 1037, 'In the Beginning', '2010-11-28', 'tt1733346', 9, 10),
(12981, 1038, 'The Angel of Death', '2011-10-30', 'tt1890883', 8.2, 5),
(12982, 1038, 'Talk to the Hand', '2011-12-11', 'tt1890878', 8.4, 11),
(12983, 1038, 'Ricochet Rabbit', '2011-12-04', 'tt1890877', 8.2, 10),
(12984, 1038, 'Sin of Omission', '2011-11-20', 'tt1890886', 8, 8),
(12985, 1038, 'A Horse of a Different Color', '2011-10-23', 'tt1890882', 8.6, 4),
(12986, 1038, 'This Is the Way the World Ends', '2011-12-18', 'tt1890879', 9.2, 12),
(12987, 1038, 'Just Let Go', '2011-11-06', 'tt1890884', 8.6, 6),
(12988, 1038, 'Once Upon a Time...', '2011-10-09', 'tt1890880', 8.2, 2),
(12989, 1038, 'Nebraska', '2011-11-13', 'tt1890885', 8, 7),
(12990, 1038, 'Those Kinds of Things', '2011-10-02', 'tt1790076', 8.7, 1),
(12991, 1038, 'Smokey and the Bandit', '2011-10-16', 'tt1890881', 8.3, 3),
(12992, 1038, 'Get Gellar', '2011-11-27', 'tt1890887', 8.6, 9),
(12993, 1039, 'Easy as Pie', '2008-11-09', 'tt1242120', 8.6, 7),
(12994, 1039, 'Go Your Own Way', '2008-11-30', 'tt1242112', 9.1, 10),
(12995, 1039, 'The Damage a Man Can Do', '2008-11-16', 'tt1242121', 8.7, 8),
(12996, 1039, 'All in the Family', '2008-10-19', 'tt1242117', 8.2, 4),
(12997, 1039, 'I Had a Dream', '2008-12-07', 'tt1242113', 8.9, 11),
(12998, 1039, 'Our Father', '2008-09-28', 'tt1242111', 8.4, 1),
(12999, 1039, 'Finding Freebo', '2008-10-05', 'tt1242115', 8.6, 2),
(13000, 1039, 'Sí se puede', '2008-11-02', 'tt1242119', 8.3, 6),
(13001, 1039, 'About Last Night', '2008-11-23', 'tt1242122', 8.8, 9),
(13002, 1039, 'Turning Biminese', '2008-10-26', 'tt1242118', 8.6, 5),
(13003, 1039, 'The Lion Sleeps Tonight', '2008-10-12', 'tt1242116', 8.3, 3),
(13004, 1039, 'Do You Take Dexter Morgan?', '2008-12-14', 'tt1242114', 8.9, 12),
(13005, 1040, 'That Night, a Forest Grew', '2007-11-11', 'tt1013986', 8.8, 7),
(13006, 1040, 'There\'s Something About Harry', '2007-12-02', 'tt1013978', 9, 10),
(13007, 1040, 'The British Invasion', '2007-12-16', 'tt1013980', 9.2, 12),
(13008, 1040, 'Waiting to Exhale', '2007-10-07', 'tt1013981', 8.7, 2),
(13009, 1040, 'An Inconvenient Lie', '2007-10-14', 'tt1013982', 8.8, 3),
(13010, 1040, 'It\'s Alive!', '2007-09-30', 'tt1013977', 8.8, 1),
(13011, 1040, 'Dex, Lies, and Videotape', '2007-11-04', 'tt1013985', 8.7, 6),
(13012, 1040, 'Left Turn Ahead', '2007-12-09', 'tt1013979', 9, 11),
(13013, 1040, 'Resistance Is Futile', '2007-11-25', 'tt1013988', 9.4, 9),
(13014, 1040, 'Morning Comes', '2007-11-18', 'tt1013987', 9.1, 8),
(13015, 1040, 'See-Through', '2007-10-21', 'tt1013983', 8.5, 4),
(13016, 1040, 'The Dark Defender', '2007-10-28', 'tt1013984', 8.8, 5),
(13017, 1041, 'Surprise, Motherfucker!', '2012-12-16', 'tt2235994', 9.3, 12),
(13018, 1041, 'Chemistry', '2012-11-11', 'tt2235984', 8.6, 7),
(13019, 1041, 'Helter Skelter', '2012-11-25', 'tt2235988', 8.7, 9),
(13020, 1041, 'The Dark... Whatever', '2012-12-02', 'tt2235986', 8.6, 10),
(13021, 1041, 'Argentina', '2012-11-18', 'tt2235982', 9, 8),
(13022, 1041, 'Swim Deep', '2012-10-28', 'tt2207888', 8.6, 5),
(13023, 1041, 'Are You...?', '2012-09-30', 'tt2134715', 9.5, 1),
(13024, 1041, 'Do the Wrong Thing', '2012-11-04', 'tt2207890', 8.3, 6),
(13025, 1041, 'Sunshine and Frosty Swirl', '2012-10-07', 'tt2403521', 8.9, 2),
(13026, 1041, 'Do You See What I See?', '2012-12-09', 'tt2235996', 9, 11),
(13027, 1041, 'Buck the System', '2012-10-14', 'tt2170724', 8.7, 3),
(13028, 1041, 'Run', '2012-10-21', 'tt2218408', 8.9, 4),
(13029, 1042, 'Lost Boys', '2009-11-29', 'tt1444419', 9.2, 10),
(13030, 1042, 'Dex Takes a Holiday', '2009-10-18', 'tt1444424', 9.2, 4),
(13031, 1042, 'If I Had a Hammer', '2009-11-01', 'tt1444426', 8.8, 6),
(13032, 1042, 'The Getaway', '2009-12-13', 'tt1444421', 9.8, 12),
(13033, 1042, 'Remains to Be Seen', '2009-10-04', 'tt1444422', 8.7, 2),
(13034, 1042, 'Hello, Dexter Morgan', '2009-12-06', 'tt1444420', 9.5, 11),
(13035, 1042, 'Slack Tide', '2009-11-08', 'tt1444427', 8.6, 7),
(13036, 1042, 'Dirty Harry', '2009-10-25', 'tt1444425', 9, 5),
(13037, 1042, 'Blinded by the Light', '2009-10-11', 'tt1444423', 8.4, 3),
(13038, 1042, 'Living the Dream', '2009-09-27', 'tt1444418', 8.8, 1),
(13039, 1042, 'Hungry Man', '2009-11-22', 'tt1444429', 9.4, 9),
(13040, 1042, 'Road Kill', '2009-11-15', 'tt1444428', 8.6, 8),
(13209, 1061, 'Dog Fight', '2011-09-08', 'tt2014019', 9, 12),
(13210, 1061, 'Errors and Omissions', '2011-06-30', 'tt1973785', 8.4, 2),
(13211, 1061, 'Dirty Little Secrets', '2011-07-14', 'tt1977541', 8.2, 4),
(13212, 1061, 'Inside Track', '2011-07-07', 'tt1976882', 8.3, 3),
(13213, 1061, 'Play the Man', '2011-08-04', 'tt1987364', 8.7, 7),
(13214, 1061, 'Undefeated', '2011-08-18', 'tt1985804', 8.6, 9),
(13215, 1061, 'Tricks of the Trade', '2011-07-28', 'tt1973787', 8.3, 6),
(13216, 1061, 'Bail Out', '2011-07-21', 'tt2003931', 8.4, 5),
(13217, 1061, 'The Shelf Life', '2011-08-25', 'tt1986650', 8.6, 10),
(13218, 1062, 'Special Master', '2019-07-24', 'tt9788428', 7.9, 2),
(13219, 1062, 'Windmills', '2019-07-31', 'tt9788430', 7.8, 3),
(13220, 1062, 'Cairo', '2019-08-07', 'tt9788432', 8.1, 4),
(13221, 1062, 'One Last Con', '2019-09-25', 'tt9788424', 9.6, 10),
(13222, 1062, 'Prisoner\'s Dilemma', '2019-09-11', 'tt9788440', 9, 8),
(13223, 1062, 'Scenic Route', '2019-09-04', 'tt9788438', 7.5, 7),
(13224, 1062, 'Everything\'s Changed', '2019-07-17', 'tt9654274', 8.3, 1),
(13225, 1062, 'If the Shoe Fits', '2019-08-14', 'tt9788434', 8.6, 5),
(13226, 1062, 'Whatever It Takes', '2019-08-21', 'tt9788436', 7.9, 6),
(13227, 1063, 'Managing Partner', '2018-09-19', 'tt8947536', 8.9, 10),
(13228, 1063, 'Harvey', '2019-02-27', 'tt9318638', 9, 16),
(13229, 1063, 'Peas in a Pod', '2019-02-13', 'tt9318634', 8.3, 14),
(13230, 1063, 'Whale Hunt', '2019-01-30', 'tt9318630', 7.8, 12),
(13231, 1063, 'Right-Hand Man', '2018-07-18', 'tt8258536', 7.4, 1),
(13232, 1063, 'Rocky 8', '2019-01-23', 'tt9068346', 7.8, 11),
(13233, 1063, 'Pecking Order', '2018-07-25', 'tt8717372', 7.6, 2),
(13234, 1063, 'Stalking Horse', '2019-02-20', 'tt9318636', 8.2, 15),
(13235, 1063, 'Promises, Promises', '2018-08-01', 'tt8726852', 7.7, 3),
(13236, 1063, 'Coral Gables', '2018-09-05', 'tt8885706', 7.4, 8),
(13237, 1063, 'The Greater Good', '2019-02-06', 'tt9318632', 7.9, 13),
(13238, 1063, 'Motion to Delay', '2018-09-12', 'tt8967858', 7.6, 9),
(13239, 1063, 'Good Mudding', '2018-08-15', 'tt8788454', 7.9, 5),
(13240, 1063, 'Revenue Per Square Foot', '2018-08-08', 'tt8744648', 7.8, 4),
(13241, 1063, 'Sour Grapes', '2018-08-29', 'tt8885702', 7.9, 7),
(13242, 1064, 'Character and Fitness', '2017-03-01', 'tt5937924', 9.6, 16),
(13243, 1065, 'No Puedo Hacerlo', '2015-07-15', 'tt4800888', 9.1, 4),
(13244, 1066, 'Two in the Knees', '2014-06-25', 'tt3800126', 8.5, 3),
(13245, 1066, 'One-Two-Three Go...', '2014-06-11', 'tt3285896', 8.7, 1),
(13246, 1066, 'Enough Is Enough', '2015-01-28', 'tt4231052', 9, 11),
(13247, 1066, 'Not Just a Pretty Face', '2015-03-04', 'tt4454772', 9.1, 16),
(13248, 1066, 'Leveraged', '2014-07-09', 'tt3832646', 8.4, 4),
(13249, 1066, 'Litt the Hell Up', '2014-07-23', 'tt3839598', 9, 6),
(13250, 1066, 'Derailed', '2015-02-18', 'tt3951374', 8.8, 14),
(13251, 1066, 'Exposure', '2014-08-06', 'tt3895112', 9, 8),
(13252, 1066, 'Respect', '2015-02-04', 'tt4383488', 8.5, 12),
(13253, 1066, 'Fork in the Road', '2015-02-11', 'tt4410566', 9, 13),
(13254, 1067, 'She\'s Mine', '2013-08-27', 'tt2983996', 8.8, 7),
(13255, 1067, 'Stay', '2013-09-17', 'tt3132584', 8.6, 10),
(13256, 1067, 'Yesterday\'s Gone', '2014-03-13', 'tt3570124', 9.1, 12),
(13257, 1067, 'The Arrangement', '2013-07-16', 'tt2529130', 8.6, 1),
(13258, 1067, 'Bad Faith', '2013-09-10', 'tt3132574', 8.5, 9),
(13259, 1067, 'Conflict of Interest', '2013-08-06', 'tt2983986', 8.5, 4),
(13260, 1067, 'I Want You to Want Me', '2013-07-23', 'tt2850832', 8.6, 2),
(13261, 1067, 'Shadow of a Doubt', '2013-08-13', 'tt2983988', 8.3, 5),
(13262, 1067, 'Unfinished Business', '2013-07-30', 'tt2983982', 8.5, 3),
(13263, 1067, 'Buried Secrets', '2014-03-06', 'tt3563802', 8.5, 11),
(13264, 1067, 'Moot Point', '2014-03-20', 'tt3591456', 8.5, 13),
(13265, 1067, 'Know When to Fold \'Em', '2014-04-03', 'tt3607734', 8.9, 15),
(13266, 1067, 'The Other Time', '2013-08-20', 'tt2983994', 8.8, 6),
(13267, 1067, 'No Way Out', '2014-04-10', 'tt3639420', 9.4, 16),
(13268, 1067, 'Endgame', '2013-09-03', 'tt3053154', 8.7, 8),
(13269, 1067, 'Heartburn', '2014-03-27', 'tt3599424', 9.1, 14),
(13270, 1068, 'Asterisk', '2012-08-16', 'tt2310538', 8.9, 9),
(13271, 1068, 'Normandy', '2013-02-14', 'tt2671864', 8.5, 15),
(13272, 1068, 'She Knows', '2012-06-14', 'tt2185442', 9.1, 1),
(13273, 1068, 'Sucker Punch', '2012-08-02', 'tt2268628', 9.2, 7),
(13274, 1068, 'All In', '2012-07-26', 'tt2199758', 8.6, 6),
(13275, 1068, 'Discovery', '2012-07-12', 'tt2199756', 8.6, 4),
(13276, 1068, 'High Noon', '2012-08-23', 'tt2310526', 9.3, 10),
(13277, 1068, 'Blood in the Water', '2013-01-24', 'tt2583680', 8.7, 12),
(13278, 1068, 'Blind-Sided', '2013-01-17', 'tt2583678', 8.4, 11),
(13279, 1068, 'Rewind', '2012-08-09', 'tt2305044', 8.7, 8),
(13280, 1068, 'War', '2013-02-21', 'tt2560618', 8.9, 16),
(13281, 1068, 'The Choice', '2012-06-21', 'tt2397283', 8.5, 2),
(13282, 1068, 'Zane vs. Zane', '2013-01-31', 'tt2583682', 8.4, 13),
(13283, 1068, 'He\'s Back', '2013-02-07', 'tt2660120', 8.7, 14),
(13284, 1068, 'Meet the New Boss', '2012-06-28', 'tt2199752', 8.5, 3),
(13285, 1069, 'Skin in the Game', '2017-07-12', 'tt5934988', 8.7, 1),
(13286, 1069, 'Inevitable', '2018-04-11', 'tt7222264', 8.6, 13),
(13287, 1069, 'Hard Truths', '2018-03-28', 'tt7222260', 8.3, 11),
(13288, 1069, 'Mudmare', '2017-07-26', 'tt7006210', 7.9, 3),
(13289, 1069, 'Tiny Violin', '2018-04-25', 'tt7222270', 8.5, 15),
(13290, 1069, 'The Statue', '2017-07-19', 'tt5937932', 8.3, 2),
(13291, 1069, 'Pulling the Goalie', '2018-04-18', 'tt7222268', 8.5, 14),
(13292, 1069, 'Bad Man', '2018-04-04', 'tt7222262', 7.7, 12),
(13580, 1085, 'The Financial Permeability', '2009-03-02', 'tt1256024', 8.1, 14),
(13581, 1085, 'The Dead Hooker Juxtaposition', '2009-03-30', 'tt1256029', 8.3, 19),
(13582, 1085, 'The Bad Fish Paradigm', '2008-09-22', 'tt1256599', 8.3, 1),
(13583, 1085, 'The Euclid Alternative', '2008-10-20', 'tt1256036', 8.4, 5),
(13584, 1085, 'The Friendship Algorithm', '2009-01-19', 'tt1256023', 8.1, 13),
(13585, 1085, 'The Griffin Equivalency', '2008-10-13', 'tt1256035', 8, 4),
(13586, 1085, 'The Barbarian Sublimation', '2008-10-06', 'tt1256034', 8.8, 3),
(13587, 1085, 'The Lizard-Spock Expansion', '2008-11-17', 'tt1256039', 8.2, 8),
(13588, 1085, 'The Hofstadter Isotope', '2009-04-13', 'tt1256031', 8, 20),
(13589, 1085, 'The Codpiece Topology', '2008-09-29', 'tt1256030', 8.2, 2),
(13590, 1085, 'The Classified Materials Turbulence', '2009-05-04', 'tt1256033', 8.3, 22),
(13591, 1085, 'The Cushion Saturation', '2009-05-02', 'tt1256026', 8.3, 16),
(13592, 1085, 'The White Asparagus Triangulation', '2008-11-24', 'tt1256040', 8.2, 9),
(13593, 1085, 'The Monopolar Expedition', '2009-05-11', 'tt1426233', 8.4, 23),
(13594, 1085, 'The Cooper-Nowitzki Theorem', '2008-11-03', 'tt1256037', 8.3, 6),
(13595, 1085, 'The Terminator Decoupling', '2009-03-09', 'tt1256027', 8.2, 17),
(13596, 1085, 'The Vartabedian Conundrum', '2008-12-08', 'tt1256020', 7.8, 10),
(13597, 1085, 'The Bath Item Gift Hypothesis', '2008-12-15', 'tt1256021', 9.2, 11),
(13598, 1085, 'The Work Song Nanocluster', '2009-03-16', 'tt1256028', 8.2, 18),
(13599, 1085, 'The Maternal Capacitance', '2009-02-09', 'tt1256025', 8.9, 15),
(13600, 1085, 'The Panty Piñata Polarization', '2008-11-10', 'tt1256038', 8.8, 7),
(13601, 1085, 'The Killer Robot Instability', '2009-01-12', 'tt1256022', 8, 12),
(13602, 1085, 'The Vegas Renormalization', '2009-04-27', 'tt1256032', 8.6, 21),
(13603, 1086, 'The Bitcoin Entanglement', '2017-11-30', 'tt6674486', 7.8, 9),
(13604, 1086, 'The Gates Excitation', '2018-03-29', 'tt6674456', 7.2, 18),
(13605, 1086, 'The Reclusive Potential', '2018-04-12', 'tt6674434', 7.2, 20),
(13606, 1086, 'The Monetary Insufficiency', '2018-04-26', 'tt6674428', 7.3, 22),
(13607, 1086, 'The Proposal Proposal', '2017-09-25', 'tt6673774', 7.6, 1),
(13608, 1086, 'The Novelization Correlation', '2018-02-01', 'tt6674462', 7.5, 15),
(13609, 1086, 'The Separation Triangulation', '2018-01-18', 'tt6674466', 7.3, 14),
(13610, 1086, 'The Proton Regeneration', '2017-11-02', 'tt6674494', 7.3, 6),
(13611, 1086, 'The Retraction Reaction', '2017-10-02', 'tt6674506', 7.3, 2),
(13612, 1086, 'The Collaboration Contamination', '2017-10-23', 'tt6674496', 7.4, 5),
(13613, 1086, 'The Matrimonial Metric', '2018-01-04', 'tt6674472', 7.5, 12),
(13614, 1086, 'The Relaxation Integration', '2017-10-09', 'tt6674504', 7, 3),
(13615, 1086, 'The Athenaeum Allocation', '2018-03-08', 'tt6674452', 6.9, 17),
(13616, 1086, 'The Neonatal Nomenclature', '2018-03-01', 'tt6674448', 7.2, 16),
(13617, 1086, 'The Explosion Implosion', '2017-10-16', 'tt6674498', 7.2, 4),
(13618, 1086, 'The Sibling Realignment', '2018-05-03', 'tt6674424', 7.7, 23),
(13619, 1086, 'The Celebration Reverberation', '2017-12-14', 'tt6674476', 7.1, 11),
(13620, 1086, 'The Confidence Erosion', '2017-12-07', 'tt6674480', 7.4, 10),
(13621, 1086, 'The Solo Oscillation', '2018-01-11', 'tt6674468', 7.3, 13),
(13622, 1086, 'The Bow Tie Asymmetry', '2018-05-10', 'tt6674430', 9, 24),
(13623, 1086, 'The Tenant Disassociation', '2018-04-05', 'tt6674454', 7.3, 19),
(13624, 1086, 'The Comet Polarization', '2018-04-19', 'tt6674432', 7.5, 21),
(13625, 1086, 'The Tesla Recoil', '2017-11-16', 'tt6674490', 7.2, 8),
(13626, 1086, 'The Geology Methodology', '2017-11-09', 'tt6674492', 7.5, 7),
(13627, 1087, 'The Apology Insufficiency', '2010-11-04', 'tt1632244', 8.1, 7),
(13628, 1087, 'The Benefactor Factor', '2011-02-10', 'tt1632230', 7.9, 15),
(13629, 1087, 'The Toast Derivation', '2011-02-24', 'tt1632232', 8, 17),
(13630, 1087, 'The Love Car Displacement', '2011-01-20', 'tt1632228', 8.3, 13),
(13631, 1087, 'The Thespian Catalyst', '2011-02-03', 'tt1632229', 7.9, 14),
(13632, 1087, 'The Bus Pants Utilization', '2011-01-06', 'tt1632227', 7.7, 12),
(13633, 1087, 'The Herb Garden Germination', '2011-04-07', 'tt1632236', 8.3, 20),
(13634, 1087, 'The Hot Troll Deviation', '2010-10-14', 'tt1632241', 8.1, 4),
(13635, 1087, 'The Zarnecki Incursion', '2011-03-31', 'tt1632234', 8.1, 19),
(13636, 1087, 'The Prestidigitation Approximation', '2011-03-10', 'tt1632233', 8.3, 18),
(13637, 1087, 'The 21-Second Excitation', '2010-11-11', 'tt1632245', 8.2, 8),
(13638, 1087, 'The Justice League Recombination', '2010-12-16', 'tt1632226', 8.7, 11),
(13639, 1087, 'The Wildebeest Implementation', '2011-05-05', 'tt1632238', 7.9, 22),
(13640, 1087, 'The Alien Parasite Hypothesis', '2010-12-09', 'tt1632225', 7.8, 10),
(13641, 1087, 'The Cruciferous Vegetable Amplification', '2010-09-30', 'tt1632235', 8.5, 2),
(13642, 1087, 'The Robotic Manipulation', '2010-09-23', 'tt1632224', 8.8, 1),
(13643, 1087, 'The Desperation Emanation', '2010-10-21', 'tt1632242', 7.8, 5),
(13644, 1087, 'The Roommate Transmogrification', '2011-05-19', 'tt1918407', 8.6, 24),
(13645, 1087, 'The Zazzy Substitution', '2010-10-07', 'tt1632240', 8.1, 3),
(13646, 1087, 'The Agreement Dissection', '2011-04-28', 'tt1632237', 8.3, 21),
(13647, 1087, 'The Engagement Reaction', '2011-05-12', 'tt1632239', 8.1, 23),
(13648, 1087, 'The Irish Pub Formulation', '2010-10-28', 'tt1632243', 8.1, 6),
(13649, 1087, 'The Cohabitation Formulation', '2011-02-17', 'tt1632231', 8, 16),
(13650, 1087, 'The Boyfriend Complexity', '2010-11-18', 'tt1632246', 8.5, 9),
(13651, 1088, 'The Itchy Brain Simulation', '2013-11-14', 'tt3303726', 7.7, 8),
(13652, 1088, 'The Cooper Extraction', '2013-12-12', 'tt3337724', 8.2, 11),
(13653, 1088, 'The Gorilla Dissolution', '2014-05-08', 'tt3572182', 7.9, 23),
(13654, 1088, 'The Occupation Recalibration', '2014-01-09', 'tt3337730', 7.6, 13),
(13655, 1088, 'The Discovery Dissipation', '2013-12-05', 'tt3338358', 7.7, 10),
(13656, 1088, 'The Deception Verification', '2013-09-26', 'tt2933998', 8.1, 2),
(13657, 1088, 'The Thanksgiving Decoupling', '2013-11-21', 'tt3309570', 8.9, 9),
(13658, 1088, 'The Scavenger Vortex', '2013-10-03', 'tt3218670', 8.8, 3),
(13659, 1088, 'The Relationship Diremption', '2014-04-10', 'tt3554854', 8.1, 20),
(13660, 1088, 'The Proton Transmogrification', '2014-05-01', 'tt3572176', 7.8, 22),
(13661, 1088, 'The Locomotive Manipulation', '2014-02-06', 'tt3477310', 8.3, 15),
(13662, 1088, 'The Mommy Observation', '2014-03-13', 'tt3517894', 7.5, 18),
(13663, 1088, 'The Table Polarization', '2014-02-27', 'tt3507240', 7.7, 16),
(13664, 1088, 'The Status Quo Combustion', '2014-05-15', 'tt3572184', 8.1, 24),
(13665, 1088, 'The Hesitation Ramification', '2014-01-02', 'tt3337728', 7.5, 12),
(13666, 1088, 'The Raiders Minimization', '2013-10-10', 'tt3221722', 8, 4),
(13667, 1088, 'The Indecision Amalgamation', '2014-04-03', 'tt3521964', 8.2, 19),
(13668, 1088, 'The Workplace Proximity', '2013-10-17', 'tt3229392', 7.8, 5),
(13669, 1088, 'The Proton Displacement', '2013-11-07', 'tt3229396', 7.8, 7),
(13670, 1088, 'The Anything Can Happen Recurrence', '2014-04-24', 'tt3572170', 7.6, 21),
(13671, 1088, 'The Convention Conundrum', '2014-01-30', 'tt3453320', 8, 14),
(13672, 1088, 'The Hofstadter Insufficiency', '2013-09-26', 'tt3111660', 7.9, 1),
(13673, 1088, 'The Friendship Turbulence', '2014-03-06', 'tt3521962', 7.5, 17),
(13674, 1088, 'The Romance Resonance', '2013-10-24', 'tt3229394', 8.5, 6),
(13675, 1089, 'The Procreation Calculation', '2018-10-04', 'tt6674692', 7.2, 3),
(13676, 1089, 'The Decision Reverberation', '2019-04-25', 'tt6674728', 7.2, 20),
(13677, 1089, 'The Inspiration Deprivation', '2019-04-18', 'tt6674720', 7, 19),
(13678, 1089, 'The Tam Turbulence', '2018-10-11', 'tt6674690', 7.1, 4),
(13679, 1089, 'The Grant Allocation Derivation', '2018-11-01', 'tt6674696', 7.4, 7),
(13680, 1089, 'The Conjugal Configuration', '2018-09-24', 'tt6673778', 7.2, 1),
(13681, 1089, 'The Laureate Accumulation', '2019-04-04', 'tt6674724', 7.2, 18),
(13682, 1089, 'The Confirmation Polarization', '2019-01-17', 'tt6674714', 7.1, 13),
(13683, 1089, 'The Planetarium Collision', '2018-10-18', 'tt6674694', 6.8, 5),
(13684, 1089, 'The Plagiarism Schism', '2019-05-02', 'tt6674732', 7.3, 21),
(13685, 1089, 'The Change Constant', '2019-05-16', 'tt6674734', 9.2, 23),
(13686, 1089, 'The Conference Valuation', '2019-03-07', 'tt6674726', 7.1, 17),
(13687, 1089, 'The Maternal Conclusion', '2019-05-09', 'tt6674730', 8, 22),
(13688, 1089, 'The D & D Vortex', '2019-02-21', 'tt6674718', 8, 16),
(13689, 1089, 'The Consummation Deviation', '2018-11-08', 'tt6674702', 7.4, 8),
(13690, 1089, 'The Imitation Perturbation', '2018-10-25', 'tt6674704', 8.3, 6),
(13691, 1089, 'The Wedding Gift Wormhole', '2018-09-27', 'tt6674688', 7.6, 2),
(13692, 1089, 'The Donation Oscillation', '2019-02-07', 'tt6674716', 7.5, 15),
(13693, 1089, 'The Stockholm Syndrome', '2019-05-16', 'tt6674736', 9.6, 24),
(13694, 1089, 'The VCR Illumination', '2018-12-06', 'tt6674710', 7.5, 10),
(13695, 1089, 'The Meteorite Manifestation', '2019-01-31', 'tt6674712', 7.1, 14),
(13696, 1089, 'The Propagation Proposition', '2019-01-10', 'tt6674708', 7.2, 12),
(13697, 1089, 'The Citation Negation', '2018-11-15', 'tt6674698', 7.3, 9),
(13698, 1089, 'The Paintball Scattering', '2019-01-03', 'tt6674706', 7.3, 11),
(13699, 1090, 'The Celebration Experimentation', '2016-02-25', 'tt5436356', 7.5, 17),
(13700, 1090, 'The Opening Night Excitation', '2015-12-17', 'tt5143516', 9.1, 11),
(13701, 1090, 'The Fermentation Bifurcation', '2016-04-28', 'tt5597958', 7.5, 22),
(13702, 1090, 'The Meemaw Materialization', '2016-02-04', 'tt5295650', 7.6, 14),
(13703, 1090, 'The Big Bear Precipitation', '2016-04-07', 'tt5586046', 7.5, 20),
(13704, 1090, 'The Sales Call Sublimation', '2016-01-07', 'tt5273742', 7.5, 12),
(13705, 1090, 'The Matrimonial Momentum', '2015-09-21', 'tt3603346', 6.8, 1),
(13706, 1090, 'The Earworm Reverberation', '2015-12-10', 'tt5143508', 8.4, 10),
(13707, 1090, 'The Bachelor Party Corrosion', '2015-10-05', 'tt4962326', 7.8, 3),
(13708, 1090, 'The Convergence Convergence', '2016-05-12', 'tt5562854', 7.8, 24),
(13709, 1090, 'The Solder Excursion Diversion', '2016-03-31', 'tt5522908', 7.5, 19),
(13710, 1090, 'The Separation Oscillation', '2015-09-28', 'tt4938690', 7.4, 2),
(13711, 1090, 'The Positive Negative Reaction', '2016-02-18', 'tt5376678', 7.4, 16),
(13712, 1090, 'The Line Substitution Solution', '2016-05-05', 'tt5597960', 7.4, 23),
(13713, 1090, 'The 2003 Approximation', '2015-10-12', 'tt4995126', 7.5, 4),
(13714, 1090, 'The Viewing Party Combustion', '2016-04-21', 'tt5586050', 7.5, 21),
(13715, 1090, 'The Platonic Permutation', '2015-11-19', 'tt5143500', 7.9, 9),
(13716, 1090, 'The Perspiration Implementation', '2015-10-19', 'tt5027380', 7.5, 5),
(13717, 1090, 'The Spock Resonance', '2015-11-05', 'tt5073156', 8, 7),
(13718, 1090, 'The Helium Insufficiency', '2015-10-26', 'tt5090816', 7.2, 6),
(13719, 1090, 'The Valentino Submergence', '2016-02-11', 'tt5341496', 7.6, 15),
(13720, 1090, 'The Empathy Optimization', '2016-01-14', 'tt5273740', 7.5, 13),
(13721, 1090, 'The Application Deterioration', '2016-03-10', 'tt5497250', 7.6, 18),
(13722, 1090, 'The Mystery Date Observation', '2015-11-12', 'tt5117928', 8, 8),
(13723, 1091, 'The Higgs Boson Observation', '2012-10-11', 'tt2378184', 8, 3),
(13724, 1091, 'The Spoiler Alert Segmentation', '2013-02-07', 'tt2633894', 8.3, 15),
(13725, 1091, 'The Habitation Configuration', '2012-11-08', 'tt2462410', 7.7, 7),
(13726, 1091, 'The Tangible Affection Proof', '2013-02-14', 'tt2668846', 8, 16),
(13727, 1091, 'The 43 Peculiarity', '2012-11-15', 'tt2502436', 8.5, 8),
(13728, 1091, 'The Fish Guts Displacement', '2012-12-06', 'tt2523744', 8.1, 10),
(13729, 1091, 'The Bakersfield Expedition', '2013-01-10', 'tt2582488', 8.5, 13),
(13730, 1091, 'The Date Night Variable', '2012-09-27', 'tt2194640', 7.7, 1),
(13731, 1091, 'The Decoupling Fluctuation', '2012-10-04', 'tt2392630', 7.7, 2),
(13732, 1091, 'The Proton Resurgence', '2013-05-02', 'tt2833352', 8, 22),
(13733, 1091, 'The Re-Entry Minimization', '2012-10-18', 'tt2411550', 8.3, 4),
(13734, 1091, 'The Love Spell Potential', '2013-05-09', 'tt2852720', 8.1, 23),
(13735, 1091, 'The Cooper/Kripke Inversion', '2013-01-31', 'tt2636834', 7.9, 14),
(13736, 1091, 'The Contractual Obligation Implementation', '2013-03-07', 'tt2708314', 7.8, 18),
(13737, 1091, 'The Extract Obliteration', '2012-11-01', 'tt2450064', 7.9, 6),
(13738, 1091, 'The Egg Salad Equivalency', '2013-01-03', 'tt2571320', 8.5, 12),
(13739, 1091, 'The Santa Simulation', '2012-12-13', 'tt2559784', 7.9, 11),
(13740, 1091, 'The Parking Spot Escalation', '2012-11-29', 'tt2505340', 8.3, 9),
(13741, 1091, 'The Tenure Turbulence', '2013-04-04', 'tt2784494', 8.1, 20),
(13742, 1091, 'The Bon Voyage Reaction', '2013-05-16', 'tt2891288', 7.8, 24),
(13743, 1091, 'The Monster Isolation', '2013-02-21', 'tt2697398', 7.7, 17),
(13744, 1091, 'The Closet Reconfiguration', '2013-03-14', 'tt2739286', 8.1, 19),
(13745, 1091, 'The Holographic Excitation', '2012-10-25', 'tt2411582', 8.1, 5),
(13746, 1091, 'The Closure Alternative', '2013-04-25', 'tt2833366', 8.1, 21),
(13747, 1092, 'The Fuzzy Boots Corollary', '2007-10-08', 'tt1091290', 7.8, 3),
(13748, 1092, 'The Cooper-Hofstadter Polarization', '2008-03-17', 'tt1127390', 8.1, 9),
(13749, 1092, 'The Luminous Fish Effect', '2007-10-15', 'tt1091291', 8.2, 4),
(13750, 1092, 'The Nerdvana Annihilation', '2008-04-28', 'tt1127905', 8.2, 14),
(13751, 1092, 'Pilot', '2007-09-24', 'tt0775431', 8.3, 1),
(13752, 1092, 'The Pancake Batter Anomaly', '2008-03-31', 'tt1127385', 8.3, 11),
(13753, 1092, 'The Peanut Reaction', '2008-05-12', 'tt1127907', 8.4, 16),
(13754, 1092, 'The Jerusalem Duality', '2008-04-14', 'tt1127386', 8, 12),
(13755, 1092, 'The Tangerine Factor', '2008-05-19', 'tt1127908', 8.6, 17),
(13756, 1092, 'The Dumpling Paradox', '2007-11-05', 'tt1136041', 8.2, 7),
(13757, 1092, 'The Grasshopper Experiment', '2007-11-12', 'tt1127389', 8.3, 8),
(13758, 1092, 'The Middle Earth Paradigm', '2007-10-29', 'tt1091293', 8.5, 6),
(13759, 1092, 'The Bat Jar Conjecture', '2008-04-21', 'tt1127387', 8.4, 13),
(13760, 1092, 'The Big Bran Hypothesis', '2007-10-01', 'tt1091289', 8.4, 2),
(13761, 1092, 'The Loobenfeld Decay', '2008-03-24', 'tt1127384', 8.1, 10),
(13762, 1092, 'The Pork Chop Indeterminacy', '2008-05-05', 'tt1127906', 8.3, 15),
(13763, 1092, 'Unaired Pilot', '2006-05-01', 'tt2176186', 6.7, 0),
(13764, 1092, 'The Hamburger Postulate', '2007-10-22', 'tt1091292', 8, 5),
(13765, 1093, 'The Emotion Detection Automation', '2017-02-02', 'tt6414316', 7.3, 14),
(13766, 1093, 'The Cohabitation Experimentation', '2016-10-10', 'tt6062772', 8, 4),
(13767, 1093, 'The Property Division Collision', '2016-12-01', 'tt6255718', 7.4, 10),
(13768, 1093, 'The Escape Hatch Identification', '2017-03-09', 'tt6565510', 7.2, 18),
(13769, 1093, 'The Brain Bowl Incubation', '2016-11-10', 'tt6189462', 8.2, 8),
(13770, 1093, 'The Allowance Evaporation', '2017-02-16', 'tt6495864', 7.2, 16),
(13771, 1093, 'The Recollection Dissipation', '2017-04-06', 'tt6565516', 7.2, 20),
(13772, 1093, 'Recap', '2017-08-28', 'tt10590194', 8, 0),
(13773, 1093, 'The Hot Tub Contamination', '2016-10-17', 'tt6077690', 7.5, 5),
(13774, 1093, 'The Fetal Kick Catalyst', '2016-10-27', 'tt5825290', 7.5, 6),
(13775, 1093, 'The Dependence Transcendence', '2016-10-03', 'tt5996928', 7.3, 3),
(13776, 1093, 'The Military Miniaturization', '2016-09-26', 'tt5973910', 7.4, 2),
(13777, 1093, 'The Holiday Summation', '2017-01-05', 'tt6320950', 7.3, 12),
(13778, 1093, 'The Locomotion Reverberation', '2017-02-09', 'tt6438684', 7.3, 15),
(13779, 1093, 'The Long Distance Dissonance', '2017-05-11', 'tt6706254', 8.6, 24),
(13780, 1093, 'The Conjugal Conjecture', '2016-09-19', 'tt3603372', 7.7, 1),
(13781, 1093, 'The Romance Recalibration', '2017-01-19', 'tt6337212', 7, 13),
(13782, 1093, 'The Collaboration Fluctuation', '2017-03-30', 'tt6565514', 7.1, 19),
(13783, 1093, 'The Separation Agitation', '2017-04-13', 'tt6565524', 7.3, 21),
(13784, 1093, 'The Veracity Elasticity', '2016-11-03', 'tt6186420', 8, 7),
(13785, 1093, 'The Cognition Regeneration', '2017-04-27', 'tt6565530', 6.8, 22),
(13786, 1093, 'The Gyroscopic Collapse', '2017-05-04', 'tt6706250', 7.2, 23),
(13787, 1093, 'The Geology Elevation', '2016-11-17', 'tt6214960', 7.5, 9),
(13788, 1093, 'The Birthday Synchronicity', '2016-12-15', 'tt6255770', 7.6, 11),
(13789, 1093, 'The Comic-Con Conundrum', '2017-02-23', 'tt6527026', 7.5, 17),
(13790, 1094, 'The Spaghetti Catalyst', '2010-05-03', 'tt1628617', 8.2, 20),
(13791, 1094, 'The Lunar Excitation', '2010-05-24', 'tt1627740', 8.7, 23),
(13792, 1094, 'The Psychic Vortex', '2010-01-11', 'tt1567073', 8.4, 12),
(13793, 1094, 'The Creepy Candy Coating Corollary', '2009-10-19', 'tt1528188', 8.4, 5),
(13794, 1094, 'The Gorilla Experiment', '2009-12-07', 'tt1558529', 8.6, 10),
(13795, 1094, 'The Precious Fragmentation', '2010-03-08', 'tt1607974', 8.5, 17),
(13796, 1094, 'The Vengeance Formulation', '2009-11-23', 'tt1544819', 8.4, 9),
(13797, 1094, 'The Adhesive Duck Deficiency', '2009-11-16', 'tt1536922', 9, 8),
(13798, 1094, 'The Jiminy Conjecture', '2009-09-28', 'tt1495238', 7.9, 2),
(13799, 1094, 'The Bozeman Reaction', '2010-01-18', 'tt1570312', 8.2, 13),
(13800, 1094, 'The Staircase Implementation', '2010-05-17', 'tt1648756', 9.1, 22),
(13801, 1094, 'The Wheaton Recurrence', '2010-04-12', 'tt1609410', 8, 19),
(13802, 1094, 'The Pirate Solution', '2009-10-12', 'tt1523181', 8.1, 4),
(13803, 1094, 'The Einstein Approximation', '2010-02-01', 'tt1588684', 8.5, 14),
(13804, 1094, 'The Pants Alternative', '2010-03-22', 'tt1609715', 8.5, 18),
(13805, 1094, 'The Maternal Congruence', '2009-12-14', 'tt1558530', 8.4, 11),
(13806, 1094, 'The Plimpton Stimulation', '2010-05-10', 'tt1648755', 8.2, 21),
(13807, 1094, 'The Cornhusker Vortex', '2009-11-02', 'tt1523180', 7.6, 6),
(13808, 1094, 'The Guitarist Amplification', '2009-11-09', 'tt1535334', 7.9, 7),
(13809, 1094, 'The Large Hadron Collision', '2010-02-08', 'tt1589887', 8.2, 15),
(13810, 1094, 'The Excelsior Acquisition', '2010-03-01', 'tt1592080', 8.4, 16),
(13811, 1094, 'The Gothowitz Deviation', '2009-10-05', 'tt1494210', 8.3, 3),
(13812, 1094, 'The Electric Can Opener Fluctuation', '2009-09-21', 'tt1487706', 8.4, 1),
(13813, 1095, 'The Transporter Malfunction', '2012-03-29', 'tt2275201', 8.2, 20),
(13814, 1095, 'The Countdown Reflection', '2012-05-10', 'tt2379487', 8.5, 24),
(13815, 1095, 'The Ornithophobia Diffusion', '2011-11-10', 'tt2100287', 8.2, 9),
(13816, 1095, 'The Friendship Contraction', '2012-02-02', 'tt2192687', 7.8, 15),
(13817, 1095, 'The Recombination Hypothesis', '2012-01-19', 'tt2139151', 8.3, 13),
(13818, 1095, 'The Infestation Hypothesis', '2011-09-22', 'tt2033019', 8.1, 2),
(13819, 1095, 'The Launch Acceleration', '2012-05-03', 'tt2372043', 8.2, 23),
(13820, 1095, 'The Stag Convergence', '2012-04-26', 'tt2332311', 7.8, 22),
(13821, 1095, 'The Weekend Vortex', '2012-03-08', 'tt2275203', 8.3, 19),
(13822, 1095, 'The Werewolf Transformation', '2012-02-23', 'tt2238153', 8.4, 18),
(13823, 1095, 'The Speckerman Recurrence', '2011-12-08', 'tt2119890', 7.4, 11),
(13824, 1095, 'The Wiggly Finger Catalyst', '2011-10-06', 'tt2058495', 8, 4),
(13825, 1095, 'The Pulled Groin Extrapolation', '2011-09-29', 'tt2057241', 7.8, 3),
(13826, 1095, 'The Rhinitis Revelation', '2011-10-20', 'tt2079337', 7.7, 6),
(13827, 1095, 'The Skank Reflex Analysis', '2011-09-22', 'tt1980710', 8.2, 1),
(13828, 1095, 'The Beta Test Initiation', '2012-01-26', 'tt2181587', 8.3, 14),
(13829, 1095, 'The Flaming Spittoon Acquisition', '2011-11-17', 'tt2105978', 8, 10),
(13830, 1095, 'The Shiny Trinket Maneuver', '2012-01-12', 'tt2136314', 7.8, 12),
(13831, 1095, 'The Hawking Excitation', '2012-04-05', 'tt2300453', 8.7, 21),
(13832, 1095, 'The Good Guy Fluctuation', '2011-10-27', 'tt2082016', 8.7, 7);
INSERT INTO `episode` (`id`, `season_id`, `title`, `date`, `imdb`, `imdbrating`, `number`) VALUES
(13833, 1095, 'The Rothman Disintegration', '2012-02-16', 'tt2220955', 7.9, 17),
(13834, 1095, 'The Isolation Permutation', '2011-11-03', 'tt2092310', 7.8, 8),
(13835, 1095, 'The Vacation Solution', '2012-02-09', 'tt2209665', 7.7, 16),
(13836, 1095, 'The Russian Rocket Reaction', '2011-10-13', 'tt2063481', 8.1, 5),
(13837, 1096, 'The Leftover Thermalization', '2015-03-12', 'tt3862722', 7.4, 18),
(13838, 1096, 'The Expedition Approximation', '2014-10-20', 'tt3823240', 7.2, 6),
(13839, 1096, 'The Clean Room Infiltration', '2014-12-11', 'tt3823252', 7.4, 11),
(13840, 1096, 'The Colonization Application', '2015-03-05', 'tt3862720', 7.6, 17),
(13841, 1096, 'The Intimacy Acceleration', '2015-02-26', 'tt3862714', 7.9, 16),
(13842, 1096, 'The Misinterpretation Agitation', '2014-10-30', 'tt3823244', 7.8, 7),
(13843, 1096, 'The Maternal Combustion', '2015-04-30', 'tt3862734', 7.5, 23),
(13844, 1096, 'The Troll Manifestation', '2015-02-05', 'tt3862712', 8.1, 14),
(13845, 1096, 'The First Pitch Insufficiency', '2014-09-29', 'tt3811812', 7, 3),
(13846, 1096, 'The Focus Attenuation', '2014-10-13', 'tt3811816', 7.5, 5),
(13847, 1096, 'The Commitment Determination', '2015-05-07', 'tt3862738', 8, 24),
(13848, 1096, 'The Prom Equivalency', '2014-11-06', 'tt3823242', 8, 8),
(13849, 1096, 'The Fortification Implementation', '2015-04-09', 'tt3862726', 7.6, 20),
(13850, 1096, 'The Space Probe Disintegration', '2015-01-08', 'tt3823254', 7.3, 12),
(13851, 1096, 'The Comic Book Store Regeneration', '2015-02-19', 'tt3862710', 8.1, 15),
(13852, 1096, 'The Septum Deviation', '2014-11-13', 'tt3823248', 7.5, 9),
(13853, 1096, 'The Communication Deterioration', '2015-04-16', 'tt3862728', 7.1, 21),
(13854, 1096, 'The Champagne Reflection', '2014-11-20', 'tt3823250', 7, 10),
(13855, 1096, 'The Anxiety Optimization', '2015-01-29', 'tt3862708', 7.5, 13),
(13856, 1096, 'The Graduation Transmission', '2015-04-23', 'tt3862732', 7.4, 22),
(13857, 1096, 'The Junior Professor Solution', '2014-09-22', 'tt3807172', 7.6, 2),
(13858, 1096, 'The Hook-up Reverberation', '2014-10-06', 'tt3811814', 7.2, 4),
(13859, 1096, 'The Locomotion Interruption', '2014-09-22', 'tt3596130', 7.2, 1),
(13860, 1096, 'The Skywalker Incursion', '2015-04-02', 'tt3862724', 7.6, 19),
(13893, 1103, 'Convivir', '2017-09-01', 'tt6038972', 8.7, 8),
(13894, 1103, 'Sin Salida', '2017-09-01', 'tt6038970', 9, 7),
(13895, 1104, 'The Enemies of My Enemy', '2016-09-02', 'tt5714398', 8.6, 5),
(13896, 1104, 'Los Pepes', '2016-09-02', 'tt5714400', 9.2, 6),
(13897, 1104, 'Free at Last', '2016-09-02', 'tt5011946', 8.5, 1),
(13898, 1104, 'Our Man in Madrid', '2016-09-02', 'tt5714386', 8.7, 3),
(13899, 1104, 'The Good, the Bad, and the Dead', '2016-09-02', 'tt5714396', 9.4, 4),
(13900, 1104, 'Exit El Patrón', '2016-09-02', 'tt5714404', 8.7, 8),
(13901, 1104, 'Deutschland 93', '2016-09-02', 'tt5714402', 8.7, 7),
(13902, 1104, 'Cambalache', '2016-09-02', 'tt5714376', 8.6, 2),
(13903, 1104, 'Nuestra Finca', '2016-09-02', 'tt5714406', 8.6, 9),
(13904, 1105, 'The Sword of Simón Bolivar', '2015-08-28', 'tt3736868', 8.5, 2),
(13905, 1105, 'The Men of Always', '2015-08-28', 'tt3736866', 8.5, 3),
(13906, 1105, 'La Gran Mentira', '2015-08-28', 'tt3736878', 9, 8),
(13907, 1105, 'Descenso', '2015-08-28', 'tt3591824', 8.9, 1),
(13908, 1105, 'La Catedral', '2015-08-28', 'tt3736882', 8.7, 9),
(13909, 1106, 'Polo', '2020-03-13', 'tt10042144', 9.3, 8),
(13910, 1106, 'Cayetana and Valerio', '2020-03-13', 'tt10613658', 8.4, 3),
(13911, 1106, 'Nadia and Omar', '2020-03-13', 'tt10664166', 8.6, 7),
(13912, 1106, 'Episode #3.1', NULL, 'tt9291064', NULL, 1),
(13913, 1106, 'Carla', '2020-03-13', 'tt10042142', 8.1, 1),
(13914, 1106, 'Lu', '2020-03-13', 'tt10613660', 8.5, 4),
(13915, 1106, 'Samuel and Guzmán', '2020-03-13', 'tt10613656', 8.3, 2),
(13916, 1106, 'Ander', '2020-03-13', 'tt10613666', 8.6, 5),
(13917, 1106, 'Episode #3.2', NULL, 'tt9288868', NULL, 2),
(13918, 1106, 'Episode #3.4', NULL, 'tt9288872', NULL, 4),
(13919, 1106, 'Episode #3.3', NULL, 'tt9288870', NULL, 3),
(13920, 1106, 'Rebeca', '2020-03-13', 'tt10664152', 8.7, 6),
(13921, 1107, 'Assilah', '2018-10-05', 'tt7956576', 8.3, 8),
(13922, 1107, 'Todo va a salir bien', '2018-10-05', 'tt7956662', 8.1, 6),
(13923, 1107, 'Todo estalla', '2018-10-05', 'tt7956670', 8.6, 7),
(13924, 1107, 'Deseo', '2018-10-05', 'tt7712166', 7.9, 2),
(13925, 1107, 'Episode #1.3', '2018-10-05', 'tt7712236', NULL, 3),
(13926, 1107, 'Todos mienten', '2018-10-05', 'tt7956656', 7.9, 5),
(13927, 1107, 'El amor es una droga', '2018-10-05', 'tt7956648', 8.1, 4),
(13928, 1107, 'Bienvenidos', '2018-10-05', 'tt7671662', 7.8, 1),
(13929, 1108, '59 horas desaparecido', '2019-09-06', 'tt9141176', 8.1, 4),
(13930, 1108, '34 horas desaparecido', '2019-09-06', 'tt9141170', 8.2, 2),
(13931, 1108, '63 horas desaparecido', '2019-09-06', 'tt9141178', 8.2, 5),
(13932, 1108, 'Episode #2.1', '2019-09-06', 'tt9141168', NULL, 1),
(13933, 1108, '0 horas desaparecido', '2019-09-06', 'tt9141184', 8.9, 8),
(13934, 1108, '66 horas desaparecido', '2019-09-06', 'tt9141180', 8.2, 6),
(13935, 1108, '36 horas desaparecido', '2019-09-06', 'tt9141174', 8.3, 3),
(13936, 1108, '84 horas desaparecido', '2019-09-06', 'tt9141182', 8.8, 7),
(13974, 1113, 'A Life Earned', '2017-12-15', 'tt7183068', 8.5, 4),
(13975, 1113, 'All Roads Lead...', '2018-04-20', 'tt7183130', 8.6, 18),
(13976, 1113, 'The Force of Gravity', '2018-05-11', 'tt7183156', 8.7, 21),
(13977, 1113, 'The Real Deal', '2018-03-09', 'tt7183104', 9.3, 12),
(13978, 1113, 'Rewind', '2017-12-22', 'tt7183072', 9.2, 5),
(13979, 1113, 'The Last Day', '2018-01-19', 'tt7183086', 8.5, 8),
(13980, 1113, 'Orientation: Part 2', '2017-12-01', 'tt7178426', 8.9, 2),
(13981, 1113, 'Together or Not at All', '2018-01-12', 'tt7183084', 8.5, 7),
(13982, 1113, 'Rise and Shine', '2018-03-30', 'tt7183116', 8.8, 15),
(13983, 1113, 'The End', '2018-05-18', 'tt7183160', 9.3, 22),
(13984, 1113, 'Fun & Games', '2018-01-05', 'tt7183078', 9, 6),
(13985, 1113, 'All the Comforts of Home', '2018-03-02', 'tt7183100', 8.7, 11),
(13986, 1113, 'Principia', '2018-03-16', 'tt7183106', 8.4, 13),
(13987, 1113, 'Past Life', '2018-02-02', 'tt7183092', 8.9, 10),
(13988, 1113, 'Option Two', '2018-04-27', 'tt7183140', 8.8, 19),
(13989, 1113, 'The One Who Will Save Us All', '2018-05-04', 'tt7183150', 8.6, 20),
(13990, 1113, 'Inside Voices', '2018-04-06', 'tt7183120', 8.4, 16),
(13991, 1113, 'The Devil Complex', '2018-03-23', 'tt7183112', 9.2, 14),
(13992, 1114, 'Adapt or Die', '2020-07-01', 'tt9307256', 8.6, 6),
(13993, 1114, 'Episode #7.1', NULL, 'tt9292314', NULL, 1),
(13994, 1114, 'Alien Commies from the Future!', '2020-06-10', 'tt9307250', 8.7, 3),
(13995, 1114, 'A Trout in the Milk', '2020-06-24', 'tt9307254', 8.9, 5),
(13996, 1114, 'Out of the Past', '2020-06-17', 'tt9307252', 9.3, 4),
(13997, 1114, 'Know Your Onions', '2020-06-03', 'tt9307248', 9, 2),
(13998, 1114, 'After, Before', '2020-07-15', 'tt9307260', NULL, 8),
(13999, 1115, 'The Well', '2013-11-19', 'tt3252298', 7.9, 8),
(14000, 1115, 'The Hub', '2013-11-12', 'tt3229406', 7.7, 7),
(14001, 1115, 'Seeds', '2014-01-14', 'tt3307568', 8, 12),
(14002, 1115, 'Pilot', '2013-09-24', 'tt2912308', 7.6, 1),
(14003, 1115, 'The Only Light in the Darkness', '2014-04-22', 'tt3609154', 8.4, 19),
(14004, 1115, '0-8-4', '2013-10-01', 'tt3130816', 7.3, 2),
(14005, 1115, 'Turn, Turn, Turn', '2014-04-08', 'tt3539406', 9.3, 17),
(14006, 1115, 'Providence', '2014-04-15', 'tt3609126', 8.4, 18),
(14007, 1115, 'T.R.A.C.K.S.', '2014-02-04', 'tt3307566', 8.7, 13),
(14008, 1115, 'End of the Beginning', '2014-04-01', 'tt3539224', 8.7, 16),
(14009, 1115, 'Eye Spy', '2013-10-15', 'tt3218318', 7.7, 4),
(14010, 1115, 'The Bridge', '2013-12-10', 'tt3252318', 8.1, 10),
(14011, 1115, 'T.A.H.I.T.I.', '2014-03-04', 'tt3476430', 8.6, 14),
(14012, 1115, 'Yes Men', '2014-03-11', 'tt3473818', 8.2, 15),
(14013, 1115, 'Girl in the Flower Dress', '2013-10-22', 'tt3229400', 7.5, 5),
(14014, 1115, 'Nothing Personal', '2014-04-29', 'tt3609164', 8.8, 20),
(14015, 1115, 'Ragtag', '2014-05-06', 'tt3609168', 8.5, 21),
(14016, 1115, 'The Magical Place', '2014-01-07', 'tt3307564', 8.3, 11),
(14017, 1115, 'The Asset', '2013-10-08', 'tt3130186', 7.4, 3),
(14018, 1115, 'FZZT', '2013-11-05', 'tt3229404', 8.2, 6),
(14019, 1115, 'Repairs', '2013-11-26', 'tt3252332', 7.5, 9),
(14020, 1116, 'Ghost Rider: Meet the New Boss', '2016-09-27', 'tt5916264', 8.2, 2),
(14021, 1116, 'Hot Potato Soup', '2017-01-31', 'tt5916782', 8.2, 12),
(14022, 1116, 'Farewell, Cruel World!', '2017-05-02', 'tt5916856', 9.2, 20),
(14023, 1116, 'What If...', '2017-04-04', 'tt5916832', 9.2, 16),
(14024, 1116, 'Ghost Rider: The Laws of Inferno Dynamics', '2016-12-06', 'tt5916754', 8.8, 8),
(14025, 1116, 'Broken Promises', '2017-01-10', 'tt5916768', 8.5, 9),
(14026, 1116, 'The Patriot', '2017-01-17', 'tt5916774', 8.3, 10),
(14027, 1116, 'Ghost Rider: Uprising', '2016-10-11', 'tt5916458', 8.4, 3),
(14028, 1116, 'Identity and Change', '2017-04-11', 'tt5916836', 9, 17),
(14029, 1116, 'Wake Up', '2017-01-24', 'tt5916778', 8.6, 11),
(14030, 1116, 'All the Madame\'s Men', '2017-04-25', 'tt5916846', 8.8, 19),
(14031, 1116, 'Ghost Rider: Let Me Stand Next to Your Fire', '2016-10-18', 'tt5916482', 8.6, 4),
(14032, 1116, 'Ghost Rider: The Good Samaritan', '2016-11-01', 'tt5916528', 8.9, 6),
(14033, 1116, 'BOOM', '2017-02-07', 'tt5916792', 8.2, 13),
(14034, 1116, 'Ghost Rider: The Ghost', '2016-09-20', 'tt5518974', 8.4, 1),
(14035, 1116, 'Ghost Rider: Deals with Our Devils', '2016-11-29', 'tt5916746', 8.9, 7),
(14036, 1116, 'No Regrets', '2017-04-18', 'tt5916840', 9.3, 18),
(14037, 1116, 'The Man Behind the Shield', '2017-02-14', 'tt5916818', 8.5, 14),
(14038, 1116, 'The Return', '2017-05-09', 'tt5916876', 9.3, 21),
(14039, 1116, 'Ghost Rider: Lockup', '2016-10-25', 'tt5916512', 8.3, 5),
(14040, 1116, 'Self Control', '2017-02-21', 'tt5916824', 9.5, 15),
(14041, 1117, 'Purpose in the Machine', '2015-10-06', 'tt4706470', 8.8, 2),
(14042, 1117, 'Closure', '2015-12-01', 'tt4778366', 9.1, 9),
(14043, 1117, 'Chaos Theory', '2015-11-10', 'tt4765060', 8.6, 7),
(14044, 1117, 'Bouncing Back', '2016-03-08', 'tt4794580', 8.2, 11),
(14045, 1117, 'Among Us Hide...', '2015-11-03', 'tt4760490', 8.5, 6),
(14046, 1117, '4,722 Hours', '2015-10-27', 'tt4742110', 9.3, 5),
(14047, 1117, 'Absolution', '2016-05-17', 'tt4883818', 8.7, 21),
(14048, 1117, 'Many Heads, One Tale', '2015-11-17', 'tt4769592', 9, 8),
(14049, 1117, 'The Inside Man', '2016-03-15', 'tt4800060', 8.2, 12),
(14050, 1117, 'The Singularity', '2016-04-26', 'tt4857186', 8.3, 18),
(14051, 1117, 'A Wanted (Inhu)Man', '2015-10-13', 'tt4727950', 8.1, 3),
(14052, 1117, 'Parting Shot', '2016-03-22', 'tt4809604', 8.8, 13),
(14053, 1117, 'Watchdogs', '2016-03-29', 'tt4819384', 7.9, 14),
(14054, 1117, 'Devils You Know', '2015-10-20', 'tt4732884', 8.5, 4),
(14055, 1117, 'Ascension', '2016-05-17', 'tt4899794', 9.1, 22),
(14056, 1117, 'Spacetime', '2016-04-05', 'tt4829172', 8.8, 15),
(14057, 1117, 'Maveth', '2015-12-08', 'tt4786258', 9.1, 10),
(14058, 1118, 'Collision Course (Part I)', '2019-07-05', 'tt8422650', 8.6, 8),
(14059, 1118, 'Missing Pieces', '2019-05-10', 'tt8416608', 8.2, 1),
(14060, 1118, 'Fear and Loathing on the Planet of Kitson', '2019-05-24', 'tt8416904', 8.6, 3),
(14061, 1119, 'What They Become', '2014-12-09', 'tt4120702', 9.3, 10),
(14062, 1119, 'Ye Who Enter Here', '2014-12-02', 'tt4120698', 8.6, 9),
(14063, 1119, 'Making Friends and Influencing People', '2014-10-07', 'tt3997456', 8.3, 3),
(14064, 1119, 'The Writing on the Wall', '2014-11-11', 'tt4082652', 8.6, 7),
(14065, 1119, 'Love in the Time of Hydra', '2015-03-24', 'tt4120720', 7.9, 14),
(14066, 1119, 'Scars', '2015-05-05', 'tt4122454', 8.7, 20),
(14067, 1119, 'The Things We Bury', '2014-11-18', 'tt4082656', 8.8, 8),
(14068, 1119, 'Heavy Is the Head', '2014-09-30', 'tt3997450', 8.2, 2),
(14069, 1119, 'Melinda', '2015-04-14', 'tt4120730', 8.5, 17),
(14070, 1119, 'Afterlife', '2015-04-07', 'tt4120726', 8.3, 16),
(14071, 1119, 'S.O.S. Part 2', '2015-05-12', 'tt4110822', 9.5, 22),
(14072, 1119, 'S.O.S. Part 1', '2015-05-12', 'tt4122456', 9.1, 21),
(14073, 1119, 'Who You Really Are', '2015-03-10', 'tt4120714', 8.3, 12),
(14074, 1119, 'One of Us', '2015-03-17', 'tt4120718', 8, 13),
(14075, 1119, 'One Door Closes', '2015-03-31', 'tt4120722', 8.8, 15),
(14076, 1119, 'A Hen in the Wolf House', '2014-10-21', 'tt3970174', 8.8, 5),
(14077, 1119, 'Face My Enemy', '2014-10-14', 'tt3997452', 8.3, 4),
(14078, 1119, 'Frenemy of My Enemy', '2015-04-21', 'tt4120738', 8.6, 18),
(14079, 1119, 'Aftershocks', '2015-03-03', 'tt4120704', 8.6, 11),
(14080, 1119, 'The Dirty Half Dozen', '2015-04-28', 'tt4120734', 8.9, 19),
(14081, 1120, 'An Incident at Creede', '2017-11-22', 'tt5761072', 8.1, 1),
(14082, 1120, 'Shot the Head off a Snake', '2017-11-22', 'tt5822482', 8, 5),
(14083, 1120, 'Wisdom of the Horse', '2017-11-22', 'tt5822202', 8.3, 3),
(14084, 1120, 'Dear Roy...', '2017-11-22', 'tt5807790', 8.4, 6),
(14085, 1120, 'The Ladies of La Belle', '2017-11-22', 'tt5822200', 8.1, 2),
(14086, 1120, 'Homecoming', '2017-11-22', 'tt7664718', 9, 7),
(14087, 1120, 'Fathers & Sons', '2017-11-22', 'tt5822478', 8.4, 4),
(14088, 1121, 'The Sign of Three', '2014-01-26', 'tt2781042', 9, 2),
(14089, 1121, 'Many Happy Returns', '2014-01-19', 'tt3381878', 8.6, 0),
(14090, 1121, 'His Last Vow', '2014-02-02', 'tt2781046', 9.3, 3),
(14091, 1121, 'The Empty Hearse', '2014-01-19', 'tt2189771', 9, 1),
(14092, 1122, 'The Great Game', '2010-11-07', 'tt1664530', 9.1, 3),
(14093, 1122, 'A Study in Pink', '2010-10-24', 'tt1665071', 9.1, 1),
(14094, 1122, 'The Blind Banker', '2010-10-31', 'tt1664529', 8.1, 2),
(14095, 1123, 'The Hounds of Baskerville', '2012-05-13', 'tt1942613', 8.4, 2),
(14096, 1123, 'A Scandal in Belgravia', '2012-05-06', 'tt1942612', 9.5, 1),
(14097, 1124, 'The Abominable Bride', '2016-01-01', 'tt3845232', 8.2, 0),
(14098, 1124, 'The Final Problem', '2017-01-15', 'tt3845892', 8.3, 3),
(14099, 1124, 'The Six Thatchers', '2017-01-01', 'tt3538760', 7.6, 1),
(14100, 1124, 'The Lying Detective', '2017-01-08', 'tt3845888', 9.2, 2),
(14101, 1125, '1:23:45', '2019-05-06', 'tt8162428', 9.5, 1),
(14102, 1125, 'The Happiness of All Mankind', '2019-05-27', 'tt9166678', 9.5, 4),
(14103, 1125, 'Please Remain Calm', '2019-05-13', 'tt8482972', 9.6, 2),
(14104, 1125, 'Vichnaya Pamyat', '2019-06-03', 'tt9166696', 9.9, 5),
(14105, 1125, 'Open Wide, O Earth', '2019-05-20', 'tt9166672', 9.6, 3),
(14106, 1126, 'Faithful', '2017-05-10', 'tt5941434', 8.3, 5),
(14107, 1126, 'A Woman\'s Place', '2017-05-17', 'tt5943926', 8.8, 6),
(14108, 1126, 'Jezebels', '2017-05-31', 'tt5943930', 8.1, 8),
(14109, 1126, 'Late', '2017-04-26', 'tt5931652', 8.7, 3),
(14110, 1126, 'Birth Day', '2017-04-26', 'tt5931648', 8.2, 2),
(14111, 1126, 'Nolite Te Bastardes Carborundorum', '2017-05-03', 'tt5937294', 8.3, 4),
(14112, 1126, 'The Bridge', '2017-06-07', 'tt5943932', 8.8, 9),
(14113, 1126, 'The Other Side', '2017-05-24', 'tt5943928', 8, 7),
(14114, 1126, 'Night', '2017-06-14', 'tt5931656', 9.1, 10),
(14115, 1126, 'Offred', '2017-04-26', 'tt5931646', 8.3, 1),
(14116, 1127, 'Episode #4.1', NULL, 'tt10701478', NULL, 1),
(14117, 1128, 'June', '2018-04-25', 'tt6849500', 8.9, 1),
(14118, 1128, 'Postpartum', '2018-07-04', 'tt7435260', 8.5, 12),
(14119, 1128, 'Seeds', '2018-05-16', 'tt7435246', 8.2, 5),
(14120, 1128, 'Women\'s Work', '2018-06-06', 'tt7435252', 8.9, 8),
(14121, 1128, 'Baggage', '2018-05-02', 'tt7435240', 8.1, 3),
(14122, 1128, 'The Last Ceremony', '2018-06-20', 'tt7435256', 9.1, 10),
(14123, 1128, 'Holly', '2018-06-27', 'tt7435258', 8.4, 11),
(14124, 1128, 'Unwomen', '2018-04-25', 'tt7435238', 8.4, 2),
(14125, 1128, 'Smart Power', '2018-06-13', 'tt7435254', 9, 9),
(14126, 1128, 'First Blood', '2018-05-23', 'tt7435248', 9, 6),
(14127, 1128, 'Other Women', '2018-05-09', 'tt7435244', 8, 4),
(14128, 1128, 'After', '2018-05-30', 'tt7435250', 8.3, 7),
(14129, 1128, 'The Word', '2018-07-11', 'tt7435264', 8.6, 13),
(14130, 1129, 'Sacrifice', '2019-08-07', 'tt9754688', 8.3, 12),
(14131, 1129, 'Night', '2019-06-05', 'tt8363118', 8.5, 1),
(14132, 1129, 'Unknown Caller', '2019-06-19', 'tt9399406', 8.5, 5),
(14133, 1129, 'Under His Eye', '2019-07-03', 'tt9471724', 7.2, 7),
(14134, 1129, 'Bear Witness', '2019-07-24', 'tt9471720', 8.2, 10),
(14135, 1129, 'God Bless the Child', '2019-06-12', 'tt9364002', 8.1, 4),
(14136, 1129, 'Unfit', '2019-07-10', 'tt9471726', 7.7, 8),
(14137, 1129, 'Useful', '2019-06-05', 'tt9364456', 8.2, 3),
(14138, 1129, 'Heroic', '2019-07-17', 'tt9471728', 6.1, 9),
(14139, 1129, 'Mary and Martha', '2019-06-05', 'tt9364446', 7.9, 2),
(14140, 1129, 'Household', '2019-06-26', 'tt9399412', 8.3, 6),
(14141, 1129, 'Mayday', '2019-08-14', 'tt9754692', 9.4, 13),
(14142, 1129, 'Liars', '2019-07-31', 'tt9754680', 9.4, 11);

-- --------------------------------------------------------

--
-- Structure de la table `external_rating`
--

CREATE TABLE `external_rating` (
  `id` int(11) NOT NULL,
  `series_id` int(11) NOT NULL,
  `source_id` int(11) NOT NULL,
  `value` varchar(255) COLLATE utf8mb4_unicode_ci NOT NULL,
  `votes` int(11) DEFAULT NULL
) ENGINE=InnoDB DEFAULT CHARSET=utf8mb4 COLLATE=utf8mb4_unicode_ci;

--
-- Contenu de la table `external_rating`
--

INSERT INTO `external_rating` (`id`, `series_id`, `source_id`, `value`, `votes`) VALUES
(1, 1, 1, '8.8/10', 127036),
(2, 2, 1, '8.9/10', 688588),
(3, 3, 1, '8.9/10', 88709),
(5, 5, 1, '8.4/10', 163809),
(7, 7, 1, '8.0/10', 215079),
(9, 9, 1, '8.4/10', 460157),
(10, 9, 2, '80%', NULL),
(11, 10, 1, '9.5/10', 1240382),
(12, 11, 1, '8.0/10', 106370),
(13, 12, 1, '7.4/10', 29230),
(14, 13, 1, '8.1/10', 23982),
(15, 14, 1, '7.1/10', 69832),
(16, 15, 1, '7.7/10', 181050),
(17, 16, 1, '8.4/10', 72334),
(18, 17, 1, '7.2/10', 51337),
(19, 18, 1, '7.4/10', 72324),
(20, 19, 1, '8.9/10', 343484),
(21, 20, 1, '9.0/10', 189651),
(22, 21, 1, '8.8/10', 435899),
(24, 23, 1, '8.9/10', 632117),
(25, 24, 1, '8.5/10', 4182),
(27, 26, 1, '7.8/10', 66344),
(28, 27, 1, '8.1/10', 75761),
(29, 28, 1, '8.6/10', 135279),
(30, 29, 1, '8.4/10', 18157),
(31, 30, 1, '8.7/10', 3969),
(32, 31, 1, '8.7/10', 302774),
(33, 32, 1, '8.7/10', 328282),
(34, 33, 1, '9.3/10', 287285),
(35, 34, 1, '8.2/10', 105169),
(36, 35, 1, '7.5/10', 41443),
(37, 36, 1, '7.8/10', 5220),
(38, 37, 1, '8.3/10', 790103),
(39, 38, 1, '7.5/10', 51257),
(40, 39, 1, '7.5/10', 17726),
(41, 40, 1, '9.0/10', 278503),
(42, 41, 1, '8.6/10', 349508),
(43, 42, 1, '8.0/10', 179226),
(44, 43, 1, '8.7/10', 332916),
(45, 44, 1, '7.4/10', 105914),
(46, 45, 1, '8.8/10', 359026),
(47, 46, 1, '5.9/10', 1686),
(48, 47, 1, '8.1/10', 24627),
(50, 49, 1, '8.6/10', 41157),
(51, 50, 1, '8.4/10', 76868),
(52, 51, 1, '8.5/10', 2830),
(53, 52, 1, '8.1/10', 96529),
(54, 53, 1, '8.8/10', 156730),
(55, 54, 1, '8.5/10', 124501),
(56, 55, 1, '8.8/10', 209735),
(57, 56, 1, '8.5/10', 204947),
(58, 57, 1, '7.5/10', 142),
(59, 58, 1, '8.8/10', 36689),
(60, 59, 1, '7.8/10', 108427),
(61, 60, 1, '7.7/10', 70550),
(62, 61, 1, '8.1/10', 10831),
(63, 62, 1, '7.4/10', 71648),
(64, 63, 1, '7.5/10', 17018),
(65, 64, 1, '8.3/10', 25),
(66, 65, 1, '8.1/10', 257600),
(67, 66, 1, '7.5/10', 107841),
(68, 67, 1, '7.8/10', 20600),
(69, 68, 1, '8.7/10', 379580),
(70, 69, 1, '8.3/10', 546652),
(72, 71, 1, '8.1/10', 67577),
(73, 72, 1, '7.8/10', 279381),
(74, 73, 1, '6.9/10', 37399),
(75, 74, 1, '7.1/10', 2092),
(76, 75, 1, '9.3/10', 250417),
(79, 78, 1, '9.0/10', 450268),
(80, 79, 1, '8.1/10', 9839),
(81, 80, 1, '6.8/10', 27967),
(82, 81, 1, '7.1/10', 96701),
(83, 82, 1, '6.9/10', 102251),
(84, 83, 1, '8.7/10', 253478),
(85, 84, 1, '8.1/10', 251012),
(87, 86, 1, '8.1/10', 17464),
(88, 87, 1, '6.8/10', 125442),
(89, 88, 1, '8.7/10', 85174),
(90, 89, 1, '7.9/10', 95398),
(91, 90, 1, '7.9/10', 128775),
(92, 91, 1, '8.1/10', 133330),
(93, 92, 1, '7.6/10', 63830),
(94, 93, 1, '8.1/10', 161701),
(95, 94, 1, '7.3/10', 92088),
(96, 95, 1, '8.7/10', 172430),
(97, 96, 1, '7.9/10', 190942),
(98, 97, 1, '8.3/10', 73526),
(99, 98, 1, '8.3/10', 281264),
(100, 99, 1, '6.8/10', 9635),
(101, 100, 1, '7.6/10', 28955),
(102, 101, 1, '8.4/10', 73789),
(103, 102, 1, '8.0/10', 97601),
(105, 104, 1, '7.1/10', 297),
(106, 105, 1, '7.3/10', 2997),
(107, 106, 1, '8.0/10', 5654),
(108, 107, 1, '8.4/10', 433532),
(109, 108, 1, '7.5/10', 10466),
(110, 109, 1, '8.5/10', 280942),
(111, 110, 1, '9.5/10', 76678),
(112, 111, 1, '9.4/10', 150310),
(113, 112, 1, '9.5/10', 328838),
(114, 113, 1, '9.2/10', 257324),
(115, 114, 1, '8.1/10', 74714),
(116, 115, 1, '4.0/10', 4532),
(117, 116, 1, '6.2/10', 9195),
(118, 117, 1, '8.4/10', 198389),
(119, 118, 1, '8.9/10', 6055),
(120, 119, 1, '8.5/10', 49101),
(121, 120, 1, '8.5/10', 89570),
(122, 121, 1, '8.6/10', 33630),
(123, 122, 1, '8.7/10', 185221),
(124, 123, 1, '8.6/10', 72492),
(125, 124, 1, '8.6/10', 63208),
(126, 125, 1, '8.7/10', 23078),
(127, 126, 1, '8.6/10', 87765),
(128, 127, 1, '8.6/10', 62022),
(129, 127, 2, '89%', NULL),
(130, 128, 1, '8.7/10', 184085),
(131, 129, 1, '8.7/10', 101664),
(132, 130, 1, '8.7/10', 74051),
(133, 131, 1, '8.7/10', 82147),
(135, 133, 1, '8.5/10', 119337),
(136, 134, 1, '8.2/10', 285407),
(137, 135, 1, '7.4/10', 107780),
(138, 136, 1, '7.9/10', 32728),
(139, 137, 1, '7.3/10', 2477),
(140, 138, 1, '8.3/10', 25942),
(141, 139, 1, '6.8/10', 77135),
(142, 140, 1, '7.9/10', 64474),
(143, 141, 1, '7.3/10', 24790),
(144, 142, 1, '8.1/10', 7214),
(145, 143, 1, '8.4/10', 22463),
(147, 145, 1, '9.0/10', 40202),
(148, 146, 1, '8.9/10', 473),
(149, 147, 1, '9.0/10', 20473),
(150, 148, 1, '8.5/10', 100666),
(151, 149, 1, '8.5/10', 94620),
(152, 150, 1, '8.3/10', 19618),
(153, 151, 1, '9.4/10', 15152),
(154, 152, 1, '8.7/10', 125951),
(155, 153, 1, '8.7/10', 121618),
(156, 154, 1, '8.7/10', 23892),
(157, 155, 1, '8.7/10', 143803),
(158, 156, 1, '7.6/10', 215904),
(159, 157, 1, '8.2/10', 160986),
(160, 158, 1, '8.6/10', 150210),
(161, 159, 1, '8.4/10', 55203),
(162, 160, 1, '8.4/10', 35946),
(163, 161, 1, '8.1/10', 6915),
(165, 163, 1, '8.6/10', 125232),
(166, 164, 1, '8.4/10', 125244),
(167, 165, 1, '8.3/10', 93577),
(168, 166, 1, '8.4/10', 15055),
(169, 167, 1, '8.4/10', 159220),
(170, 168, 1, '8.0/10', 4710),
(171, 169, 1, '8.9/10', 55831),
(172, 170, 1, '8.6/10', 14552),
(173, 171, 1, '8.2/10', 18364),
(174, 172, 1, '8.2/10', 61364),
(175, 173, 1, '8.3/10', 106264),
(176, 174, 1, '8.3/10', 37787),
(177, 175, 1, '8.5/10', 105140),
(178, 176, 1, '8.5/10', 39666),
(179, 177, 1, '8.3/10', 21159),
(180, 178, 1, '8.2/10', 30776),
(181, 179, 1, '8.2/10', 68782),
(182, 180, 1, '7.8/10', 7725),
(183, 181, 1, '8.4/10', 22144),
(184, 182, 1, '8.3/10', 8197),
(185, 183, 1, '8.5/10', 68770),
(186, 184, 1, '8.5/10', 101617),
(187, 185, 1, '8.3/10', 35831),
(188, 186, 1, '8.8/10', 60568),
(189, 187, 1, '8.3/10', 3221),
(190, 188, 1, '8.0/10', 28),
(191, 189, 1, '8.2/10', 12519),
(192, 190, 1, '8.3/10', 68855),
(193, 191, 1, '8.5/10', 106975),
(194, 192, 1, '8.5/10', 15766),
(195, 193, 1, '8.5/10', 9674),
(196, 194, 1, '7.7/10', 116302),
(197, 195, 1, '8.3/10', 66460),
(198, 196, 1, '7.4/10', 40392),
(199, 197, 1, '7.9/10', 7336),
(200, 198, 1, '8.4/10', 153642),
(201, 199, 1, '8.1/10', 106417),
(202, 200, 1, '8.5/10', 28453),
(203, 201, 1, '8.5/10', 57575),
(204, 202, 1, '8.3/10', 71129),
(205, 203, 1, '8.6/10', 40632),
(206, 204, 1, '7.7/10', 30090),
(207, 205, 1, '7.7/10', 64012),
(208, 206, 1, '8.6/10', 161054),
(209, 207, 1, '8.5/10', 5008),
(210, 208, 1, '7.5/10', 143509),
(211, 209, 1, '8.4/10', 24757),
(212, 210, 1, '8.4/10', 78133),
(213, 211, 1, '8.1/10', 57391),
(214, 212, 1, '7.7/10', 44723),
(215, 213, 1, '8.1/10', 64480),
(216, 214, 1, '8.3/10', 46417),
(217, 215, 1, '8.2/10', 86718),
(218, 216, 1, '8.0/10', 32688),
(220, 218, 1, '9.3/10', 1679892),
(221, 219, 1, '8.6/10', 624921),
(224, 222, 1, '8.5/10', 349135),
(226, 224, 1, '8.1/10', 692807),
(229, 227, 1, '8.8/10', 335147),
(230, 228, 1, '7.6/10', 39316),
(232, 230, 1, '7.5/10', 191396),
(233, 231, 1, '8.3/10', 46560),
(234, 232, 1, '9.1/10', 765513),
(235, 233, 1, '9.4/10', 477920),
(236, 234, 1, '8.5/10', 155338);

-- --------------------------------------------------------

--
-- Structure de la table `external_rating_source`
--

CREATE TABLE `external_rating_source` (
  `id` int(11) NOT NULL,
  `name` varchar(255) COLLATE utf8mb4_unicode_ci NOT NULL
) ENGINE=InnoDB DEFAULT CHARSET=utf8mb4 COLLATE=utf8mb4_unicode_ci;

--
-- Contenu de la table `external_rating_source`
--

INSERT INTO `external_rating_source` (`id`, `name`) VALUES
(1, 'Internet Movie Database'),
(2, 'Rotten Tomatoes');

-- --------------------------------------------------------

--
-- Structure de la table `genre`
--

CREATE TABLE `genre` (
  `id` int(11) NOT NULL,
  `name` varchar(128) COLLATE utf8mb4_unicode_ci NOT NULL
) ENGINE=InnoDB DEFAULT CHARSET=utf8mb4 COLLATE=utf8mb4_unicode_ci;

--
-- Contenu de la table `genre`
--

INSERT INTO `genre` (`id`, `name`) VALUES
(1, 'Animation'),
(2, 'Action'),
(3, 'Adventure'),
(4, 'Drama'),
(5, 'Fantasy'),
(6, 'Horror'),
(7, 'Comedy'),
(8, 'Romance'),
(9, 'Sci-Fi'),
(10, 'Crime'),
(11, 'Thriller'),
(12, 'Mystery'),
(13, 'Family'),
(14, 'Biography'),
(15, 'War'),
(16, 'History'),
(17, 'Western'),
(18, 'Music'),
(19, 'Documentary'),
(20, 'Musical'),
(21, 'Short'),
(22, 'Talk-Show'),
(23, 'Sport');

-- --------------------------------------------------------

--
-- Structure de la table `genre_series`
--

CREATE TABLE `genre_series` (
  `genre_id` int(11) NOT NULL,
  `series_id` int(11) NOT NULL
) ENGINE=InnoDB DEFAULT CHARSET=utf8mb4 COLLATE=utf8mb4_unicode_ci;

--
-- Contenu de la table `genre_series`
--

INSERT INTO `genre_series` (`genre_id`, `series_id`) VALUES
(1, 1),
(1, 3),
(1, 20),
(1, 29),
(1, 31),
(1, 32),
(1, 33),
(1, 47),
(1, 49),
(1, 51),
(1, 58),
(1, 61),
(1, 74),
(1, 86),
(1, 104),
(1, 105),
(1, 114),
(1, 115),
(1, 117),
(1, 123),
(1, 124),
(1, 134),
(1, 135),
(1, 137),
(1, 143),
(1, 146),
(1, 163),
(1, 168),
(1, 169),
(1, 204),
(2, 1),
(2, 3),
(2, 5),
(2, 13),
(2, 18),
(2, 27),
(2, 28),
(2, 29),
(2, 38),
(2, 39),
(2, 41),
(2, 42),
(2, 43),
(2, 44),
(2, 47),
(2, 49),
(2, 50),
(2, 58),
(2, 59),
(2, 61),
(2, 72),
(2, 86),
(2, 92),
(2, 96),
(2, 97),
(2, 99),
(2, 105),
(2, 107),
(2, 112),
(2, 116),
(2, 126),
(2, 127),
(2, 137),
(2, 138),
(2, 141),
(2, 142),
(2, 143),
(2, 146),
(2, 147),
(2, 158),
(2, 159),
(2, 163),
(2, 165),
(2, 168),
(2, 185),
(2, 194),
(2, 198),
(2, 199),
(2, 201),
(2, 204),
(2, 210),
(2, 211),
(2, 216),
(2, 218),
(2, 230),
(3, 1),
(3, 3),
(3, 9),
(3, 13),
(3, 17),
(3, 18),
(3, 27),
(3, 29),
(3, 33),
(3, 36),
(3, 41),
(3, 47),
(3, 49),
(3, 51),
(3, 52),
(3, 57),
(3, 58),
(3, 61),
(3, 72),
(3, 86),
(3, 99),
(3, 105),
(3, 108),
(3, 115),
(3, 122),
(3, 126),
(3, 127),
(3, 139),
(3, 143),
(3, 146),
(3, 158),
(3, 169),
(3, 185),
(3, 204),
(3, 210),
(3, 211),
(3, 218),
(3, 230),
(4, 1),
(4, 5),
(4, 7),
(4, 9),
(4, 10),
(4, 13),
(4, 14),
(4, 15),
(4, 16),
(4, 17),
(4, 18),
(4, 19),
(4, 20),
(4, 21),
(4, 23),
(4, 24),
(4, 26),
(4, 27),
(4, 30),
(4, 34),
(4, 37),
(4, 38),
(4, 39),
(4, 40),
(4, 41),
(4, 42),
(4, 43),
(4, 44),
(4, 45),
(4, 49),
(4, 50),
(4, 51),
(4, 52),
(4, 53),
(4, 54),
(4, 55),
(4, 56),
(4, 57),
(4, 59),
(4, 60),
(4, 61),
(4, 62),
(4, 63),
(4, 64),
(4, 65),
(4, 66),
(4, 67),
(4, 68),
(4, 71),
(4, 72),
(4, 73),
(4, 74),
(4, 75),
(4, 78),
(4, 79),
(4, 80),
(4, 81),
(4, 82),
(4, 83),
(4, 84),
(4, 87),
(4, 88),
(4, 89),
(4, 90),
(4, 91),
(4, 92),
(4, 93),
(4, 94),
(4, 95),
(4, 96),
(4, 97),
(4, 98),
(4, 99),
(4, 100),
(4, 101),
(4, 102),
(4, 104),
(4, 105),
(4, 106),
(4, 107),
(4, 108),
(4, 109),
(4, 112),
(4, 113),
(4, 116),
(4, 118),
(4, 121),
(4, 122),
(4, 123),
(4, 125),
(4, 127),
(4, 128),
(4, 130),
(4, 131),
(4, 136),
(4, 137),
(4, 139),
(4, 140),
(4, 143),
(4, 145),
(4, 148),
(4, 149),
(4, 150),
(4, 152),
(4, 153),
(4, 154),
(4, 155),
(4, 156),
(4, 157),
(4, 158),
(4, 159),
(4, 160),
(4, 164),
(4, 165),
(4, 166),
(4, 168),
(4, 170),
(4, 171),
(4, 172),
(4, 173),
(4, 174),
(4, 176),
(4, 177),
(4, 178),
(4, 179),
(4, 180),
(4, 181),
(4, 182),
(4, 183),
(4, 184),
(4, 188),
(4, 189),
(4, 190),
(4, 191),
(4, 192),
(4, 193),
(4, 194),
(4, 195),
(4, 196),
(4, 197),
(4, 198),
(4, 199),
(4, 200),
(4, 202),
(4, 203),
(4, 204),
(4, 205),
(4, 206),
(4, 208),
(4, 209),
(4, 210),
(4, 211),
(4, 212),
(4, 213),
(4, 214),
(4, 215),
(4, 216),
(4, 218),
(4, 219),
(4, 222),
(4, 227),
(4, 228),
(4, 230),
(4, 231),
(4, 232),
(4, 233),
(4, 234),
(5, 1),
(5, 9),
(5, 14),
(5, 20),
(5, 23),
(5, 27),
(5, 29),
(5, 43),
(5, 47),
(5, 51),
(5, 58),
(5, 61),
(5, 80),
(5, 86),
(5, 105),
(5, 108),
(5, 114),
(5, 124),
(5, 138),
(5, 140),
(5, 141),
(5, 143),
(5, 149),
(5, 157),
(5, 168),
(5, 169),
(5, 173),
(5, 185),
(5, 194),
(5, 195),
(5, 201),
(5, 204),
(5, 213),
(5, 218),
(6, 1),
(6, 23),
(6, 37),
(6, 47),
(6, 56),
(6, 61),
(6, 62),
(6, 63),
(6, 82),
(6, 84),
(6, 105),
(6, 124),
(6, 137),
(6, 146),
(6, 153),
(6, 173),
(6, 201),
(6, 215),
(7, 2),
(7, 3),
(7, 11),
(7, 12),
(7, 27),
(7, 29),
(7, 31),
(7, 32),
(7, 33),
(7, 35),
(7, 36),
(7, 52),
(7, 58),
(7, 64),
(7, 65),
(7, 66),
(7, 67),
(7, 69),
(7, 80),
(7, 81),
(7, 86),
(7, 87),
(7, 90),
(7, 91),
(7, 95),
(7, 102),
(7, 108),
(7, 114),
(7, 115),
(7, 117),
(7, 119),
(7, 120),
(7, 123),
(7, 124),
(7, 129),
(7, 130),
(7, 133),
(7, 134),
(7, 135),
(7, 138),
(7, 143),
(7, 147),
(7, 161),
(7, 163),
(7, 167),
(7, 168),
(7, 169),
(7, 174),
(7, 175),
(7, 185),
(7, 186),
(7, 187),
(7, 188),
(7, 201),
(7, 202),
(7, 203),
(7, 204),
(7, 213),
(7, 216),
(7, 222),
(7, 224),
(8, 2),
(8, 12),
(8, 26),
(8, 41),
(8, 46),
(8, 52),
(8, 64),
(8, 66),
(8, 69),
(8, 80),
(8, 81),
(8, 90),
(8, 91),
(8, 94),
(8, 130),
(8, 136),
(8, 149),
(8, 154),
(8, 155),
(8, 156),
(8, 177),
(8, 194),
(8, 204),
(8, 208),
(8, 213),
(8, 218),
(8, 224),
(9, 3),
(9, 9),
(9, 13),
(9, 15),
(9, 16),
(9, 17),
(9, 18),
(9, 19),
(9, 23),
(9, 27),
(9, 29),
(9, 33),
(9, 38),
(9, 39),
(9, 42),
(9, 43),
(9, 44),
(9, 45),
(9, 46),
(9, 49),
(9, 51),
(9, 71),
(9, 72),
(9, 82),
(9, 96),
(9, 97),
(9, 106),
(9, 117),
(9, 122),
(9, 124),
(9, 126),
(9, 127),
(9, 128),
(9, 137),
(9, 139),
(9, 141),
(9, 143),
(9, 147),
(9, 152),
(9, 158),
(9, 160),
(9, 164),
(9, 165),
(9, 168),
(9, 169),
(9, 172),
(9, 185),
(9, 196),
(9, 197),
(9, 198),
(9, 199),
(9, 204),
(9, 210),
(9, 211),
(9, 212),
(9, 230),
(9, 234),
(10, 5),
(10, 10),
(10, 20),
(10, 24),
(10, 26),
(10, 28),
(10, 34),
(10, 40),
(10, 42),
(10, 43),
(10, 44),
(10, 50),
(10, 52),
(10, 53),
(10, 54),
(10, 55),
(10, 56),
(10, 59),
(10, 60),
(10, 65),
(10, 73),
(10, 75),
(10, 78),
(10, 83),
(10, 89),
(10, 90),
(10, 91),
(10, 93),
(10, 94),
(10, 96),
(10, 98),
(10, 99),
(10, 100),
(10, 101),
(10, 102),
(10, 107),
(10, 109),
(10, 113),
(10, 116),
(10, 118),
(10, 121),
(10, 125),
(10, 128),
(10, 131),
(10, 137),
(10, 138),
(10, 142),
(10, 147),
(10, 148),
(10, 152),
(10, 157),
(10, 158),
(10, 167),
(10, 170),
(10, 171),
(10, 178),
(10, 179),
(10, 183),
(10, 190),
(10, 191),
(10, 198),
(10, 200),
(10, 206),
(10, 216),
(10, 219),
(10, 227),
(10, 228),
(10, 232),
(11, 5),
(11, 9),
(11, 10),
(11, 16),
(11, 19),
(11, 20),
(11, 23),
(11, 26),
(11, 28),
(11, 34),
(11, 37),
(11, 38),
(11, 39),
(11, 40),
(11, 42),
(11, 43),
(11, 44),
(11, 49),
(11, 50),
(11, 52),
(11, 53),
(11, 54),
(11, 56),
(11, 59),
(11, 62),
(11, 71),
(11, 73),
(11, 74),
(11, 75),
(11, 78),
(11, 82),
(11, 84),
(11, 92),
(11, 93),
(11, 96),
(11, 97),
(11, 98),
(11, 99),
(11, 101),
(11, 104),
(11, 106),
(11, 107),
(11, 109),
(11, 116),
(11, 121),
(11, 125),
(11, 128),
(11, 131),
(11, 137),
(11, 138),
(11, 152),
(11, 153),
(11, 158),
(11, 160),
(11, 164),
(11, 172),
(11, 179),
(11, 184),
(11, 191),
(11, 194),
(11, 196),
(11, 198),
(11, 199),
(11, 204),
(11, 205),
(11, 208),
(11, 215),
(11, 216),
(11, 219),
(11, 227),
(11, 228),
(11, 230),
(11, 232),
(11, 233),
(11, 234),
(12, 7),
(12, 9),
(12, 13),
(12, 14),
(12, 15),
(12, 16),
(12, 17),
(12, 20),
(12, 23),
(12, 24),
(12, 28),
(12, 34),
(12, 45),
(12, 49),
(12, 50),
(12, 51),
(12, 53),
(12, 56),
(12, 59),
(12, 60),
(12, 61),
(12, 66),
(12, 67),
(12, 68),
(12, 73),
(12, 74),
(12, 78),
(12, 89),
(12, 90),
(12, 91),
(12, 92),
(12, 93),
(12, 94),
(12, 96),
(12, 98),
(12, 101),
(12, 104),
(12, 107),
(12, 116),
(12, 118),
(12, 121),
(12, 122),
(12, 126),
(12, 128),
(12, 138),
(12, 139),
(12, 140),
(12, 146),
(12, 152),
(12, 153),
(12, 160),
(12, 164),
(12, 169),
(12, 172),
(12, 173),
(12, 184),
(12, 185),
(12, 191),
(12, 195),
(12, 196),
(12, 197),
(12, 198),
(12, 208),
(12, 215),
(12, 219),
(12, 232),
(13, 11),
(13, 12),
(13, 17),
(13, 114),
(13, 115),
(13, 120),
(13, 122),
(13, 169),
(14, 145),
(14, 183),
(14, 227),
(15, 38),
(15, 41),
(15, 49),
(15, 112),
(16, 41),
(16, 88),
(16, 112),
(16, 145),
(16, 159),
(16, 177),
(16, 206),
(16, 233),
(17, 45),
(17, 231),
(18, 80),
(18, 87),
(18, 150),
(18, 189),
(18, 203),
(19, 110),
(19, 111),
(19, 151),
(19, 207),
(20, 87),
(20, 115),
(20, 150),
(21, 124),
(22, 129),
(23, 207);

-- --------------------------------------------------------

--
-- Structure de la table `rating`
--

CREATE TABLE `rating` (
  `id` int(11) NOT NULL,
  `series_id` int(11) NOT NULL,
  `user_id` int(11) NOT NULL,
  `value` int(11) NOT NULL,
  `comment` longtext COLLATE utf8mb4_unicode_ci,
  `date` datetime NOT NULL
) ENGINE=InnoDB DEFAULT CHARSET=utf8mb4 COLLATE=utf8mb4_unicode_ci;

-- --------------------------------------------------------

--
-- Structure de la table `season`
--

CREATE TABLE `season` (
  `id` int(11) NOT NULL,
  `series_id` int(11) NOT NULL,
  `number` int(11) NOT NULL
) ENGINE=InnoDB DEFAULT CHARSET=utf8mb4 COLLATE=utf8mb4_unicode_ci;

--
-- Contenu de la table `season`
--

INSERT INTO `season` (`id`, `series_id`, `number`) VALUES
(1, 1, 1),
(2, 1, 3),
(3, 1, 2),
(4, 2, 2),
(5, 2, 10),
(6, 2, 5),
(7, 2, 9),
(8, 2, 3),
(9, 2, 8),
(10, 2, 7),
(11, 2, 6),
(12, 2, 4),
(13, 2, 1),
(14, 3, 1),
(15, 3, 2),
(23, 5, 8),
(24, 5, 2),
(25, 5, 4),
(26, 5, 7),
(27, 5, 3),
(28, 5, 5),
(29, 5, 6),
(30, 5, 1),
(39, 7, 2),
(40, 7, 1),
(56, 9, 2),
(57, 9, 1),
(58, 9, 4),
(59, 9, 5),
(60, 9, 3),
(61, 9, 6),
(62, 10, 3),
(63, 10, 1),
(64, 10, 5),
(65, 10, 4),
(66, 10, 2),
(67, 11, 4),
(68, 11, 1),
(69, 11, 5),
(70, 11, 7),
(71, 11, 6),
(72, 11, 3),
(73, 11, 2),
(74, 12, 4),
(75, 12, 5),
(76, 12, 2),
(77, 12, 1),
(78, 12, 8),
(79, 12, 6),
(80, 12, 3),
(81, 12, 7),
(82, 13, 3),
(83, 13, 4),
(84, 13, 5),
(85, 13, 2),
(86, 13, 1),
(87, 14, 4),
(88, 14, 8),
(89, 14, 6),
(90, 14, 1),
(91, 14, 2),
(92, 14, 3),
(93, 14, 7),
(94, 14, 5),
(95, 15, 5),
(96, 15, 4),
(97, 15, 3),
(98, 15, 6),
(99, 15, 1),
(100, 15, 2),
(101, 16, 2),
(102, 16, 1),
(103, 16, 3),
(104, 16, 4),
(105, 17, 2),
(106, 17, 1),
(107, 18, 2),
(108, 18, 1),
(109, 19, 5),
(110, 19, 1),
(111, 19, 4),
(112, 19, 2),
(113, 19, 3),
(114, 20, 1),
(115, 21, 4),
(116, 21, 5),
(117, 21, 6),
(118, 21, 3),
(119, 21, 2),
(120, 21, 1),
(129, 23, 1),
(130, 23, 3),
(131, 23, 2),
(132, 24, 5),
(133, 24, 7),
(134, 24, 6),
(135, 24, 1),
(136, 24, 4),
(137, 24, 3),
(138, 24, 2),
(142, 26, 2),
(143, 26, 1),
(144, 27, 1),
(145, 28, 1),
(146, 28, 3),
(147, 28, 2),
(148, 29, 1),
(149, 29, 2),
(150, 29, 3),
(151, 30, 2),
(152, 30, 1),
(153, 30, 4),
(154, 30, 3),
(155, 31, 4),
(156, 31, 11),
(157, 31, 20),
(158, 31, 19),
(159, 31, 18),
(160, 31, 16),
(161, 31, 14),
(162, 31, 8),
(163, 31, 22),
(164, 31, 3),
(165, 31, 17),
(166, 31, 7),
(167, 31, 2),
(168, 31, 9),
(169, 31, 1),
(170, 31, 6),
(171, 31, 13),
(172, 31, 12),
(173, 31, 23),
(174, 31, 10),
(175, 31, 5),
(176, 31, 15),
(177, 31, 21),
(178, 32, 8),
(179, 32, 10),
(180, 32, 7),
(181, 32, 3),
(182, 32, 19),
(183, 32, 20),
(184, 32, 17),
(185, 32, 1),
(186, 32, 23),
(187, 32, 30),
(188, 32, 22),
(189, 32, 24),
(190, 32, 12),
(191, 32, 15),
(192, 32, 5),
(193, 32, 25),
(194, 32, 29),
(195, 32, 6),
(196, 32, 11),
(197, 32, 13),
(198, 32, 9),
(199, 32, 27),
(200, 32, 14),
(201, 32, 28),
(202, 32, 18),
(203, 32, 31),
(204, 32, 26),
(205, 32, 4),
(206, 32, 21),
(207, 32, 2),
(208, 32, 16),
(209, 33, 1),
(210, 33, 2),
(211, 33, 3),
(212, 34, 4),
(213, 34, 1),
(214, 34, 5),
(215, 34, 2),
(216, 34, 3),
(217, 35, 2),
(218, 35, 6),
(219, 35, 8),
(220, 35, 3),
(221, 35, 1),
(222, 35, 5),
(223, 35, 7),
(224, 35, 4),
(225, 35, 9),
(226, 36, 4),
(227, 36, 2),
(228, 36, 1),
(229, 36, 3),
(230, 37, 5),
(231, 37, 7),
(232, 37, 2),
(233, 37, 1),
(234, 37, 9),
(235, 37, 8),
(236, 37, 3),
(237, 37, 6),
(238, 37, 4),
(239, 38, 1),
(240, 38, 5),
(241, 38, 4),
(242, 38, 2),
(243, 38, 3),
(244, 39, 1),
(245, 39, 2),
(246, 40, 3),
(247, 40, 2),
(248, 40, 1),
(249, 40, 4),
(250, 41, 5),
(251, 41, 3),
(252, 41, 4),
(253, 41, 2),
(254, 41, 1),
(255, 42, 1),
(256, 42, 2),
(257, 42, 3),
(258, 43, 1),
(259, 43, 2),
(260, 43, 3),
(261, 44, 2),
(262, 44, 1),
(263, 45, 3),
(264, 45, 2),
(265, 45, 1),
(266, 46, 1),
(267, 47, 1),
(268, 47, 2),
(272, 49, 2),
(273, 49, 1),
(274, 50, 3),
(275, 50, 4),
(276, 50, 2),
(277, 50, 1),
(278, 51, 1),
(279, 52, 1),
(280, 52, 2),
(281, 53, 2),
(282, 53, 1),
(283, 54, 1),
(284, 55, 4),
(285, 55, 1),
(286, 55, 3),
(287, 55, 2),
(288, 55, 5),
(289, 56, 1),
(290, 56, 3),
(291, 56, 2),
(292, 57, 2),
(293, 57, 1),
(294, 58, 1),
(295, 59, 15),
(296, 59, 14),
(297, 59, 11),
(298, 59, 16),
(299, 59, 2),
(300, 59, 10),
(301, 59, 3),
(302, 59, 1),
(303, 59, 13),
(304, 59, 5),
(305, 59, 6),
(306, 59, 4),
(307, 59, 8),
(308, 59, 9),
(309, 59, 12),
(310, 59, 7),
(311, 60, 7),
(312, 60, 1),
(313, 60, 5),
(314, 60, 2),
(315, 60, 3),
(316, 60, 8),
(317, 60, 9),
(318, 60, 15),
(319, 60, 12),
(320, 60, 14),
(321, 60, 10),
(322, 60, 6),
(323, 60, 4),
(324, 60, 13),
(325, 60, 11),
(326, 60, 16),
(327, 61, 1),
(328, 62, 4),
(329, 62, 1),
(330, 62, 3),
(331, 62, 2),
(332, 63, 1),
(333, 63, 2),
(336, 65, 2),
(337, 65, 5),
(338, 65, 4),
(339, 65, 1),
(340, 65, 6),
(341, 65, 3),
(342, 66, 7),
(343, 66, 5),
(344, 66, 3),
(345, 66, 1),
(346, 66, 8),
(347, 66, 6),
(348, 66, 2),
(349, 66, 4),
(350, 67, 3),
(351, 67, 1),
(352, 67, 4),
(353, 67, 2),
(354, 68, 8),
(355, 68, 7),
(356, 68, 2),
(357, 68, 3),
(358, 68, 4),
(359, 68, 6),
(360, 68, 1),
(361, 68, 5),
(362, 69, 3),
(363, 69, 8),
(364, 69, 4),
(365, 69, 9),
(366, 69, 5),
(367, 69, 6),
(368, 69, 2),
(369, 69, 1),
(370, 69, 7),
(374, 71, 2),
(375, 71, 4),
(376, 71, 1),
(377, 71, 3),
(378, 72, 1),
(379, 72, 2),
(380, 72, 5),
(381, 72, 4),
(382, 72, 3),
(383, 73, 4),
(384, 73, 3),
(385, 73, 1),
(386, 73, 2),
(387, 73, 5),
(388, 73, 6),
(389, 74, 1),
(390, 74, 2),
(391, 75, 2),
(392, 75, 1),
(393, 75, 5),
(394, 75, 4),
(395, 75, 3),
(407, 78, 2),
(408, 78, 3),
(409, 78, 1),
(410, 79, 1),
(411, 80, 5),
(412, 80, 4),
(413, 80, 2),
(414, 80, 3),
(415, 80, 1),
(416, 81, 6),
(417, 81, 4),
(418, 81, 3),
(419, 81, 1),
(420, 81, 2),
(421, 81, 5),
(422, 82, 3),
(423, 82, 2),
(424, 82, 1),
(425, 82, 5),
(426, 82, 4),
(427, 83, 4),
(428, 83, 1),
(429, 83, 5),
(430, 83, 3),
(431, 83, 2),
(432, 84, 8),
(433, 84, 5),
(434, 84, 9),
(435, 84, 4),
(436, 84, 2),
(437, 84, 1),
(438, 84, 7),
(439, 84, 6),
(440, 84, 3),
(441, 86, 5),
(442, 86, 8),
(443, 86, 3),
(444, 86, 4),
(445, 86, 1),
(446, 86, 2),
(447, 86, 7),
(448, 86, 6),
(449, 87, 5),
(450, 87, 1),
(451, 87, 2),
(452, 87, 4),
(453, 87, 3),
(454, 87, 6),
(455, 88, 2),
(456, 88, 4),
(457, 88, 1),
(458, 88, 3),
(459, 89, 2),
(460, 89, 4),
(461, 89, 5),
(462, 89, 7),
(463, 89, 3),
(464, 89, 1),
(465, 89, 6),
(466, 90, 3),
(467, 90, 5),
(468, 90, 6),
(469, 90, 12),
(470, 90, 10),
(471, 90, 9),
(472, 90, 7),
(473, 90, 4),
(474, 90, 8),
(475, 90, 2),
(476, 90, 1),
(477, 90, 11),
(478, 91, 2),
(479, 91, 1),
(480, 91, 8),
(481, 91, 4),
(482, 91, 3),
(483, 91, 6),
(484, 91, 7),
(485, 91, 5),
(486, 92, 1),
(487, 92, 2),
(488, 93, 6),
(489, 93, 4),
(490, 93, 1),
(491, 93, 5),
(492, 93, 3),
(493, 93, 7),
(494, 93, 2),
(495, 94, 2),
(496, 94, 3),
(497, 94, 1),
(498, 95, 5),
(499, 95, 2),
(500, 95, 4),
(501, 95, 1),
(502, 95, 10),
(503, 95, 9),
(504, 95, 8),
(505, 95, 3),
(506, 95, 7),
(507, 95, 6),
(508, 96, 1),
(509, 96, 4),
(510, 96, 5),
(511, 96, 3),
(512, 96, 2),
(513, 97, 2),
(514, 97, 3),
(515, 97, 1),
(516, 98, 3),
(517, 98, 2),
(518, 98, 6),
(519, 98, 5),
(520, 98, 7),
(521, 98, 8),
(522, 98, 4),
(523, 98, 1),
(524, 99, 1),
(525, 99, 2),
(526, 100, 8),
(527, 100, 6),
(528, 100, 2),
(529, 100, 3),
(530, 100, 4),
(531, 100, 5),
(532, 100, 1),
(533, 100, 7),
(534, 100, 9),
(535, 101, 1),
(536, 101, 2),
(537, 101, 4),
(538, 101, 3),
(539, 101, 6),
(540, 101, 5),
(541, 102, 3),
(542, 102, 2),
(543, 102, 8),
(544, 102, 4),
(545, 102, 1),
(546, 102, 7),
(547, 102, 6),
(548, 102, 5),
(549, 104, 1),
(550, 105, 1),
(551, 106, 2),
(552, 106, 1),
(553, 107, 3),
(554, 107, 1),
(555, 107, 5),
(556, 107, 2),
(557, 107, 4),
(558, 108, 3),
(559, 108, 1),
(560, 108, 2),
(561, 108, 4),
(562, 109, 3),
(563, 109, 4),
(564, 109, 1),
(565, 109, 2),
(566, 110, 1),
(567, 111, 1),
(568, 112, 1),
(569, 113, 6),
(570, 113, 5),
(571, 113, 2),
(572, 113, 3),
(573, 113, 4),
(574, 113, 1),
(575, 114, 3),
(576, 114, 12),
(577, 114, 6),
(578, 114, 1),
(579, 114, 9),
(580, 114, 8),
(581, 114, 2),
(582, 114, 10),
(583, 114, 4),
(584, 114, 7),
(585, 114, 5),
(586, 114, 11),
(587, 115, 4),
(588, 115, 1),
(589, 115, 8),
(590, 115, 3),
(591, 115, 2),
(592, 115, 6),
(593, 115, 7),
(594, 115, 5),
(595, 116, 1),
(596, 117, 5),
(597, 117, 3),
(598, 117, 4),
(599, 117, 6),
(600, 117, 7),
(601, 117, 1),
(602, 117, 2),
(603, 118, 1),
(604, 119, 2),
(605, 119, 1),
(606, 119, 3),
(607, 120, 1),
(608, 121, 5),
(609, 121, 4),
(610, 121, 12),
(611, 121, 2),
(612, 121, 6),
(613, 121, 8),
(614, 121, 9),
(615, 121, 7),
(616, 121, 1),
(617, 121, 10),
(618, 121, 13),
(619, 121, 11),
(620, 121, 3),
(621, 122, 12),
(622, 122, 9),
(623, 122, 7),
(624, 122, 6),
(625, 122, 10),
(626, 122, 5),
(627, 122, 11),
(628, 122, 3),
(629, 122, 1),
(630, 122, 2),
(631, 122, 8),
(632, 122, 4),
(633, 123, 4),
(634, 123, 2),
(635, 123, 1),
(636, 123, 3),
(637, 123, 5),
(638, 123, 6),
(639, 124, 1),
(640, 125, 3),
(641, 125, 2),
(642, 125, 1),
(643, 125, 4),
(644, 126, 7),
(645, 126, 3),
(646, 126, 1),
(647, 126, 6),
(648, 126, 2),
(649, 126, 5),
(650, 126, 4),
(651, 127, 1),
(652, 128, 8),
(653, 128, 7),
(654, 128, 10),
(655, 128, 2),
(656, 128, 4),
(657, 128, 5),
(658, 128, 6),
(659, 128, 9),
(660, 128, 3),
(661, 128, 11),
(662, 128, 1),
(663, 129, 4),
(664, 129, 8),
(665, 129, 2),
(666, 129, 25),
(667, 129, 20),
(668, 129, 15),
(669, 129, 21),
(670, 129, 13),
(671, 129, 19),
(672, 129, 12),
(673, 129, 7),
(674, 129, 11),
(675, 129, 14),
(676, 129, 23),
(677, 129, 3),
(678, 129, 16),
(679, 129, 1),
(680, 129, 6),
(681, 129, 18),
(682, 129, 17),
(683, 129, 22),
(684, 129, 5),
(685, 129, 10),
(686, 129, 9),
(687, 129, 24),
(688, 129, 26),
(689, 130, 2),
(690, 130, 1),
(691, 130, 3),
(692, 131, 2),
(693, 131, 6),
(694, 131, 1),
(695, 131, 4),
(696, 131, 3),
(697, 131, 5),
(710, 133, 2),
(711, 133, 5),
(712, 133, 1),
(713, 133, 4),
(714, 133, 3),
(715, 134, 13),
(716, 134, 8),
(717, 134, 7),
(718, 134, 10),
(719, 134, 17),
(720, 134, 11),
(721, 134, 2),
(722, 134, 9),
(723, 134, 5),
(724, 134, 15),
(725, 134, 4),
(726, 134, 1),
(727, 134, 3),
(728, 134, 12),
(729, 134, 14),
(730, 134, 18),
(731, 134, 6),
(732, 134, 16),
(733, 135, 5),
(734, 135, 7),
(735, 135, 9),
(736, 135, 6),
(737, 135, 3),
(738, 135, 8),
(739, 135, 12),
(740, 135, 2),
(741, 135, 4),
(742, 135, 11),
(743, 135, 1),
(744, 135, 10),
(745, 135, 14),
(746, 135, 13),
(747, 136, 1),
(748, 136, 3),
(749, 136, 2),
(750, 136, 4),
(751, 137, 1),
(752, 138, 2),
(753, 138, 1),
(754, 139, 1),
(755, 140, 3),
(756, 140, 1),
(757, 140, 2),
(758, 141, 1),
(759, 141, 2),
(760, 142, 2),
(761, 142, 1),
(762, 143, 1),
(764, 145, 1),
(765, 146, 1),
(766, 147, 1),
(767, 148, 1),
(768, 149, 6),
(769, 149, 3),
(770, 149, 5),
(771, 149, 1),
(772, 149, 4),
(773, 149, 2),
(774, 150, 1),
(775, 151, 1),
(776, 152, 1),
(777, 153, 1),
(778, 154, 2),
(779, 154, 1),
(780, 154, 4),
(781, 154, 3),
(782, 155, 6),
(783, 155, 4),
(784, 155, 5),
(785, 155, 2),
(786, 155, 1),
(787, 155, 3),
(788, 156, 14),
(789, 156, 11),
(790, 156, 6),
(791, 156, 5),
(792, 156, 1),
(793, 156, 8),
(794, 156, 9),
(795, 156, 7),
(796, 156, 10),
(797, 156, 12),
(798, 156, 2),
(799, 156, 13),
(800, 156, 4),
(801, 156, 15),
(802, 156, 3),
(803, 157, 1),
(804, 157, 2),
(805, 157, 4),
(806, 157, 3),
(807, 158, 1),
(808, 158, 2),
(809, 159, 2),
(810, 159, 1),
(811, 159, 3),
(812, 160, 1),
(813, 160, 2),
(814, 161, 1),
(815, 161, 2),
(817, 163, 1),
(818, 163, 7),
(819, 163, 10),
(820, 163, 9),
(821, 163, 5),
(822, 163, 8),
(823, 163, 4),
(824, 163, 3),
(825, 163, 2),
(826, 163, 6),
(827, 164, 2),
(828, 164, 1),
(829, 165, 2),
(830, 165, 3),
(831, 165, 1),
(832, 165, 4),
(833, 165, 5),
(834, 166, 1),
(835, 166, 2),
(836, 166, 3),
(837, 167, 6),
(838, 167, 2),
(839, 167, 5),
(840, 167, 4),
(841, 167, 1),
(842, 167, 7),
(843, 167, 3),
(844, 168, 1),
(845, 168, 2),
(846, 169, 1),
(847, 169, 2),
(848, 170, 2),
(849, 170, 4),
(850, 170, 1),
(851, 170, 5),
(852, 170, 6),
(853, 170, 3),
(854, 171, 1),
(855, 171, 2),
(856, 171, 3),
(857, 172, 1),
(858, 173, 1),
(859, 173, 5),
(860, 173, 2),
(861, 173, 3),
(862, 173, 4),
(863, 174, 2),
(864, 174, 1),
(865, 175, 3),
(866, 175, 1),
(867, 175, 2),
(868, 175, 5),
(869, 175, 4),
(870, 176, 2),
(871, 176, 1),
(872, 177, 4),
(873, 177, 1),
(874, 177, 2),
(875, 177, 3),
(876, 178, 1),
(877, 178, 5),
(878, 178, 3),
(879, 178, 4),
(880, 178, 2),
(881, 179, 1),
(882, 180, 1),
(883, 180, 3),
(884, 180, 2),
(885, 181, 1),
(886, 181, 3),
(887, 181, 2),
(888, 181, 4),
(889, 182, 3),
(890, 182, 1),
(891, 182, 4),
(892, 182, 5),
(893, 182, 6),
(894, 182, 2),
(895, 183, 3),
(896, 183, 2),
(897, 183, 1),
(898, 183, 4),
(899, 184, 1),
(900, 184, 2),
(901, 185, 1),
(902, 185, 2),
(903, 186, 4),
(904, 186, 1),
(905, 186, 3),
(906, 186, 2),
(907, 187, 1),
(908, 187, 3),
(909, 187, 2),
(910, 189, 4),
(911, 189, 3),
(912, 189, 1),
(913, 189, 2),
(914, 190, 2),
(915, 190, 4),
(916, 190, 3),
(917, 190, 5),
(918, 190, 1),
(919, 190, 6),
(920, 191, 5),
(921, 191, 1),
(922, 191, 2),
(923, 191, 3),
(924, 191, 4),
(925, 192, 1),
(926, 192, 2),
(927, 193, 2),
(928, 193, 1),
(929, 194, 4),
(930, 194, 6),
(931, 194, 5),
(932, 194, 3),
(933, 194, 1),
(934, 194, 2),
(935, 195, 1),
(936, 195, 3),
(937, 195, 2),
(938, 196, 2),
(939, 196, 3),
(940, 196, 4),
(941, 196, 1),
(942, 197, 1),
(943, 198, 1),
(944, 198, 4),
(945, 198, 3),
(946, 198, 2),
(947, 198, 5),
(948, 199, 2),
(949, 199, 1),
(950, 200, 2),
(951, 200, 3),
(952, 200, 1),
(953, 201, 2),
(954, 201, 3),
(955, 201, 1),
(956, 203, 2),
(957, 203, 1),
(958, 203, 3),
(959, 204, 2),
(960, 204, 1),
(961, 204, 3),
(962, 205, 5),
(963, 205, 1),
(964, 205, 2),
(965, 205, 4),
(966, 205, 7),
(967, 205, 6),
(968, 205, 3),
(969, 206, 5),
(970, 206, 3),
(971, 206, 4),
(972, 206, 2),
(973, 206, 1),
(974, 207, 1),
(975, 207, 3),
(976, 207, 2),
(977, 208, 6),
(978, 208, 5),
(979, 208, 3),
(980, 208, 4),
(981, 208, 7),
(982, 208, 2),
(983, 208, 1),
(984, 209, 2),
(985, 209, 4),
(986, 209, 1),
(987, 209, 3),
(988, 210, 2),
(989, 210, 8),
(990, 210, 7),
(991, 210, 1),
(992, 210, 3),
(993, 210, 10),
(994, 210, 5),
(995, 210, 9),
(996, 210, 4),
(997, 210, 6),
(998, 211, 1),
(999, 211, 2),
(1000, 211, 3),
(1001, 211, 5),
(1002, 211, 4),
(1003, 212, 2),
(1004, 212, 1),
(1005, 213, 4),
(1006, 213, 3),
(1007, 213, 1),
(1008, 213, 2),
(1009, 214, 2),
(1010, 214, 1),
(1011, 215, 4),
(1012, 215, 5),
(1013, 215, 1),
(1014, 215, 2),
(1015, 215, 3),
(1016, 216, 1),
(1017, 216, 3),
(1018, 216, 2),
(1027, 218, 6),
(1028, 218, 7),
(1029, 218, 1),
(1030, 218, 8),
(1031, 218, 5),
(1032, 218, 2),
(1033, 218, 4),
(1034, 218, 3),
(1035, 219, 8),
(1036, 219, 1),
(1037, 219, 5),
(1038, 219, 6),
(1039, 219, 3),
(1040, 219, 2),
(1041, 219, 7),
(1042, 219, 4),
(1061, 222, 1),
(1062, 222, 9),
(1063, 222, 8),
(1064, 222, 6),
(1065, 222, 5),
(1066, 222, 4),
(1067, 222, 3),
(1068, 222, 2),
(1069, 222, 7),
(1085, 224, 2),
(1086, 224, 11),
(1087, 224, 4),
(1088, 224, 7),
(1089, 224, 12),
(1090, 224, 9),
(1091, 224, 6),
(1092, 224, 1),
(1093, 224, 10),
(1094, 224, 3),
(1095, 224, 5),
(1096, 224, 8),
(1103, 227, 3),
(1104, 227, 2),
(1105, 227, 1),
(1106, 228, 3),
(1107, 228, 1),
(1108, 228, 2),
(1113, 230, 5),
(1114, 230, 7),
(1115, 230, 1),
(1116, 230, 4),
(1117, 230, 3),
(1118, 230, 6),
(1119, 230, 2),
(1120, 231, 1),
(1121, 232, 3),
(1122, 232, 1),
(1123, 232, 2),
(1124, 232, 4),
(1125, 233, 1),
(1126, 234, 1),
(1127, 234, 4),
(1128, 234, 2),
(1129, 234, 3);

-- --------------------------------------------------------

--
-- Structure de la table `series`
--

CREATE TABLE `series` (
  `id` int(11) NOT NULL,
  `title` varchar(128) COLLATE utf8mb4_unicode_ci NOT NULL,
  `plot` longtext COLLATE utf8mb4_unicode_ci,
  `imdb` varchar(128) COLLATE utf8mb4_unicode_ci NOT NULL,
  `poster` longblob,
  `director` varchar(128) COLLATE utf8mb4_unicode_ci DEFAULT NULL,
  `youtube_trailer` varchar(128) COLLATE utf8mb4_unicode_ci DEFAULT NULL,
  `awards` longtext COLLATE utf8mb4_unicode_ci,
  `year_start` int(11) DEFAULT NULL,
  `year_end` int(11) DEFAULT NULL
) ENGINE=InnoDB DEFAULT CHARSET=utf8mb4 COLLATE=utf8mb4_unicode_ci;

--
-- Contenu de la table `series`
--

INSERT INTO `series` (`id`, `title`, `plot`, `imdb`, `poster`, `director`, `youtube_trailer`, `awards`, `year_start`, `year_end`) VALUES
(1, 'Attack on Titan', '2000 years from now, humans are nearly exterminated by titans. Titans are typically several stories tall, seem to have no intelligence, devour human beings and, worst of all, seem to do it for the pleasure rather than as a food source. A small percentage of humanity survived by walling themselves in a city protected by extremely high walls, even taller than the biggest of titans. Flash forward to the present and the city has not seen a titan in over 100 years. Teenage boy Eren and his foster sister Mikasa witness something horrific as the city walls are destroyed by a colossal titan that appears out of thin air. As the smaller titans flood the city, the two kids watch in horror as their mother is eaten alive. Eren vows that he will murder every single titan and take revenge for all of mankind.', 'tt2560140', 0x[BLOB], NULL, 'https://www.youtube.com/watch?v=InF16sp7J0M', '8 wins & 5 nominations.', 2013, NULL);
INSERT INTO `series` (`id`, `title`, `plot`, `imdb`, `poster`, `director`, `youtube_trailer`, `awards`, `year_start`, `year_end`) VALUES
(2, 'Friends', 'Rachel Green, Ross Geller, Monica Geller, Joey Tribbiani, Chandler Bing and Phoebe Buffay are all friends, living off of one another in the heart of New York City. Over the course of ten years, this average group of buddies goes through massive mayhem, family trouble, past and future romances, fights, laughs, tears and surprises as they learn what it really means to be a friend.', 'tt0108778', 0x[BLOB], NULL, 'https://www.youtube.com/watch?v=-6-rrJIL-nM', 'Won 1 Golden Globe. Another 68 wins & 211 nominations.', 1994, 2004);
INSERT INTO `series` (`id`, `title`, `plot`, `imdb`, `poster`, `director`, `youtube_trailer`, `awards`, `year_start`, `year_end`) VALUES
(3, 'One Punch Man', 'In a world of superhuman beings, Saitama is a unique hero, he can defeat enemies with a single punch. But being just one hero in a world filled with them, his life is empty and hollow: he gets no respect from anyone, he displays a laidback attitude to everything and for the most part, he finds his overall hero life pointless... and worst of all, he lost his hair due to intense training. These are the adventures of an ordinary yet extraordinary hero.', 'tt4508902', 0x[BLOB], NULL, 'https://www.youtube.com/watch?v=o9CeEHUG1sU', 'N/A', 2015, NULL);
INSERT INTO `series` (`id`, `title`, `plot`, `imdb`, `poster`, `director`, `youtube_trailer`, `awards`, `year_start`, `year_end`) VALUES
(5, '24', 'In this concept drama, each season takes place within one 24 hour period. Day 1: Jack Bauer is the head of field ops for an elite team of CTU agents who uncover an assassination plot targeting Presidential nominee David Palmer. Meanwhile, Jack\'s strained marriage to his wife, Teri, is pushed to the brink by the sudden disappearance of their troubled teenage daughter. What will the next 24 hours hold?', 'tt0285331', 0x[BLOB], NULL, 'https://www.youtube.com/watch?v=zrCb5klZZCc', 'Won 2 Golden Globes. Another 68 wins & 205 nominations.', 2001, 2010);
